{"id":836,"date":"2018-11-26T09:29:01","date_gmt":"2018-11-26T09:29:01","guid":{"rendered":"https:\/\/www.etran.rs\/2021\/?page_id=836"},"modified":"2025-01-11T16:08:22","modified_gmt":"2025-01-11T16:08:22","slug":"an-overview-of-etan-etran-conferences","status":"publish","type":"page","link":"https:\/\/www.etran.rs\/2025\/en\/an-overview-of-etan-etran-conferences\/","title":{"rendered":"History of Conferences"},"content":{"rendered":"\n<h3 class=\"wp-block-heading\">An Overview of&nbsp;ETAN\/ETRAN conferences<\/h3>\n\n\n\n<ol class=\"wp-block-list\">\n<li>Beograd, November 1955<\/li>\n\n\n\n<li>Beograd, November 1957<\/li>\n\n\n\n<li>Ljubljana, November 1958<\/li>\n\n\n\n<li>Zagreb, November 1959<\/li>\n\n\n\n<li>Beograd, November 1960<\/li>\n\n\n\n<li>Sarajevo, November 1961<\/li>\n\n\n\n<li>Novi Sad, November 1962<\/li>\n\n\n\n<li>Zagreb, November 1963<\/li>\n\n\n\n<li>Bled, November 1964<\/li>\n\n\n\n<li>Beograd, November 1965<\/li>\n\n\n\n<li>Ni\u0161, June 1967<\/li>\n\n\n\n<li>Rijeka, June 1968<\/li>\n\n\n\n<li>Subotica, June 1969<\/li>\n\n\n\n<li>Sarajevo, June 1970<\/li>\n\n\n\n<li>Split, June 1971<\/li>\n\n\n\n<li>Velenje, June 1972<\/li>\n\n\n\n<li>Novi Sad, June 1973<\/li>\n\n\n\n<li>Ulcinj, June 1974<\/li>\n\n\n\n<li>Ohrid, June 1975<\/li>\n\n\n\n<li>Opatija, June 1976<\/li>\n\n\n\n<li>Banja Luka, June 1977<\/li>\n\n\n\n<li>Zadar, June 1978<\/li>\n\n\n\n<li>Maribor, June 1979<\/li>\n\n\n\n<li>Pri\u0161tina, June 1980<\/li>\n\n\n\n<li>Mostar, June 1981<\/li>\n\n\n\n<li>Subotica, June 1982<\/li>\n\n\n\n<li>Struga, June 1983<\/li>\n\n\n\n<li>Split, June 1984<\/li>\n\n\n\n<li>Ni\u0161, June 1985<\/li>\n\n\n\n<li>Herceg Novi, June 1986<\/li>\n\n\n\n<li>Bled, June 1987<\/li>\n\n\n\n<li>Sarajevo, June 1988<\/li>\n\n\n\n<li>Novi Sad, June 1989<\/li>\n\n\n\n<li>Zagreb, June 1990<\/li>\n\n\n\n<li>Ohrid, June 1991<\/li>\n\n\n\n<li>Kopaonik, September 1992<\/li>\n\n\n\n<li>Beograd, September 1993<\/li>\n\n\n\n<li>Ni\u0161, June 1994<\/li>\n\n\n\n<li>Zlatibor, June 1995<\/li>\n\n\n\n<li>Budva, June 1996<\/li>\n\n\n\n<li>Zlatibor, June 1997<\/li>\n\n\n\n<li>Vrnja\u010dka Banja, June 1998<\/li>\n\n\n\n<li>Zlatibor, September 1999<\/li>\n\n\n\n<li>Sokobanja, June 2000<\/li>\n\n\n\n<li>Bukovi\u010dka Banja, June 2001<\/li>\n\n\n\n<li>Banja Vru\u0107ica &#8211; Tesli\u0107, June 2002<\/li>\n\n\n\n<li>Herceg Novi, June 2003<\/li>\n\n\n\n<li>\u010ca\u010dak, June 2004<\/li>\n\n\n\n<li>Budva, June 2005<\/li>\n\n\n\n<li>Beograd, June 2006<\/li>\n\n\n\n<li>Herceg Novi, June 2007<\/li>\n\n\n\n<li>Pali\u0107, June 2008<\/li>\n\n\n\n<li>Vrnja\u010dka Banja, June 2009<\/li>\n\n\n\n<li>Donji Milanovac, June 2010<\/li>\n\n\n\n<li>Banja Vru\u0107ica &#8211; Tesli\u0107, June 2011<\/li>\n\n\n\n<li>Zlatibor, June 2012<\/li>\n\n\n\n<li>Zlatibor, June 2013<\/li>\n\n\n\n<li>Vrnja\u010dka Banja, June 2014<\/li>\n\n\n\n<li>Silver Lake, June 2015<\/li>\n\n\n\n<li>Zlatibor, June 2016<\/li>\n\n\n\n<li><a href=\"https:\/\/www.etran.rs\/2017\/\">Kladovo, June 2017<\/a><\/li>\n\n\n\n<li><a href=\"https:\/\/www.etran.rs\/2018\/\">Pali\u0107, June 2018<\/a><\/li>\n\n\n\n<li><a href=\"https:\/\/www.etran.rs\/2019\/\">Srebrno Jezero, June 2019<\/a><\/li>\n\n\n\n<li><a href=\"https:\/\/www.etran.rs\/2020\/IcETRAN\/About_Conference\/\" target=\"_blank\" rel=\"noreferrer noopener\">Belgrade, Novi Sad, \u010ca\u010dak, Ni\u0161, September 2020<\/a><\/li>\n\n\n\n<li><a href=\"https:\/\/www.etran.rs\/2021\/en\/home-english\/\" target=\"_blank\" rel=\"noreferrer noopener\">Ethno village Stani\u0161i\u0107i, Republic of Srpska, September 2021<\/a><\/li>\n\n\n\n<li><a href=\"https:\/\/www.etran.rs\/2022\/en\/home-english\/\">State University of Novi Pazar, Novi Pazar, Jun 2022<\/a><\/li>\n\n\n\n<li><a href=\"https:\/\/www.etran.rs\/2023\">University of East Sarajevo, East Sarajevo, Bosnia and Hercegovina, Jun 2023<\/a><\/li>\n\n\n\n<li><a href=\"https:\/\/www.etran.rs\/2024\/en\/home-english\/\">University of Ni\u0161, Faculty of Electronic Engineering, Ni\u0161, Jun 2024<\/a><\/li>\n<\/ol>\n\n\n\n<p>&nbsp;<\/p>\n","protected":false},"excerpt":{"rendered":"<p>An Overview of&nbsp;ETAN\/ETRAN conferences &nbsp;<\/p>\n","protected":false},"author":1,"featured_media":0,"parent":0,"menu_order":0,"comment_status":"closed","ping_status":"closed","template":"","meta":{"_themeisle_gutenberg_block_has_review":false,"footnotes":""},"class_list":["post-836","page","type-page","status-publish","hentry"],"yoast_head":"<!-- This site is optimized with the Yoast SEO plugin v25.7 - https:\/\/yoast.com\/wordpress\/plugins\/seo\/ -->\n<title>History of Conferences -<\/title>\n<meta name=\"robots\" content=\"index, follow, max-snippet:-1, max-image-preview:large, max-video-preview:-1\" \/>\n<link rel=\"canonical\" href=\"https:\/\/www.etran.rs\/2025\/en\/an-overview-of-etan-etran-conferences\/\" \/>\n<meta property=\"og:locale\" content=\"en_US\" \/>\n<meta property=\"og:type\" content=\"article\" \/>\n<meta property=\"og:title\" content=\"History of Conferences -\" \/>\n<meta property=\"og:description\" content=\"An Overview of&nbsp;ETAN\/ETRAN conferences &nbsp;\" \/>\n<meta property=\"og:url\" content=\"https:\/\/www.etran.rs\/2025\/en\/an-overview-of-etan-etran-conferences\/\" \/>\n<meta property=\"article:modified_time\" content=\"2025-01-11T16:08:22+00:00\" \/>\n<meta name=\"twitter:card\" content=\"summary_large_image\" \/>\n<meta name=\"twitter:label1\" content=\"Est. reading time\" \/>\n\t<meta name=\"twitter:data1\" content=\"2 minutes\" \/>\n<script type=\"application\/ld+json\" class=\"yoast-schema-graph\">{\"@context\":\"https:\/\/schema.org\",\"@graph\":[{\"@type\":\"WebPage\",\"@id\":\"https:\/\/www.etran.rs\/2025\/en\/an-overview-of-etan-etran-conferences\/\",\"url\":\"https:\/\/www.etran.rs\/2025\/en\/an-overview-of-etan-etran-conferences\/\",\"name\":\"History of Conferences -\",\"isPartOf\":{\"@id\":\"https:\/\/www.etran.rs\/2025\/#website\"},\"datePublished\":\"2018-11-26T09:29:01+00:00\",\"dateModified\":\"2025-01-11T16:08:22+00:00\",\"breadcrumb\":{\"@id\":\"https:\/\/www.etran.rs\/2025\/en\/an-overview-of-etan-etran-conferences\/#breadcrumb\"},\"inLanguage\":\"en-US\",\"potentialAction\":[{\"@type\":\"ReadAction\",\"target\":[\"https:\/\/www.etran.rs\/2025\/en\/an-overview-of-etan-etran-conferences\/\"]}]},{\"@type\":\"BreadcrumbList\",\"@id\":\"https:\/\/www.etran.rs\/2025\/en\/an-overview-of-etan-etran-conferences\/#breadcrumb\",\"itemListElement\":[{\"@type\":\"ListItem\",\"position\":1,\"name\":\"Home\",\"item\":\"https:\/\/www.etran.rs\/2025\/en\/home-english\/\"},{\"@type\":\"ListItem\",\"position\":2,\"name\":\"History of Conferences\"}]},{\"@type\":\"WebSite\",\"@id\":\"https:\/\/www.etran.rs\/2025\/#website\",\"url\":\"https:\/\/www.etran.rs\/2025\/\",\"name\":\"IcETRAN 2025\",\"description\":\"XII IcETRAN Conference 2025 - \u010ca\u010dak, June 9-12, 2025.\",\"publisher\":{\"@id\":\"https:\/\/www.etran.rs\/2025\/#organization\"},\"potentialAction\":[{\"@type\":\"SearchAction\",\"target\":{\"@type\":\"EntryPoint\",\"urlTemplate\":\"https:\/\/www.etran.rs\/2025\/?s={search_term_string}\"},\"query-input\":{\"@type\":\"PropertyValueSpecification\",\"valueRequired\":true,\"valueName\":\"search_term_string\"}}],\"inLanguage\":\"en-US\"},{\"@type\":\"Organization\",\"@id\":\"https:\/\/www.etran.rs\/2025\/#organization\",\"name\":\"ETRAN Society\",\"alternateName\":\"ETRAN\/IcETRAN\",\"url\":\"https:\/\/www.etran.rs\/2025\/\",\"logo\":{\"@type\":\"ImageObject\",\"inLanguage\":\"en-US\",\"@id\":\"https:\/\/www.etran.rs\/2025\/#\/schema\/logo\/image\/\",\"url\":\"https:\/\/www.etran.rs\/2025\/wp-content\/uploads\/2023\/05\/cropped-etrannovilogo-removebg-preview-e1684584979855.png\",\"contentUrl\":\"https:\/\/www.etran.rs\/2025\/wp-content\/uploads\/2023\/05\/cropped-etrannovilogo-removebg-preview-e1684584979855.png\",\"width\":250,\"height\":54,\"caption\":\"ETRAN Society\"},\"image\":{\"@id\":\"https:\/\/www.etran.rs\/2025\/#\/schema\/logo\/image\/\"}}]}<\/script>\n<!-- \/ Yoast SEO plugin. -->","yoast_head_json":{"title":"History of Conferences -","robots":{"index":"index","follow":"follow","max-snippet":"max-snippet:-1","max-image-preview":"max-image-preview:large","max-video-preview":"max-video-preview:-1"},"canonical":"https:\/\/www.etran.rs\/2025\/en\/an-overview-of-etan-etran-conferences\/","og_locale":"en_US","og_type":"article","og_title":"History of Conferences -","og_description":"An Overview of&nbsp;ETAN\/ETRAN conferences &nbsp;","og_url":"https:\/\/www.etran.rs\/2025\/en\/an-overview-of-etan-etran-conferences\/","article_modified_time":"2025-01-11T16:08:22+00:00","twitter_card":"summary_large_image","twitter_misc":{"Est. reading time":"2 minutes"},"schema":{"@context":"https:\/\/schema.org","@graph":[{"@type":"WebPage","@id":"https:\/\/www.etran.rs\/2025\/en\/an-overview-of-etan-etran-conferences\/","url":"https:\/\/www.etran.rs\/2025\/en\/an-overview-of-etan-etran-conferences\/","name":"History of Conferences -","isPartOf":{"@id":"https:\/\/www.etran.rs\/2025\/#website"},"datePublished":"2018-11-26T09:29:01+00:00","dateModified":"2025-01-11T16:08:22+00:00","breadcrumb":{"@id":"https:\/\/www.etran.rs\/2025\/en\/an-overview-of-etan-etran-conferences\/#breadcrumb"},"inLanguage":"en-US","potentialAction":[{"@type":"ReadAction","target":["https:\/\/www.etran.rs\/2025\/en\/an-overview-of-etan-etran-conferences\/"]}]},{"@type":"BreadcrumbList","@id":"https:\/\/www.etran.rs\/2025\/en\/an-overview-of-etan-etran-conferences\/#breadcrumb","itemListElement":[{"@type":"ListItem","position":1,"name":"Home","item":"https:\/\/www.etran.rs\/2025\/en\/home-english\/"},{"@type":"ListItem","position":2,"name":"History of Conferences"}]},{"@type":"WebSite","@id":"https:\/\/www.etran.rs\/2025\/#website","url":"https:\/\/www.etran.rs\/2025\/","name":"IcETRAN 2025","description":"XII IcETRAN Conference 2025 - \u010ca\u010dak, June 9-12, 2025.","publisher":{"@id":"https:\/\/www.etran.rs\/2025\/#organization"},"potentialAction":[{"@type":"SearchAction","target":{"@type":"EntryPoint","urlTemplate":"https:\/\/www.etran.rs\/2025\/?s={search_term_string}"},"query-input":{"@type":"PropertyValueSpecification","valueRequired":true,"valueName":"search_term_string"}}],"inLanguage":"en-US"},{"@type":"Organization","@id":"https:\/\/www.etran.rs\/2025\/#organization","name":"ETRAN Society","alternateName":"ETRAN\/IcETRAN","url":"https:\/\/www.etran.rs\/2025\/","logo":{"@type":"ImageObject","inLanguage":"en-US","@id":"https:\/\/www.etran.rs\/2025\/#\/schema\/logo\/image\/","url":"https:\/\/www.etran.rs\/2025\/wp-content\/uploads\/2023\/05\/cropped-etrannovilogo-removebg-preview-e1684584979855.png","contentUrl":"https:\/\/www.etran.rs\/2025\/wp-content\/uploads\/2023\/05\/cropped-etrannovilogo-removebg-preview-e1684584979855.png","width":250,"height":54,"caption":"ETRAN Society"},"image":{"@id":"https:\/\/www.etran.rs\/2025\/#\/schema\/logo\/image\/"}}]}},"_links":{"self":[{"href":"https:\/\/www.etran.rs\/2025\/wp-json\/wp\/v2\/pages\/836","targetHints":{"allow":["GET"]}}],"collection":[{"href":"https:\/\/www.etran.rs\/2025\/wp-json\/wp\/v2\/pages"}],"about":[{"href":"https:\/\/www.etran.rs\/2025\/wp-json\/wp\/v2\/types\/page"}],"author":[{"embeddable":true,"href":"https:\/\/www.etran.rs\/2025\/wp-json\/wp\/v2\/users\/1"}],"replies":[{"embeddable":true,"href":"https:\/\/www.etran.rs\/2025\/wp-json\/wp\/v2\/comments?post=836"}],"version-history":[{"count":7,"href":"https:\/\/www.etran.rs\/2025\/wp-json\/wp\/v2\/pages\/836\/revisions"}],"predecessor-version":[{"id":5622,"href":"https:\/\/www.etran.rs\/2025\/wp-json\/wp\/v2\/pages\/836\/revisions\/5622"}],"wp:attachment":[{"href":"https:\/\/www.etran.rs\/2025\/wp-json\/wp\/v2\/media?parent=836"}],"curies":[{"name":"wp","href":"https:\/\/api.w.org\/{rel}","templated":true}]}}