{"id":5951,"date":"2025-04-23T21:00:06","date_gmt":"2025-04-23T21:00:06","guid":{"rendered":"https:\/\/www.etran.rs\/2025\/?page_id=5951"},"modified":"2025-04-23T21:00:08","modified_gmt":"2025-04-23T21:00:08","slug":"bel-systems","status":"publish","type":"page","link":"https:\/\/www.etran.rs\/2025\/bel-systems\/","title":{"rendered":"BEL SYSTEMS"},"content":{"rendered":"\n<div class=\"wp-block-media-text is-stacked-on-mobile is-vertically-aligned-top\" style=\"grid-template-columns:30% auto\"><figure class=\"wp-block-media-text__media\"><img fetchpriority=\"high\" decoding=\"async\" width=\"1024\" height=\"1022\" src=\"https:\/\/www.etran.rs\/2025\/wp-content\/uploads\/2025\/04\/belsystems-1024x1022.png\" alt=\"\" class=\"wp-image-5949 size-full\" srcset=\"https:\/\/www.etran.rs\/2025\/wp-content\/uploads\/2025\/04\/belsystems-1024x1022.png 1024w, https:\/\/www.etran.rs\/2025\/wp-content\/uploads\/2025\/04\/belsystems-300x300.png 300w, https:\/\/www.etran.rs\/2025\/wp-content\/uploads\/2025\/04\/belsystems-150x150.png 150w, https:\/\/www.etran.rs\/2025\/wp-content\/uploads\/2025\/04\/belsystems-768x766.png 768w, https:\/\/www.etran.rs\/2025\/wp-content\/uploads\/2025\/04\/belsystems-1536x1533.png 1536w, https:\/\/www.etran.rs\/2025\/wp-content\/uploads\/2025\/04\/belsystems-470x470.png 470w, https:\/\/www.etran.rs\/2025\/wp-content\/uploads\/2025\/04\/belsystems.png 1925w\" sizes=\"(max-width: 1024px) 100vw, 1024px\" \/><\/figure><div class=\"wp-block-media-text__content\">\n<p style=\"text-align: justify\"><strong>Bel Systems doo Beograd<\/strong> je firma sa vi\u0161e od 30 godina iskustva u oblasti <strong>test i merne opreme<\/strong>. Svojim korisnicima pru\u017eamo kvalitetna re\u0161enja za razli\u010dite industrije. Na\u0161a kompanija je specijalizovana za <strong>distribuciju<\/strong>&nbsp; najsavremenijih ure\u0111aja renomiranih svetskih proizvo\u0111a\u010da kao \u0161to su <strong>Tektronix, Telestream, BK Precision, UNI-T, Bird RF, Pendulum Instruments i mnogi drugi<\/strong>. Na\u0161 cilj je da korisnicima omogu\u0107imo najpreciznija i najpouzdanija merenja koja odgovaraju visokim standardima moderne tehnologije.<\/p>\n\n\n\n<p>U na\u0161oj ponudi mo\u017eete prona\u0107i <strong>osciloskope, analizatore spektra, generatore signala, elektronska optere\u0107enja, frekvencmetre i mnogo drugih instrumenata<\/strong>. Pored \u0161irokog izbora proizvoda, Bel Systems pru\u017ea i sveobuhvatnu <strong>tehni\u010dku podr\u0161ku, profesionalne konsultacije, demonstracije rada opreme<\/strong>, kao i specijalizovane obuke za njeno kori\u0161\u0107enje. Na\u0161 tim iskusnih in\u017eenjera posve\u0107en je tome da vam pomogne da prona\u0111ete optimalno re\u0161enje za va\u0161e potrebe, bilo da ste deo istra\u017eiva\u010dkog instituta, obrazovne ustanove ili visokotehnolo\u0161ke kompanije.<\/p>\n\n\n\n<p>Nalazimo se u Beogradu, u Ulici To\u0161e Jovanovi\u0107a 7 na \u010cukarici. Za sve informacije, mo\u017eete nas kontaktirati putem telefona +381 11 305 5023 ili e-po\u0161tom na <a href=\"mailto:info@belsystems.rs\">info@belsystems.rs<\/a> . Posetite na\u0161 sajt <a href=\"http:\/\/www.belsystems.com\">www.belsystems.com<\/a>&nbsp; kako biste saznali vi\u0161e o na\u0161im proizvodima i uslugama.<\/p>\n\n\n\n<p>Bel Systems \u2013 Pouzdanija i jednostavnija merenja!<\/p>\n<\/div><\/div>\n","protected":false},"excerpt":{"rendered":"<p>Bel Systems doo Beograd je firma sa vi\u0161e od 30 godina iskustva u oblasti test i merne opreme. Svojim korisnicima pru\u017eamo kvalitetna re\u0161enja za razli\u010dite industrije. Na\u0161a kompanija je specijalizovana za distribuciju&nbsp; najsavremenijih ure\u0111aja renomiranih svetskih proizvo\u0111a\u010da kao \u0161to su Tektronix, Telestream, BK Precision, UNI-T, Bird RF, Pendulum Instruments i mnogi drugi. Na\u0161 cilj je &hellip; <\/p>\n","protected":false},"author":1,"featured_media":5949,"parent":0,"menu_order":0,"comment_status":"closed","ping_status":"closed","template":"","meta":{"_themeisle_gutenberg_block_has_review":false,"footnotes":""},"class_list":["post-5951","page","type-page","status-publish","has-post-thumbnail","hentry"],"yoast_head":"<!-- This site is optimized with the Yoast SEO plugin v25.7 - https:\/\/yoast.com\/wordpress\/plugins\/seo\/ -->\n<title>BEL SYSTEMS -<\/title>\n<meta name=\"robots\" content=\"index, follow, max-snippet:-1, max-image-preview:large, max-video-preview:-1\" \/>\n<link rel=\"canonical\" href=\"https:\/\/www.etran.rs\/2025\/bel-systems\/\" \/>\n<meta property=\"og:locale\" content=\"en_US\" \/>\n<meta property=\"og:type\" content=\"article\" \/>\n<meta property=\"og:title\" content=\"BEL SYSTEMS -\" \/>\n<meta property=\"og:description\" content=\"Bel Systems doo Beograd je firma sa vi\u0161e od 30 godina iskustva u oblasti test i merne opreme. Svojim korisnicima pru\u017eamo kvalitetna re\u0161enja za razli\u010dite industrije. Na\u0161a kompanija je specijalizovana za distribuciju&nbsp; najsavremenijih ure\u0111aja renomiranih svetskih proizvo\u0111a\u010da kao \u0161to su Tektronix, Telestream, BK Precision, UNI-T, Bird RF, Pendulum Instruments i mnogi drugi. Na\u0161 cilj je &hellip;\" \/>\n<meta property=\"og:url\" content=\"https:\/\/www.etran.rs\/2025\/bel-systems\/\" \/>\n<meta property=\"article:modified_time\" content=\"2025-04-23T21:00:08+00:00\" \/>\n<meta property=\"og:image\" content=\"https:\/\/www.etran.rs\/2025\/wp-content\/uploads\/2025\/04\/belsystems.png\" \/>\n\t<meta property=\"og:image:width\" content=\"1925\" \/>\n\t<meta property=\"og:image:height\" content=\"1921\" \/>\n\t<meta property=\"og:image:type\" content=\"image\/png\" \/>\n<meta name=\"twitter:card\" content=\"summary_large_image\" \/>\n<meta name=\"twitter:label1\" content=\"Est. reading time\" \/>\n\t<meta name=\"twitter:data1\" content=\"2 minutes\" \/>\n<script type=\"application\/ld+json\" class=\"yoast-schema-graph\">{\"@context\":\"https:\/\/schema.org\",\"@graph\":[{\"@type\":\"WebPage\",\"@id\":\"https:\/\/www.etran.rs\/2025\/bel-systems\/\",\"url\":\"https:\/\/www.etran.rs\/2025\/bel-systems\/\",\"name\":\"BEL SYSTEMS -\",\"isPartOf\":{\"@id\":\"https:\/\/www.etran.rs\/2025\/#website\"},\"primaryImageOfPage\":{\"@id\":\"https:\/\/www.etran.rs\/2025\/bel-systems\/#primaryimage\"},\"image\":{\"@id\":\"https:\/\/www.etran.rs\/2025\/bel-systems\/#primaryimage\"},\"thumbnailUrl\":\"https:\/\/www.etran.rs\/2025\/wp-content\/uploads\/2025\/04\/belsystems.png\",\"datePublished\":\"2025-04-23T21:00:06+00:00\",\"dateModified\":\"2025-04-23T21:00:08+00:00\",\"breadcrumb\":{\"@id\":\"https:\/\/www.etran.rs\/2025\/bel-systems\/#breadcrumb\"},\"inLanguage\":\"en-US\",\"potentialAction\":[{\"@type\":\"ReadAction\",\"target\":[\"https:\/\/www.etran.rs\/2025\/bel-systems\/\"]}]},{\"@type\":\"ImageObject\",\"inLanguage\":\"en-US\",\"@id\":\"https:\/\/www.etran.rs\/2025\/bel-systems\/#primaryimage\",\"url\":\"https:\/\/www.etran.rs\/2025\/wp-content\/uploads\/2025\/04\/belsystems.png\",\"contentUrl\":\"https:\/\/www.etran.rs\/2025\/wp-content\/uploads\/2025\/04\/belsystems.png\",\"width\":1925,\"height\":1921},{\"@type\":\"BreadcrumbList\",\"@id\":\"https:\/\/www.etran.rs\/2025\/bel-systems\/#breadcrumb\",\"itemListElement\":[{\"@type\":\"ListItem\",\"position\":1,\"name\":\"Home\",\"item\":\"https:\/\/www.etran.rs\/2025\/en\/home-english\/\"},{\"@type\":\"ListItem\",\"position\":2,\"name\":\"BEL SYSTEMS\"}]},{\"@type\":\"WebSite\",\"@id\":\"https:\/\/www.etran.rs\/2025\/#website\",\"url\":\"https:\/\/www.etran.rs\/2025\/\",\"name\":\"IcETRAN 2025\",\"description\":\"XII IcETRAN Conference 2025 - \u010ca\u010dak, June 9-12, 2025.\",\"publisher\":{\"@id\":\"https:\/\/www.etran.rs\/2025\/#organization\"},\"potentialAction\":[{\"@type\":\"SearchAction\",\"target\":{\"@type\":\"EntryPoint\",\"urlTemplate\":\"https:\/\/www.etran.rs\/2025\/?s={search_term_string}\"},\"query-input\":{\"@type\":\"PropertyValueSpecification\",\"valueRequired\":true,\"valueName\":\"search_term_string\"}}],\"inLanguage\":\"en-US\"},{\"@type\":\"Organization\",\"@id\":\"https:\/\/www.etran.rs\/2025\/#organization\",\"name\":\"ETRAN Society\",\"alternateName\":\"ETRAN\/IcETRAN\",\"url\":\"https:\/\/www.etran.rs\/2025\/\",\"logo\":{\"@type\":\"ImageObject\",\"inLanguage\":\"en-US\",\"@id\":\"https:\/\/www.etran.rs\/2025\/#\/schema\/logo\/image\/\",\"url\":\"https:\/\/www.etran.rs\/2025\/wp-content\/uploads\/2023\/05\/cropped-etrannovilogo-removebg-preview-e1684584979855.png\",\"contentUrl\":\"https:\/\/www.etran.rs\/2025\/wp-content\/uploads\/2023\/05\/cropped-etrannovilogo-removebg-preview-e1684584979855.png\",\"width\":250,\"height\":54,\"caption\":\"ETRAN Society\"},\"image\":{\"@id\":\"https:\/\/www.etran.rs\/2025\/#\/schema\/logo\/image\/\"}}]}<\/script>\n<!-- \/ Yoast SEO plugin. -->","yoast_head_json":{"title":"BEL SYSTEMS -","robots":{"index":"index","follow":"follow","max-snippet":"max-snippet:-1","max-image-preview":"max-image-preview:large","max-video-preview":"max-video-preview:-1"},"canonical":"https:\/\/www.etran.rs\/2025\/bel-systems\/","og_locale":"en_US","og_type":"article","og_title":"BEL SYSTEMS -","og_description":"Bel Systems doo Beograd je firma sa vi\u0161e od 30 godina iskustva u oblasti test i merne opreme. Svojim korisnicima pru\u017eamo kvalitetna re\u0161enja za razli\u010dite industrije. Na\u0161a kompanija je specijalizovana za distribuciju&nbsp; najsavremenijih ure\u0111aja renomiranih svetskih proizvo\u0111a\u010da kao \u0161to su Tektronix, Telestream, BK Precision, UNI-T, Bird RF, Pendulum Instruments i mnogi drugi. Na\u0161 cilj je &hellip;","og_url":"https:\/\/www.etran.rs\/2025\/bel-systems\/","article_modified_time":"2025-04-23T21:00:08+00:00","og_image":[{"width":1925,"height":1921,"url":"https:\/\/www.etran.rs\/2025\/wp-content\/uploads\/2025\/04\/belsystems.png","type":"image\/png"}],"twitter_card":"summary_large_image","twitter_misc":{"Est. reading time":"2 minutes"},"schema":{"@context":"https:\/\/schema.org","@graph":[{"@type":"WebPage","@id":"https:\/\/www.etran.rs\/2025\/bel-systems\/","url":"https:\/\/www.etran.rs\/2025\/bel-systems\/","name":"BEL SYSTEMS -","isPartOf":{"@id":"https:\/\/www.etran.rs\/2025\/#website"},"primaryImageOfPage":{"@id":"https:\/\/www.etran.rs\/2025\/bel-systems\/#primaryimage"},"image":{"@id":"https:\/\/www.etran.rs\/2025\/bel-systems\/#primaryimage"},"thumbnailUrl":"https:\/\/www.etran.rs\/2025\/wp-content\/uploads\/2025\/04\/belsystems.png","datePublished":"2025-04-23T21:00:06+00:00","dateModified":"2025-04-23T21:00:08+00:00","breadcrumb":{"@id":"https:\/\/www.etran.rs\/2025\/bel-systems\/#breadcrumb"},"inLanguage":"en-US","potentialAction":[{"@type":"ReadAction","target":["https:\/\/www.etran.rs\/2025\/bel-systems\/"]}]},{"@type":"ImageObject","inLanguage":"en-US","@id":"https:\/\/www.etran.rs\/2025\/bel-systems\/#primaryimage","url":"https:\/\/www.etran.rs\/2025\/wp-content\/uploads\/2025\/04\/belsystems.png","contentUrl":"https:\/\/www.etran.rs\/2025\/wp-content\/uploads\/2025\/04\/belsystems.png","width":1925,"height":1921},{"@type":"BreadcrumbList","@id":"https:\/\/www.etran.rs\/2025\/bel-systems\/#breadcrumb","itemListElement":[{"@type":"ListItem","position":1,"name":"Home","item":"https:\/\/www.etran.rs\/2025\/en\/home-english\/"},{"@type":"ListItem","position":2,"name":"BEL SYSTEMS"}]},{"@type":"WebSite","@id":"https:\/\/www.etran.rs\/2025\/#website","url":"https:\/\/www.etran.rs\/2025\/","name":"IcETRAN 2025","description":"XII IcETRAN Conference 2025 - \u010ca\u010dak, June 9-12, 2025.","publisher":{"@id":"https:\/\/www.etran.rs\/2025\/#organization"},"potentialAction":[{"@type":"SearchAction","target":{"@type":"EntryPoint","urlTemplate":"https:\/\/www.etran.rs\/2025\/?s={search_term_string}"},"query-input":{"@type":"PropertyValueSpecification","valueRequired":true,"valueName":"search_term_string"}}],"inLanguage":"en-US"},{"@type":"Organization","@id":"https:\/\/www.etran.rs\/2025\/#organization","name":"ETRAN Society","alternateName":"ETRAN\/IcETRAN","url":"https:\/\/www.etran.rs\/2025\/","logo":{"@type":"ImageObject","inLanguage":"en-US","@id":"https:\/\/www.etran.rs\/2025\/#\/schema\/logo\/image\/","url":"https:\/\/www.etran.rs\/2025\/wp-content\/uploads\/2023\/05\/cropped-etrannovilogo-removebg-preview-e1684584979855.png","contentUrl":"https:\/\/www.etran.rs\/2025\/wp-content\/uploads\/2023\/05\/cropped-etrannovilogo-removebg-preview-e1684584979855.png","width":250,"height":54,"caption":"ETRAN Society"},"image":{"@id":"https:\/\/www.etran.rs\/2025\/#\/schema\/logo\/image\/"}}]}},"_links":{"self":[{"href":"https:\/\/www.etran.rs\/2025\/wp-json\/wp\/v2\/pages\/5951","targetHints":{"allow":["GET"]}}],"collection":[{"href":"https:\/\/www.etran.rs\/2025\/wp-json\/wp\/v2\/pages"}],"about":[{"href":"https:\/\/www.etran.rs\/2025\/wp-json\/wp\/v2\/types\/page"}],"author":[{"embeddable":true,"href":"https:\/\/www.etran.rs\/2025\/wp-json\/wp\/v2\/users\/1"}],"replies":[{"embeddable":true,"href":"https:\/\/www.etran.rs\/2025\/wp-json\/wp\/v2\/comments?post=5951"}],"version-history":[{"count":1,"href":"https:\/\/www.etran.rs\/2025\/wp-json\/wp\/v2\/pages\/5951\/revisions"}],"predecessor-version":[{"id":5952,"href":"https:\/\/www.etran.rs\/2025\/wp-json\/wp\/v2\/pages\/5951\/revisions\/5952"}],"wp:featuredmedia":[{"embeddable":true,"href":"https:\/\/www.etran.rs\/2025\/wp-json\/wp\/v2\/media\/5949"}],"wp:attachment":[{"href":"https:\/\/www.etran.rs\/2025\/wp-json\/wp\/v2\/media?parent=5951"}],"curies":[{"name":"wp","href":"https:\/\/api.w.org\/{rel}","templated":true}]}}