{"id":549,"date":"2018-11-26T09:29:01","date_gmt":"2018-11-26T09:29:01","guid":{"rendered":"http:\/\/rarathemesdemo.com\/conference\/?page_id=549"},"modified":"2025-01-11T13:57:10","modified_gmt":"2025-01-11T13:57:10","slug":"full-width","status":"publish","type":"page","link":"https:\/\/www.etran.rs\/2025\/full-width\/","title":{"rendered":"ISTORIJA ETRAN-A"},"content":{"rendered":"<h3>Pregled odr\u017eanih konferencija ETAN-a\/ETRAN-a<\/h3>\n<ol>\n<li>Beograd, novembra 1955. godine<\/li>\n<li>Beograd, novembra 1957. godine<\/li>\n<li>Ljubljana, novembra 1958. godine<\/li>\n<li>Zagreb, novembra 1959. godine<\/li>\n<li>Beograd, novembra 1960. godine<\/li>\n<li>Sarajevo, novembra 1961. godine<\/li>\n<li>Novi Sad, novembra 1962. godine<\/li>\n<li>Zagreb, novembra 1963. godine<\/li>\n<li>Bled, novembra 1964. godine<\/li>\n<li>Beograd, novembra 1965. godine<\/li>\n<li>Ni\u0161, juna 1967. godine<\/li>\n<li>Rijeka, juna 1968. godine<\/li>\n<li>Subotica, juna 1969. godine<\/li>\n<li>Sarajevo, juna 1970. godine<\/li>\n<li>Split, juna 1971. godine<\/li>\n<li>Velenje, juna 1972. godine<\/li>\n<li>Novi Sad, juna 1973. godine<\/li>\n<li>Ulcinj, juna 1974. godine<\/li>\n<li>Ohrid, juna 1975. godine<\/li>\n<li>Opatija, juna 1976. godine<\/li>\n<li>Banja Luka, juna 1977. godine<\/li>\n<li>Zadar, juna 1978. godine<\/li>\n<li>Maribor, juna 1979. godine<\/li>\n<li>Pri\u0161tina, juna 1980. godine<\/li>\n<li>Mostar, juna 1981. godine<\/li>\n<li>Subotica, juna 1982. godine<\/li>\n<li>Struga, juna 1983. godine<\/li>\n<li>Split, juna 1984. godine<\/li>\n<li>Ni\u0161, juna 1985. godine<\/li>\n<li>Herceg Novi, juna 1986. godine<\/li>\n<li>Bled, juna 1987. godine<\/li>\n<li>Sarajevo, juna 1988. godine<\/li>\n<li>Novi Sad, juna 1989. godine<\/li>\n<li>Zagreb, juna 1990. godine<\/li>\n<li>Ohrid, juna 1991. godine<\/li>\n<li>Kopaonik, septembra 1992. godine<\/li>\n<li>Beograd, septembra 1993. godine<\/li>\n<li>Ni\u0161, juna 1994. godine<\/li>\n<li>Zlatibor, juna 1995. godine<\/li>\n<li>Budva, juna 1996. godine<\/li>\n<li>Zlatibor, juna 1997. godine<\/li>\n<li>Vrnja\u010dka Banja, juna 1998. godine<\/li>\n<li>Zlatibor, septembra 1999. godine<\/li>\n<li>Sokobanja, juna 2000. godine<\/li>\n<li>Bukovi\u010dka Banja, juna 2001. godine<\/li>\n<li>Banja Vru\u0107ica &#8211; Tesli\u0107, juna 2002. godine<\/li>\n<li>Herceg Novi, juna 2003. godine<\/li>\n<li>\u010ca\u010dak, juna 2004. godine<\/li>\n<li>Budva, juna 2005. godine<\/li>\n<li>Beograd, juna 2006. godine<\/li>\n<li>Herceg Novi, juna 2007. godine<\/li>\n<li>Pali\u0107, juna 2008. godine<\/li>\n<li>Vrnja\u010dka Banja, juna 2009. godine<\/li>\n<li>Donji Milanovac, juna 2010. godine<\/li>\n<li>Banja Vru\u0107ica &#8211; Tesli\u0107, juna 2011. godine<\/li>\n<li>Zlatibor, juna 2012. godine<\/li>\n<li>Zlatibor, juna 2013. godine<\/li>\n<li>Vrnja\u010dka Banja, juna 2014. godine<\/li>\n<li>Srebrno Jezero, juna 2015. godine<\/li>\n<li>Zlatibor, juna 2016. godine<\/li>\n<li><a href=\"https:\/\/www.etran.rs\/2017\/ETRAN\/O_konferenciji\/\" target=\"_blank\" rel=\"noopener\">Kladovo, juna 2017. godine<\/a><\/li>\n<li><a href=\"https:\/\/www.etran.rs\/2018\/ETRAN\/O_konferenciji\/\" target=\"_blank\" rel=\"noopener\">Pali\u0107, juna 2018. godine<\/a><\/li>\n<li><a href=\"https:\/\/www.etran.rs\/2019\/ETRAN\/O_konferenciji\/\" target=\"_blank\" rel=\"noopener\">Srebrno Jezero, juna 2019. godine<\/a><\/li>\n<li><a href=\"https:\/\/www.etran.rs\/2020\/ETRAN\/O_konferenciji\/\" target=\"_blank\" rel=\"noopener\">Beograd, Novi Sad, \u010ca\u010dak, Ni\u0161, septembra 2020. godine<\/a><\/li>\n<li><a href=\"https:\/\/www.etran.rs\/2021\/\" target=\"_blank\" rel=\"noopener\">Etno selo Stani\u0161i\u0107i, Republika Srpska, septembar 2021. godine<\/a><\/li>\n<li><a href=\"https:\/\/www.etran.rs\/2022\/\" target=\"_blank\" rel=\"noopener\">Dr\u017eavni Univerzitet u Novom Pazaru, Novi Pazar, jun 2022. godine<\/a><\/li>\n<li><a href=\"https:\/\/etran.rs\/2023\">Univerzitet u Isto\u010dnom Sarajevu, Elektrotehni\u010dki fakultet, Isto\u010dno Sarajevo, BiH, jun2023. godine<\/a><\/li>\n<li><a href=\"https:\/\/etran.rs\/2024\">Univerzitet u Ni\u0161u,Elektronski fakultet, Ni\u0161, jun 2024. godine<\/a><\/li>\n<\/ol>\n<div class=\"entry-content\">\n<div class=\"entry-content\">\n<div class=\"entry-content\">\u00a0<\/div>\n<\/div>\n<\/div>\n\n\n<p><\/p>\n","protected":false},"excerpt":{"rendered":"<p>Pregled odr\u017eanih konferencija ETAN-a\/ETRAN-a Beograd, novembra 1955. godine Beograd, novembra 1957. godine Ljubljana, novembra 1958. godine Zagreb, novembra 1959. godine Beograd, novembra 1960. godine Sarajevo, novembra 1961. godine Novi Sad, novembra 1962. godine Zagreb, novembra 1963. godine Bled, novembra 1964. godine Beograd, novembra 1965. godine Ni\u0161, juna 1967. godine Rijeka, juna 1968. godine Subotica, juna &hellip; <\/p>\n","protected":false},"author":1,"featured_media":0,"parent":0,"menu_order":0,"comment_status":"closed","ping_status":"closed","template":"","meta":{"_themeisle_gutenberg_block_has_review":false,"footnotes":""},"class_list":["post-549","page","type-page","status-publish","hentry"],"yoast_head":"<!-- This site is optimized with the Yoast SEO plugin v25.7 - https:\/\/yoast.com\/wordpress\/plugins\/seo\/ -->\n<title>ISTORIJA ETRAN-A -<\/title>\n<meta name=\"robots\" content=\"index, follow, max-snippet:-1, max-image-preview:large, max-video-preview:-1\" \/>\n<link rel=\"canonical\" href=\"https:\/\/www.etran.rs\/2025\/full-width\/\" \/>\n<meta property=\"og:locale\" content=\"en_US\" \/>\n<meta property=\"og:type\" content=\"article\" \/>\n<meta property=\"og:title\" content=\"ISTORIJA ETRAN-A -\" \/>\n<meta property=\"og:description\" content=\"Pregled odr\u017eanih konferencija ETAN-a\/ETRAN-a Beograd, novembra 1955. godine Beograd, novembra 1957. godine Ljubljana, novembra 1958. godine Zagreb, novembra 1959. godine Beograd, novembra 1960. godine Sarajevo, novembra 1961. godine Novi Sad, novembra 1962. godine Zagreb, novembra 1963. godine Bled, novembra 1964. godine Beograd, novembra 1965. godine Ni\u0161, juna 1967. godine Rijeka, juna 1968. godine Subotica, juna &hellip;\" \/>\n<meta property=\"og:url\" content=\"https:\/\/www.etran.rs\/2025\/full-width\/\" \/>\n<meta property=\"article:modified_time\" content=\"2025-01-11T13:57:10+00:00\" \/>\n<meta name=\"twitter:card\" content=\"summary_large_image\" \/>\n<meta name=\"twitter:label1\" content=\"Est. reading time\" \/>\n\t<meta name=\"twitter:data1\" content=\"2 minutes\" \/>\n<script type=\"application\/ld+json\" class=\"yoast-schema-graph\">{\"@context\":\"https:\/\/schema.org\",\"@graph\":[{\"@type\":\"WebPage\",\"@id\":\"https:\/\/www.etran.rs\/2025\/full-width\/\",\"url\":\"https:\/\/www.etran.rs\/2025\/full-width\/\",\"name\":\"\u0418\u0421\u0422\u041e\u0420\u0418\u0408\u0410 \u0415\u0422\u0420\u0410\u041d-\u0410 -\",\"isPartOf\":{\"@id\":\"https:\/\/www.etran.rs\/2025\/#website\"},\"datePublished\":\"2018-11-26T09:29:01+00:00\",\"dateModified\":\"2025-01-11T13:57:10+00:00\",\"breadcrumb\":{\"@id\":\"https:\/\/www.etran.rs\/2025\/full-width\/#breadcrumb\"},\"inLanguage\":\"en-US\",\"potentialAction\":[{\"@type\":\"ReadAction\",\"target\":[\"https:\/\/www.etran.rs\/2025\/full-width\/\"]}]},{\"@type\":\"BreadcrumbList\",\"@id\":\"https:\/\/www.etran.rs\/2025\/full-width\/#breadcrumb\",\"itemListElement\":[{\"@type\":\"ListItem\",\"position\":1,\"name\":\"Home\",\"item\":\"https:\/\/www.etran.rs\/2025\/en\/home-english\/\"},{\"@type\":\"ListItem\",\"position\":2,\"name\":\"\u0418\u0421\u0422\u041e\u0420\u0418\u0408\u0410 \u0415\u0422\u0420\u0410\u041d-\u0410\"}]},{\"@type\":\"WebSite\",\"@id\":\"https:\/\/www.etran.rs\/2025\/#website\",\"url\":\"https:\/\/www.etran.rs\/2025\/\",\"name\":\"IcETRAN 2025\",\"description\":\"XII IcETRAN Conference 2025 - \u010ca\u010dak, June 9-12, 2025.\",\"publisher\":{\"@id\":\"https:\/\/www.etran.rs\/2025\/#organization\"},\"potentialAction\":[{\"@type\":\"SearchAction\",\"target\":{\"@type\":\"EntryPoint\",\"urlTemplate\":\"https:\/\/www.etran.rs\/2025\/?s={search_term_string}\"},\"query-input\":{\"@type\":\"PropertyValueSpecification\",\"valueRequired\":true,\"valueName\":\"search_term_string\"}}],\"inLanguage\":\"en-US\"},{\"@type\":\"Organization\",\"@id\":\"https:\/\/www.etran.rs\/2025\/#organization\",\"name\":\"ETRAN Society\",\"alternateName\":\"ETRAN\/IcETRAN\",\"url\":\"https:\/\/www.etran.rs\/2025\/\",\"logo\":{\"@type\":\"ImageObject\",\"inLanguage\":\"en-US\",\"@id\":\"https:\/\/www.etran.rs\/2025\/#\/schema\/logo\/image\/\",\"url\":\"https:\/\/www.etran.rs\/2025\/wp-content\/uploads\/2023\/05\/cropped-etrannovilogo-removebg-preview-e1684584979855.png\",\"contentUrl\":\"https:\/\/www.etran.rs\/2025\/wp-content\/uploads\/2023\/05\/cropped-etrannovilogo-removebg-preview-e1684584979855.png\",\"width\":250,\"height\":54,\"caption\":\"ETRAN Society\"},\"image\":{\"@id\":\"https:\/\/www.etran.rs\/2025\/#\/schema\/logo\/image\/\"}}]}<\/script>\n<!-- \/ Yoast SEO plugin. -->","yoast_head_json":{"title":"ISTORIJA ETRAN-A -","robots":{"index":"index","follow":"follow","max-snippet":"max-snippet:-1","max-image-preview":"max-image-preview:large","max-video-preview":"max-video-preview:-1"},"canonical":"https:\/\/www.etran.rs\/2025\/full-width\/","og_locale":"en_US","og_type":"article","og_title":"ISTORIJA ETRAN-A -","og_description":"Pregled odr\u017eanih konferencija ETAN-a\/ETRAN-a Beograd, novembra 1955. godine Beograd, novembra 1957. godine Ljubljana, novembra 1958. godine Zagreb, novembra 1959. godine Beograd, novembra 1960. godine Sarajevo, novembra 1961. godine Novi Sad, novembra 1962. godine Zagreb, novembra 1963. godine Bled, novembra 1964. godine Beograd, novembra 1965. godine Ni\u0161, juna 1967. godine Rijeka, juna 1968. godine Subotica, juna &hellip;","og_url":"https:\/\/www.etran.rs\/2025\/full-width\/","article_modified_time":"2025-01-11T13:57:10+00:00","twitter_card":"summary_large_image","twitter_misc":{"Est. reading time":"2 minutes"},"schema":{"@context":"https:\/\/schema.org","@graph":[{"@type":"WebPage","@id":"https:\/\/www.etran.rs\/2025\/full-width\/","url":"https:\/\/www.etran.rs\/2025\/full-width\/","name":"\u0418\u0421\u0422\u041e\u0420\u0418\u0408\u0410 \u0415\u0422\u0420\u0410\u041d-\u0410 -","isPartOf":{"@id":"https:\/\/www.etran.rs\/2025\/#website"},"datePublished":"2018-11-26T09:29:01+00:00","dateModified":"2025-01-11T13:57:10+00:00","breadcrumb":{"@id":"https:\/\/www.etran.rs\/2025\/full-width\/#breadcrumb"},"inLanguage":"en-US","potentialAction":[{"@type":"ReadAction","target":["https:\/\/www.etran.rs\/2025\/full-width\/"]}]},{"@type":"BreadcrumbList","@id":"https:\/\/www.etran.rs\/2025\/full-width\/#breadcrumb","itemListElement":[{"@type":"ListItem","position":1,"name":"Home","item":"https:\/\/www.etran.rs\/2025\/en\/home-english\/"},{"@type":"ListItem","position":2,"name":"\u0418\u0421\u0422\u041e\u0420\u0418\u0408\u0410 \u0415\u0422\u0420\u0410\u041d-\u0410"}]},{"@type":"WebSite","@id":"https:\/\/www.etran.rs\/2025\/#website","url":"https:\/\/www.etran.rs\/2025\/","name":"IcETRAN 2025","description":"XII IcETRAN Conference 2025 - \u010ca\u010dak, June 9-12, 2025.","publisher":{"@id":"https:\/\/www.etran.rs\/2025\/#organization"},"potentialAction":[{"@type":"SearchAction","target":{"@type":"EntryPoint","urlTemplate":"https:\/\/www.etran.rs\/2025\/?s={search_term_string}"},"query-input":{"@type":"PropertyValueSpecification","valueRequired":true,"valueName":"search_term_string"}}],"inLanguage":"en-US"},{"@type":"Organization","@id":"https:\/\/www.etran.rs\/2025\/#organization","name":"ETRAN Society","alternateName":"ETRAN\/IcETRAN","url":"https:\/\/www.etran.rs\/2025\/","logo":{"@type":"ImageObject","inLanguage":"en-US","@id":"https:\/\/www.etran.rs\/2025\/#\/schema\/logo\/image\/","url":"https:\/\/www.etran.rs\/2025\/wp-content\/uploads\/2023\/05\/cropped-etrannovilogo-removebg-preview-e1684584979855.png","contentUrl":"https:\/\/www.etran.rs\/2025\/wp-content\/uploads\/2023\/05\/cropped-etrannovilogo-removebg-preview-e1684584979855.png","width":250,"height":54,"caption":"ETRAN Society"},"image":{"@id":"https:\/\/www.etran.rs\/2025\/#\/schema\/logo\/image\/"}}]}},"_links":{"self":[{"href":"https:\/\/www.etran.rs\/2025\/wp-json\/wp\/v2\/pages\/549","targetHints":{"allow":["GET"]}}],"collection":[{"href":"https:\/\/www.etran.rs\/2025\/wp-json\/wp\/v2\/pages"}],"about":[{"href":"https:\/\/www.etran.rs\/2025\/wp-json\/wp\/v2\/types\/page"}],"author":[{"embeddable":true,"href":"https:\/\/www.etran.rs\/2025\/wp-json\/wp\/v2\/users\/1"}],"replies":[{"embeddable":true,"href":"https:\/\/www.etran.rs\/2025\/wp-json\/wp\/v2\/comments?post=549"}],"version-history":[{"count":18,"href":"https:\/\/www.etran.rs\/2025\/wp-json\/wp\/v2\/pages\/549\/revisions"}],"predecessor-version":[{"id":5620,"href":"https:\/\/www.etran.rs\/2025\/wp-json\/wp\/v2\/pages\/549\/revisions\/5620"}],"wp:attachment":[{"href":"https:\/\/www.etran.rs\/2025\/wp-json\/wp\/v2\/media?parent=549"}],"curies":[{"name":"wp","href":"https:\/\/api.w.org\/{rel}","templated":true}]}}