{"id":4923,"date":"2024-05-24T07:22:08","date_gmt":"2024-05-24T07:22:08","guid":{"rendered":"https:\/\/www.etran.rs\/2024\/?page_id=4923"},"modified":"2024-05-24T07:22:09","modified_gmt":"2024-05-24T07:22:09","slug":"hs-devices","status":"publish","type":"page","link":"https:\/\/www.etran.rs\/2024\/hs-devices\/","title":{"rendered":"HS Devices"},"content":{"rendered":"\n<div class=\"wp-block-media-text is-stacked-on-mobile is-vertically-aligned-top\" style=\"grid-template-columns:15% auto\"><figure class=\"wp-block-media-text__media\"><img fetchpriority=\"high\" decoding=\"async\" width=\"320\" height=\"239\" src=\"https:\/\/www.etran.rs\/2024\/wp-content\/uploads\/2024\/05\/Logo_1_1.svg\" alt=\"\" class=\"wp-image-4924 size-full\"\/><\/figure><div class=\"wp-block-media-text__content\">\n<p>Dobrodo\u0161li u HS Devices, va\u0161e glavno odredi\u0161te za vrhunske usluge dizajna i simulacije PCB-a. U HS Devices, mi ne stvaramo samo elektronski hardver; izra\u0111ujemo re\u0161enja koja pokrec\u0301u va\u0161 uspeh.<br>Za\u0161to biti partner sa HS Devices? Sa preko 10 godina stru\u010dnosti u industriji, na\u0161i iskusni profesionalci se isti\u010du u nauci dizajna i simulacije PCB-a. Ostajemo ispred krivulje, prihvatamo najnovije tehnologije za pru\u017eanje inovativnih re\u0161enja prilago\u0111enih va\u0161im potrebama. Va\u0161i ciljevi su na\u0161 glavni prioritet. Blisko sara\u0111ujemo sa vama, osiguravajuc\u0301i da va\u0161a o\u010dekivanja ne samo da budu ispunjena vec\u0301 i prema\u0161ena. Kvalitet je osnova na\u0161eg rada, a mi se pridr\u017eavamo najvi\u0161ih standarda za svaki projekat.<br>Na\u0161a posvec\u0301enost i pouzdanost ogledaju se u poverenju koje nam ula\u017eu brojne renomirane kompanije.<br>Na\u0161 sveobuhvatan asortiman usluga je dizajniran da zadovolji va\u0161e potrebe za elektronskim hardverom.<br>Na\u0161i stru\u010dnjaci dizajniraju PCB-e koji ne samo da ispunjavaju tr\u017ei\u0161ne standarde vec\u0301 i nadma\u0161uju konkurente. Osiguravamo da svaki razvojni projekat koristi optimalnu osnovnu bazu, pratec\u0301i stroge tehni\u010dke zahteve. Na\u0161i dizajni kola se striktno pridr\u017eavaju IPC standarda (IPC-2221, IPC-7351), industrijskih standarda i preporuka IC dobavlja\u010da. Sa velikim iskustvom u razvoju elektronike, specijalizovani smo za FPGA, mikrokontrolere, mikroprocesore i brze interfejse kao \u0161to su DDR\/LPDDR 3, 4, 5, PCIe gen 2, 3, 4, 5, SATA, Gigabit Ethernet i 10GBase.<br>Simulacija je u srcu onoga \u0161to radimo. Kroz pedantno matemati\u010dko modeliranje, minimiziramo rizike, smanjujemo tro\u0161kove i \u0161tedimo vreme. Na\u0161e simulacije pokrivaju integritet napajanja, integritet signala i termi\u010dku analizu, obezbe\u0111ujuc\u0301i da va\u0161 ure\u0111aj radi besprekorno u razli\u010ditim uslovima.<br>Spremni da unapredite svoj PCB dizajn i simulaciju?<br>Pove\u017eite se sa nama putem e-po\u0161te ili LinkedIn-a.<br>Otkrijte razliku danas HS Devices\u2014gde se izvrsnost susrec\u0301e sa inovacijama.<br>info@hsdevices.com<br>www.hsdevices.com<br>LinkedIn<br>https:\/\/www.linkedin.com\/company\/high-speed-devices<\/p>\n<\/div><\/div>\n","protected":false},"excerpt":{"rendered":"<p>Dobrodo\u0161li u HS Devices, va\u0161e glavno odredi\u0161te za vrhunske usluge dizajna i simulacije PCB-a. U HS Devices, mi ne stvaramo samo elektronski hardver; izra\u0111ujemo re\u0161enja koja pokrec\u0301u va\u0161 uspeh.Za\u0161to biti partner sa HS Devices? Sa preko 10 godina stru\u010dnosti u industriji, na\u0161i iskusni profesionalci se isti\u010du u nauci dizajna i simulacije PCB-a. Ostajemo ispred krivulje, \u2026 <\/p>\n","protected":false},"author":1,"featured_media":0,"parent":0,"menu_order":0,"comment_status":"closed","ping_status":"closed","template":"","meta":{"_themeisle_gutenberg_block_has_review":false,"footnotes":""},"class_list":["post-4923","page","type-page","status-publish","hentry"],"yoast_head":"<!-- This site is optimized with the Yoast SEO plugin v22.5 - https:\/\/yoast.com\/wordpress\/plugins\/seo\/ -->\n<title>HS Devices -<\/title>\n<meta name=\"robots\" content=\"index, follow, max-snippet:-1, max-image-preview:large, max-video-preview:-1\" \/>\n<link rel=\"canonical\" href=\"https:\/\/www.etran.rs\/2024\/hs-devices\/\" \/>\n<meta property=\"og:locale\" content=\"en_US\" \/>\n<meta property=\"og:type\" content=\"article\" \/>\n<meta property=\"og:title\" content=\"HS Devices -\" \/>\n<meta property=\"og:description\" content=\"Dobrodo\u0161li u HS Devices, va\u0161e glavno odredi\u0161te za vrhunske usluge dizajna i simulacije PCB-a. U HS Devices, mi ne stvaramo samo elektronski hardver; izra\u0111ujemo re\u0161enja koja pokrec\u0301u va\u0161 uspeh.Za\u0161to biti partner sa HS Devices? Sa preko 10 godina stru\u010dnosti u industriji, na\u0161i iskusni profesionalci se isti\u010du u nauci dizajna i simulacije PCB-a. Ostajemo ispred krivulje, \u2026\" \/>\n<meta property=\"og:url\" content=\"https:\/\/www.etran.rs\/2024\/hs-devices\/\" \/>\n<meta property=\"article:modified_time\" content=\"2024-05-24T07:22:09+00:00\" \/>\n<meta property=\"og:image\" content=\"https:\/\/www.etran.rs\/2024\/wp-content\/uploads\/2024\/05\/Logo_1_1.svg\" \/>\n<meta name=\"twitter:card\" content=\"summary_large_image\" \/>\n<meta name=\"twitter:label1\" content=\"Est. reading time\" \/>\n\t<meta name=\"twitter:data1\" content=\"2 minutes\" \/>\n<script type=\"application\/ld+json\" class=\"yoast-schema-graph\">{\"@context\":\"https:\/\/schema.org\",\"@graph\":[{\"@type\":\"WebPage\",\"@id\":\"https:\/\/www.etran.rs\/2024\/hs-devices\/\",\"url\":\"https:\/\/www.etran.rs\/2024\/hs-devices\/\",\"name\":\"HS Devices -\",\"isPartOf\":{\"@id\":\"https:\/\/www.etran.rs\/2024\/#website\"},\"primaryImageOfPage\":{\"@id\":\"https:\/\/www.etran.rs\/2024\/hs-devices\/#primaryimage\"},\"image\":{\"@id\":\"https:\/\/www.etran.rs\/2024\/hs-devices\/#primaryimage\"},\"thumbnailUrl\":\"https:\/\/www.etran.rs\/2024\/wp-content\/uploads\/2024\/05\/Logo_1_1.svg\",\"datePublished\":\"2024-05-24T07:22:08+00:00\",\"dateModified\":\"2024-05-24T07:22:09+00:00\",\"breadcrumb\":{\"@id\":\"https:\/\/www.etran.rs\/2024\/hs-devices\/#breadcrumb\"},\"inLanguage\":\"en-US\",\"potentialAction\":[{\"@type\":\"ReadAction\",\"target\":[\"https:\/\/www.etran.rs\/2024\/hs-devices\/\"]}]},{\"@type\":\"ImageObject\",\"inLanguage\":\"en-US\",\"@id\":\"https:\/\/www.etran.rs\/2024\/hs-devices\/#primaryimage\",\"url\":\"https:\/\/www.etran.rs\/2024\/wp-content\/uploads\/2024\/05\/Logo_1_1.svg\",\"contentUrl\":\"https:\/\/www.etran.rs\/2024\/wp-content\/uploads\/2024\/05\/Logo_1_1.svg\",\"width\":320,\"height\":239},{\"@type\":\"BreadcrumbList\",\"@id\":\"https:\/\/www.etran.rs\/2024\/hs-devices\/#breadcrumb\",\"itemListElement\":[{\"@type\":\"ListItem\",\"position\":1,\"name\":\"Home\",\"item\":\"https:\/\/www.etran.rs\/2024\/en\/home-english\/\"},{\"@type\":\"ListItem\",\"position\":2,\"name\":\"HS Devices\"}]},{\"@type\":\"WebSite\",\"@id\":\"https:\/\/www.etran.rs\/2024\/#website\",\"url\":\"https:\/\/www.etran.rs\/2024\/\",\"name\":\"IcETRAN 2024\",\"description\":\"XI IcETRAN Conference 2024 - Ni\u0161, June 3-6, 2024.\",\"publisher\":{\"@id\":\"https:\/\/www.etran.rs\/2024\/#organization\"},\"potentialAction\":[{\"@type\":\"SearchAction\",\"target\":{\"@type\":\"EntryPoint\",\"urlTemplate\":\"https:\/\/www.etran.rs\/2024\/?s={search_term_string}\"},\"query-input\":\"required name=search_term_string\"}],\"inLanguage\":\"en-US\"},{\"@type\":\"Organization\",\"@id\":\"https:\/\/www.etran.rs\/2024\/#organization\",\"name\":\"ETRAN Society\",\"url\":\"https:\/\/www.etran.rs\/2024\/\",\"logo\":{\"@type\":\"ImageObject\",\"inLanguage\":\"en-US\",\"@id\":\"https:\/\/www.etran.rs\/2024\/#\/schema\/logo\/image\/\",\"url\":\"https:\/\/www.etran.rs\/2024\/wp-content\/uploads\/2023\/05\/cropped-etrannovilogo-removebg-preview-e1684584979855.png\",\"contentUrl\":\"https:\/\/www.etran.rs\/2024\/wp-content\/uploads\/2023\/05\/cropped-etrannovilogo-removebg-preview-e1684584979855.png\",\"width\":250,\"height\":54,\"caption\":\"ETRAN Society\"},\"image\":{\"@id\":\"https:\/\/www.etran.rs\/2024\/#\/schema\/logo\/image\/\"}}]}<\/script>\n<!-- \/ Yoast SEO plugin. -->","yoast_head_json":{"title":"HS Devices -","robots":{"index":"index","follow":"follow","max-snippet":"max-snippet:-1","max-image-preview":"max-image-preview:large","max-video-preview":"max-video-preview:-1"},"canonical":"https:\/\/www.etran.rs\/2024\/hs-devices\/","og_locale":"en_US","og_type":"article","og_title":"HS Devices -","og_description":"Dobrodo\u0161li u HS Devices, va\u0161e glavno odredi\u0161te za vrhunske usluge dizajna i simulacije PCB-a. U HS Devices, mi ne stvaramo samo elektronski hardver; izra\u0111ujemo re\u0161enja koja pokrec\u0301u va\u0161 uspeh.Za\u0161to biti partner sa HS Devices? Sa preko 10 godina stru\u010dnosti u industriji, na\u0161i iskusni profesionalci se isti\u010du u nauci dizajna i simulacije PCB-a. Ostajemo ispred krivulje, \u2026","og_url":"https:\/\/www.etran.rs\/2024\/hs-devices\/","article_modified_time":"2024-05-24T07:22:09+00:00","og_image":[{"url":"https:\/\/www.etran.rs\/2024\/wp-content\/uploads\/2024\/05\/Logo_1_1.svg"}],"twitter_card":"summary_large_image","twitter_misc":{"Est. reading time":"2 minutes"},"schema":{"@context":"https:\/\/schema.org","@graph":[{"@type":"WebPage","@id":"https:\/\/www.etran.rs\/2024\/hs-devices\/","url":"https:\/\/www.etran.rs\/2024\/hs-devices\/","name":"HS Devices -","isPartOf":{"@id":"https:\/\/www.etran.rs\/2024\/#website"},"primaryImageOfPage":{"@id":"https:\/\/www.etran.rs\/2024\/hs-devices\/#primaryimage"},"image":{"@id":"https:\/\/www.etran.rs\/2024\/hs-devices\/#primaryimage"},"thumbnailUrl":"https:\/\/www.etran.rs\/2024\/wp-content\/uploads\/2024\/05\/Logo_1_1.svg","datePublished":"2024-05-24T07:22:08+00:00","dateModified":"2024-05-24T07:22:09+00:00","breadcrumb":{"@id":"https:\/\/www.etran.rs\/2024\/hs-devices\/#breadcrumb"},"inLanguage":"en-US","potentialAction":[{"@type":"ReadAction","target":["https:\/\/www.etran.rs\/2024\/hs-devices\/"]}]},{"@type":"ImageObject","inLanguage":"en-US","@id":"https:\/\/www.etran.rs\/2024\/hs-devices\/#primaryimage","url":"https:\/\/www.etran.rs\/2024\/wp-content\/uploads\/2024\/05\/Logo_1_1.svg","contentUrl":"https:\/\/www.etran.rs\/2024\/wp-content\/uploads\/2024\/05\/Logo_1_1.svg","width":320,"height":239},{"@type":"BreadcrumbList","@id":"https:\/\/www.etran.rs\/2024\/hs-devices\/#breadcrumb","itemListElement":[{"@type":"ListItem","position":1,"name":"Home","item":"https:\/\/www.etran.rs\/2024\/en\/home-english\/"},{"@type":"ListItem","position":2,"name":"HS Devices"}]},{"@type":"WebSite","@id":"https:\/\/www.etran.rs\/2024\/#website","url":"https:\/\/www.etran.rs\/2024\/","name":"IcETRAN 2024","description":"XI IcETRAN Conference 2024 - Ni\u0161, June 3-6, 2024.","publisher":{"@id":"https:\/\/www.etran.rs\/2024\/#organization"},"potentialAction":[{"@type":"SearchAction","target":{"@type":"EntryPoint","urlTemplate":"https:\/\/www.etran.rs\/2024\/?s={search_term_string}"},"query-input":"required name=search_term_string"}],"inLanguage":"en-US"},{"@type":"Organization","@id":"https:\/\/www.etran.rs\/2024\/#organization","name":"ETRAN Society","url":"https:\/\/www.etran.rs\/2024\/","logo":{"@type":"ImageObject","inLanguage":"en-US","@id":"https:\/\/www.etran.rs\/2024\/#\/schema\/logo\/image\/","url":"https:\/\/www.etran.rs\/2024\/wp-content\/uploads\/2023\/05\/cropped-etrannovilogo-removebg-preview-e1684584979855.png","contentUrl":"https:\/\/www.etran.rs\/2024\/wp-content\/uploads\/2023\/05\/cropped-etrannovilogo-removebg-preview-e1684584979855.png","width":250,"height":54,"caption":"ETRAN Society"},"image":{"@id":"https:\/\/www.etran.rs\/2024\/#\/schema\/logo\/image\/"}}]}},"_links":{"self":[{"href":"https:\/\/www.etran.rs\/2024\/wp-json\/wp\/v2\/pages\/4923","targetHints":{"allow":["GET"]}}],"collection":[{"href":"https:\/\/www.etran.rs\/2024\/wp-json\/wp\/v2\/pages"}],"about":[{"href":"https:\/\/www.etran.rs\/2024\/wp-json\/wp\/v2\/types\/page"}],"author":[{"embeddable":true,"href":"https:\/\/www.etran.rs\/2024\/wp-json\/wp\/v2\/users\/1"}],"replies":[{"embeddable":true,"href":"https:\/\/www.etran.rs\/2024\/wp-json\/wp\/v2\/comments?post=4923"}],"version-history":[{"count":1,"href":"https:\/\/www.etran.rs\/2024\/wp-json\/wp\/v2\/pages\/4923\/revisions"}],"predecessor-version":[{"id":4925,"href":"https:\/\/www.etran.rs\/2024\/wp-json\/wp\/v2\/pages\/4923\/revisions\/4925"}],"wp:attachment":[{"href":"https:\/\/www.etran.rs\/2024\/wp-json\/wp\/v2\/media?parent=4923"}],"curies":[{"name":"wp","href":"https:\/\/api.w.org\/{rel}","templated":true}]}}