{"id":4879,"date":"2024-05-23T09:45:21","date_gmt":"2024-05-23T09:45:21","guid":{"rendered":"https:\/\/www.etran.rs\/2024\/?page_id=4879"},"modified":"2024-05-23T09:45:23","modified_gmt":"2024-05-23T09:45:23","slug":"rcm-technologies-engineering-doo","status":"publish","type":"page","link":"https:\/\/www.etran.rs\/2024\/rcm-technologies-engineering-doo\/","title":{"rendered":"RCM Technologies Engineering doo"},"content":{"rendered":"\n<div class=\"wp-block-media-text is-stacked-on-mobile is-vertically-aligned-top\" style=\"grid-template-columns:15% auto\"><figure class=\"wp-block-media-text__media\"><img fetchpriority=\"high\" decoding=\"async\" width=\"1054\" height=\"227\" src=\"https:\/\/www.etran.rs\/2024\/wp-content\/uploads\/2024\/05\/RCM_Energy_Services_Black_SVG_1.svg\" alt=\"\" class=\"wp-image-4880 size-full\"\/><\/figure><div class=\"wp-block-media-text__content\">\n<p>RCM Technologies se vi\u0161e od 50 godina nalazi na \u010delu projektovanja, razvoja i pru\u017eanja in\u017eenjerskih usluga vrhunskog kvaliteta kako komercijalnim tako i dr\u017eavnim sektorima. Firma postoji u Srbiji od 2006. godine, a od 2017. godine poslujemo u sastavu korporacije RCM Technologies iz Sjedinjenih Ameri\u010dkih Dr\u017eava. Svih ovih godina posve\u0107eni smo razvoju i ja\u010danju kriti\u010dne elektroenergetske infrastrukture za potrebe energetske tranzicije na\u0161ih klijenata kroz pru\u017eanje usluga projektovanja i konsaltinga.<\/p>\n\n\n\n<p>U elektroenergetici, RCM Technologies \u2013 Energy Services nudi \u0161irok spektar usluga in\u017eenjeringa i upravljanja projektima koji obuhvataju sektore proizvodnje, prenosa, distribucije i obnovljivih izvora energije. Na\u0161 tim kombinuje duboku tehni\u010dku ekspertizu sa pristupom u realizaciji projekata koji je usmeren na klijenta, njegove potrebe, re\u0161avanje slo\u017eenih izazova, a sve to uz postizanje odr\u017eivih rezultata koji zna\u010dajno uti\u010du na poslovanje na\u0161ih klijenata i prosperitet njihovih zajednica.<\/p>\n\n\n\n<p>RCM Technologies izra\u0111uje projekte za elektro-energetske objekte koji uklju\u010duju projekte instalacije, primarne i sekundarne opreme, 3D\/4D\/5D\/6D BIM projekte, prora\u010dune i pode\u0161enja za\u0161tite, SCADA i RTU sisteme upravljanja, LAN mre\u017ee, dizajn panela, \u0161ema vezivanja i delovanja, dispozicija postrojenja, prora\u010duna sila, uzemljenja i svih nacrta i dokumentacije potrebnih za dozvole, planiranje i izgradnju, nadzor gradili\u0161ta, vo\u0111enje projekta i projekat izvedenog stanja.<\/p>\n\n\n\n<p>U spektru svojih usluga RCM Technologies tako\u0111e obezbe\u0111uje nadzor tokom pu\u0161tanja u rad objekata (commissioning supervision), FAT i \u00a0SAT usluge u domenu sekundarne opreme.<\/p>\n\n\n\n<p>U sinergiji sa mre\u017eom partnera, RCM je u mogu\u0107nosti da ponudi korisnicima isporuku ormana za\u0161tite i upravljanja. Time je usluga projektovanja\u00a0 upotpunjena izradom i isporukom panela, uklju\u010duju\u0107i FAT, SAT, kontrolu kvaliteta, i pra\u0107enja svakog panela do mesta isporuke krajnjem korisniku, gde smo u mogu\u0107nosti i da pru\u0107imo nadzor instalacije i pu\u0161tanje u rad. RCM Technologies je tako\u0111e u mogu\u0107nosti da pru\u017ei usluge sistemskih studija, kao i projektovanja dalekovoda u saradnji sa svojim partnerima. \u00a0<\/p>\n\n\n\n<p>Prilikom izrade projekata i pru\u017eanja konsalting usluga klijentima, RCM Technologies koristi moderne softverske pakete uklju\u010duju\u0107i 3D BIM, Revit, ELCAD, Engineering Base, Advanced Steel, Inventor, Robot, IDEA StatiCa, Zenon SCADA, Helinks, IDE Scout, DIGSI, Bentley (Microstation & Open Buildings) i sli\u010dne.<\/p>\n\n\n\n<p>RCM Technologies u Srbiji se ponosi duga\u010dkom listom uspe\u0161no realizovanih projekata za klijente iz SAD, Holandije, Ujedinjenog Kraljevstva, Nema\u010dke, Belgije, Kanade, Bliskog Istoka, Perua i Severne Afrike. In\u017eenjerske i konsalting usluge zasnovane na kori\u0161\u0107enju naprednih softverskih alata, sistemu kvaliteta ISO 9001, i kontinualnom stru\u010dnom usavr\u0161avanju na\u0161ih in\u017eenjera omogu\u0107avaju nam odr\u017eivi razvoj i rast u vreme kada se globalni sektor elektroenergetike suo\u010dava sa izazovima energetske tranzicije bez presedana.<\/p>\n<\/div><\/div>\n","protected":false},"excerpt":{"rendered":"<p>RCM Technologies se vi\u0161e od 50 godina nalazi na \u010delu projektovanja, razvoja i pru\u017eanja in\u017eenjerskih usluga vrhunskog kvaliteta kako komercijalnim tako i dr\u017eavnim sektorima. Firma postoji u Srbiji od 2006. godine, a od 2017. godine poslujemo u sastavu korporacije RCM Technologies iz Sjedinjenih Ameri\u010dkih Dr\u017eava. Svih ovih godina posve\u0107eni smo razvoju i ja\u010danju kriti\u010dne elektroenergetske \u2026 <\/p>\n","protected":false},"author":1,"featured_media":0,"parent":0,"menu_order":0,"comment_status":"closed","ping_status":"closed","template":"","meta":{"_themeisle_gutenberg_block_has_review":false,"footnotes":""},"class_list":["post-4879","page","type-page","status-publish","hentry"],"yoast_head":"<!-- This site is optimized with the Yoast SEO plugin v22.5 - https:\/\/yoast.com\/wordpress\/plugins\/seo\/ -->\n<title>RCM Technologies Engineering doo -<\/title>\n<meta name=\"robots\" content=\"index, follow, max-snippet:-1, max-image-preview:large, max-video-preview:-1\" \/>\n<link rel=\"canonical\" href=\"https:\/\/www.etran.rs\/2024\/rcm-technologies-engineering-doo\/\" \/>\n<meta property=\"og:locale\" content=\"en_US\" \/>\n<meta property=\"og:type\" content=\"article\" \/>\n<meta property=\"og:title\" content=\"RCM Technologies Engineering doo -\" \/>\n<meta property=\"og:description\" content=\"RCM Technologies se vi\u0161e od 50 godina nalazi na \u010delu projektovanja, razvoja i pru\u017eanja in\u017eenjerskih usluga vrhunskog kvaliteta kako komercijalnim tako i dr\u017eavnim sektorima. Firma postoji u Srbiji od 2006. godine, a od 2017. godine poslujemo u sastavu korporacije RCM Technologies iz Sjedinjenih Ameri\u010dkih Dr\u017eava. Svih ovih godina posve\u0107eni smo razvoju i ja\u010danju kriti\u010dne elektroenergetske \u2026\" \/>\n<meta property=\"og:url\" content=\"https:\/\/www.etran.rs\/2024\/rcm-technologies-engineering-doo\/\" \/>\n<meta property=\"article:modified_time\" content=\"2024-05-23T09:45:23+00:00\" \/>\n<meta property=\"og:image\" content=\"https:\/\/www.etran.rs\/2024\/wp-content\/uploads\/2024\/05\/RCM_Energy_Services_Black_SVG_1.svg\" \/>\n<meta name=\"twitter:card\" content=\"summary_large_image\" \/>\n<meta name=\"twitter:label1\" content=\"Est. reading time\" \/>\n\t<meta name=\"twitter:data1\" content=\"2 minutes\" \/>\n<script type=\"application\/ld+json\" class=\"yoast-schema-graph\">{\"@context\":\"https:\/\/schema.org\",\"@graph\":[{\"@type\":\"WebPage\",\"@id\":\"https:\/\/www.etran.rs\/2024\/rcm-technologies-engineering-doo\/\",\"url\":\"https:\/\/www.etran.rs\/2024\/rcm-technologies-engineering-doo\/\",\"name\":\"RCM Technologies Engineering doo -\",\"isPartOf\":{\"@id\":\"https:\/\/www.etran.rs\/2024\/#website\"},\"primaryImageOfPage\":{\"@id\":\"https:\/\/www.etran.rs\/2024\/rcm-technologies-engineering-doo\/#primaryimage\"},\"image\":{\"@id\":\"https:\/\/www.etran.rs\/2024\/rcm-technologies-engineering-doo\/#primaryimage\"},\"thumbnailUrl\":\"https:\/\/www.etran.rs\/2024\/wp-content\/uploads\/2024\/05\/RCM_Energy_Services_Black_SVG_1.svg\",\"datePublished\":\"2024-05-23T09:45:21+00:00\",\"dateModified\":\"2024-05-23T09:45:23+00:00\",\"breadcrumb\":{\"@id\":\"https:\/\/www.etran.rs\/2024\/rcm-technologies-engineering-doo\/#breadcrumb\"},\"inLanguage\":\"en-US\",\"potentialAction\":[{\"@type\":\"ReadAction\",\"target\":[\"https:\/\/www.etran.rs\/2024\/rcm-technologies-engineering-doo\/\"]}]},{\"@type\":\"ImageObject\",\"inLanguage\":\"en-US\",\"@id\":\"https:\/\/www.etran.rs\/2024\/rcm-technologies-engineering-doo\/#primaryimage\",\"url\":\"https:\/\/www.etran.rs\/2024\/wp-content\/uploads\/2024\/05\/RCM_Energy_Services_Black_SVG_1.svg\",\"contentUrl\":\"https:\/\/www.etran.rs\/2024\/wp-content\/uploads\/2024\/05\/RCM_Energy_Services_Black_SVG_1.svg\",\"width\":1054,\"height\":227},{\"@type\":\"BreadcrumbList\",\"@id\":\"https:\/\/www.etran.rs\/2024\/rcm-technologies-engineering-doo\/#breadcrumb\",\"itemListElement\":[{\"@type\":\"ListItem\",\"position\":1,\"name\":\"Home\",\"item\":\"https:\/\/www.etran.rs\/2024\/en\/home-english\/\"},{\"@type\":\"ListItem\",\"position\":2,\"name\":\"RCM Technologies Engineering doo\"}]},{\"@type\":\"WebSite\",\"@id\":\"https:\/\/www.etran.rs\/2024\/#website\",\"url\":\"https:\/\/www.etran.rs\/2024\/\",\"name\":\"IcETRAN 2024\",\"description\":\"XI IcETRAN Conference 2024 - Ni\u0161, June 3-6, 2024.\",\"publisher\":{\"@id\":\"https:\/\/www.etran.rs\/2024\/#organization\"},\"potentialAction\":[{\"@type\":\"SearchAction\",\"target\":{\"@type\":\"EntryPoint\",\"urlTemplate\":\"https:\/\/www.etran.rs\/2024\/?s={search_term_string}\"},\"query-input\":\"required name=search_term_string\"}],\"inLanguage\":\"en-US\"},{\"@type\":\"Organization\",\"@id\":\"https:\/\/www.etran.rs\/2024\/#organization\",\"name\":\"ETRAN Society\",\"url\":\"https:\/\/www.etran.rs\/2024\/\",\"logo\":{\"@type\":\"ImageObject\",\"inLanguage\":\"en-US\",\"@id\":\"https:\/\/www.etran.rs\/2024\/#\/schema\/logo\/image\/\",\"url\":\"https:\/\/www.etran.rs\/2024\/wp-content\/uploads\/2023\/05\/cropped-etrannovilogo-removebg-preview-e1684584979855.png\",\"contentUrl\":\"https:\/\/www.etran.rs\/2024\/wp-content\/uploads\/2023\/05\/cropped-etrannovilogo-removebg-preview-e1684584979855.png\",\"width\":250,\"height\":54,\"caption\":\"ETRAN Society\"},\"image\":{\"@id\":\"https:\/\/www.etran.rs\/2024\/#\/schema\/logo\/image\/\"}}]}<\/script>\n<!-- \/ Yoast SEO plugin. -->","yoast_head_json":{"title":"RCM Technologies Engineering doo -","robots":{"index":"index","follow":"follow","max-snippet":"max-snippet:-1","max-image-preview":"max-image-preview:large","max-video-preview":"max-video-preview:-1"},"canonical":"https:\/\/www.etran.rs\/2024\/rcm-technologies-engineering-doo\/","og_locale":"en_US","og_type":"article","og_title":"RCM Technologies Engineering doo -","og_description":"RCM Technologies se vi\u0161e od 50 godina nalazi na \u010delu projektovanja, razvoja i pru\u017eanja in\u017eenjerskih usluga vrhunskog kvaliteta kako komercijalnim tako i dr\u017eavnim sektorima. Firma postoji u Srbiji od 2006. godine, a od 2017. godine poslujemo u sastavu korporacije RCM Technologies iz Sjedinjenih Ameri\u010dkih Dr\u017eava. Svih ovih godina posve\u0107eni smo razvoju i ja\u010danju kriti\u010dne elektroenergetske \u2026","og_url":"https:\/\/www.etran.rs\/2024\/rcm-technologies-engineering-doo\/","article_modified_time":"2024-05-23T09:45:23+00:00","og_image":[{"url":"https:\/\/www.etran.rs\/2024\/wp-content\/uploads\/2024\/05\/RCM_Energy_Services_Black_SVG_1.svg"}],"twitter_card":"summary_large_image","twitter_misc":{"Est. reading time":"2 minutes"},"schema":{"@context":"https:\/\/schema.org","@graph":[{"@type":"WebPage","@id":"https:\/\/www.etran.rs\/2024\/rcm-technologies-engineering-doo\/","url":"https:\/\/www.etran.rs\/2024\/rcm-technologies-engineering-doo\/","name":"RCM Technologies Engineering doo -","isPartOf":{"@id":"https:\/\/www.etran.rs\/2024\/#website"},"primaryImageOfPage":{"@id":"https:\/\/www.etran.rs\/2024\/rcm-technologies-engineering-doo\/#primaryimage"},"image":{"@id":"https:\/\/www.etran.rs\/2024\/rcm-technologies-engineering-doo\/#primaryimage"},"thumbnailUrl":"https:\/\/www.etran.rs\/2024\/wp-content\/uploads\/2024\/05\/RCM_Energy_Services_Black_SVG_1.svg","datePublished":"2024-05-23T09:45:21+00:00","dateModified":"2024-05-23T09:45:23+00:00","breadcrumb":{"@id":"https:\/\/www.etran.rs\/2024\/rcm-technologies-engineering-doo\/#breadcrumb"},"inLanguage":"en-US","potentialAction":[{"@type":"ReadAction","target":["https:\/\/www.etran.rs\/2024\/rcm-technologies-engineering-doo\/"]}]},{"@type":"ImageObject","inLanguage":"en-US","@id":"https:\/\/www.etran.rs\/2024\/rcm-technologies-engineering-doo\/#primaryimage","url":"https:\/\/www.etran.rs\/2024\/wp-content\/uploads\/2024\/05\/RCM_Energy_Services_Black_SVG_1.svg","contentUrl":"https:\/\/www.etran.rs\/2024\/wp-content\/uploads\/2024\/05\/RCM_Energy_Services_Black_SVG_1.svg","width":1054,"height":227},{"@type":"BreadcrumbList","@id":"https:\/\/www.etran.rs\/2024\/rcm-technologies-engineering-doo\/#breadcrumb","itemListElement":[{"@type":"ListItem","position":1,"name":"Home","item":"https:\/\/www.etran.rs\/2024\/en\/home-english\/"},{"@type":"ListItem","position":2,"name":"RCM Technologies Engineering doo"}]},{"@type":"WebSite","@id":"https:\/\/www.etran.rs\/2024\/#website","url":"https:\/\/www.etran.rs\/2024\/","name":"IcETRAN 2024","description":"XI IcETRAN Conference 2024 - Ni\u0161, June 3-6, 2024.","publisher":{"@id":"https:\/\/www.etran.rs\/2024\/#organization"},"potentialAction":[{"@type":"SearchAction","target":{"@type":"EntryPoint","urlTemplate":"https:\/\/www.etran.rs\/2024\/?s={search_term_string}"},"query-input":"required name=search_term_string"}],"inLanguage":"en-US"},{"@type":"Organization","@id":"https:\/\/www.etran.rs\/2024\/#organization","name":"ETRAN Society","url":"https:\/\/www.etran.rs\/2024\/","logo":{"@type":"ImageObject","inLanguage":"en-US","@id":"https:\/\/www.etran.rs\/2024\/#\/schema\/logo\/image\/","url":"https:\/\/www.etran.rs\/2024\/wp-content\/uploads\/2023\/05\/cropped-etrannovilogo-removebg-preview-e1684584979855.png","contentUrl":"https:\/\/www.etran.rs\/2024\/wp-content\/uploads\/2023\/05\/cropped-etrannovilogo-removebg-preview-e1684584979855.png","width":250,"height":54,"caption":"ETRAN Society"},"image":{"@id":"https:\/\/www.etran.rs\/2024\/#\/schema\/logo\/image\/"}}]}},"_links":{"self":[{"href":"https:\/\/www.etran.rs\/2024\/wp-json\/wp\/v2\/pages\/4879","targetHints":{"allow":["GET"]}}],"collection":[{"href":"https:\/\/www.etran.rs\/2024\/wp-json\/wp\/v2\/pages"}],"about":[{"href":"https:\/\/www.etran.rs\/2024\/wp-json\/wp\/v2\/types\/page"}],"author":[{"embeddable":true,"href":"https:\/\/www.etran.rs\/2024\/wp-json\/wp\/v2\/users\/1"}],"replies":[{"embeddable":true,"href":"https:\/\/www.etran.rs\/2024\/wp-json\/wp\/v2\/comments?post=4879"}],"version-history":[{"count":1,"href":"https:\/\/www.etran.rs\/2024\/wp-json\/wp\/v2\/pages\/4879\/revisions"}],"predecessor-version":[{"id":4881,"href":"https:\/\/www.etran.rs\/2024\/wp-json\/wp\/v2\/pages\/4879\/revisions\/4881"}],"wp:attachment":[{"href":"https:\/\/www.etran.rs\/2024\/wp-json\/wp\/v2\/media?parent=4879"}],"curies":[{"name":"wp","href":"https:\/\/api.w.org\/{rel}","templated":true}]}}