{"id":2892,"date":"2022-05-26T15:10:54","date_gmt":"2022-05-26T15:10:54","guid":{"rendered":"https:\/\/www.etran.rs\/2022\/?page_id=2892"},"modified":"2024-05-27T22:25:55","modified_gmt":"2024-05-27T22:25:55","slug":"accommodation","status":"publish","type":"page","link":"https:\/\/www.etran.rs\/2024\/en\/accommodation\/","title":{"rendered":"ACCOMODATION"},"content":{"rendered":"\n<h3 class=\"wp-block-heading\"><strong>For more information about accommodation see here:<\/strong><\/h3>\n\n\n\n<figure class=\"wp-block-table\"><table><thead><tr><th>NAME<\/th><th>Address<\/th><th>Contact<\/th><th>Email<\/th><\/tr><\/thead><tbody><tr><td>Tami Resort<\/td><td>Durmitorska prilaz br.1, Ni\u0161<\/td><td>018\/282\u2010222, 018\/505\u2010800, 062\/804\u201019\u201050<\/td><td><a href=\"http:\/\/www.hoteloxa.rs\/\"><\/a><a href=\"mailto:recepcija@tamiresidence.com\">recepcija@tamiresidence.com<\/a><\/td><\/tr><tr><td>Ni\u0161 City Centar<\/td><td>Obrenoviceva 17, 18000 Ni\u0161<\/td><td>+381 (0) 60 488 92 11<\/td><td>\u00a0<a href=\"mailto:niscitycenter@gmail.com\">niscitycenter@gmail.com<\/a><\/td><\/tr><tr><td>Hotel Marica<\/td><td>Njego\u0161eva 81a, Ni\u0161<\/td><td>018\/3210\u2010323, 316, 317, 318<\/td><td>\u00a0<a href=\"mailto:info@hotel%E2%80%90marica.com\">info@hotel\u2010marica.com<\/a><\/td><\/tr><tr><td>Hotel Sole<\/td><td>Kralja Stefana Prvoven\u010danog 11, Ni\u0161<\/td><td>018\/524555<\/td><td>\u00a0<a href=\"mailto:hotel@hotelsole.rs\">hotel@hotelsole.rs<\/a><\/td><\/tr><tr><td>Lira exellent<\/td><td>Hajduk Stanka 4, Ni\u0161<\/td><td>060\/582\u20108130; 060\/4825282<\/td><td>\u00a0<a href=\"mailto:liraexcellent@gmail.com\">liraexcellent@gmail.com<\/a><\/td><\/tr><tr><td>Hotel Lotos<\/td><td>Vojvode Mi\u0161i\u0107a 113, Ni\u0161<\/td><td>018\/565\u2010565, 069\/5323323, 063\/401771, 069\/4565565<\/td><td><a href=\"mailto:lotosfamily@gmail.com\">lotosfamily@gmail.com<\/a><\/td><\/tr><tr><td>Hotel Consul<\/td><td>Prvomajska 21, Ni\u0161<\/td><td>018\/291949, 062\/9782800<\/td><td><a href=\"mailto:info@consulaccommodation.rs\">info@consulaccommodation.rs<\/a><\/td><\/tr><tr><td>Restoran i sme\u0161taj PRINC<\/td><td>Ivana Milutinovi\u0107a 28, Ni\u0161<\/td><td>063\/446\u2010561,\u00a0060\/6226072<\/td><td><a href=\"mailto:reservations@princ.rs\">reservations@princ.rs<\/a><\/td><\/tr><\/tbody><\/table><\/figure>\n","protected":false},"excerpt":{"rendered":"<p>For more information about accommodation see here: NAME Address Contact Email Tami Resort Durmitorska prilaz br.1, Ni\u0161 018\/282\u2010222, 018\/505\u2010800, 062\/804\u201019\u201050 recepcija@tamiresidence.com Ni\u0161 City Centar Obrenoviceva 17, 18000 Ni\u0161 +381 (0) 60 488 92 11 \u00a0niscitycenter@gmail.com Hotel Marica Njego\u0161eva 81a, Ni\u0161 018\/3210\u2010323, 316, 317, 318 \u00a0info@hotel\u2010marica.com Hotel Sole Kralja Stefana Prvoven\u010danog 11, Ni\u0161 018\/524555 \u00a0hotel@hotelsole.rs Lira \u2026 <\/p>\n","protected":false},"author":1,"featured_media":0,"parent":0,"menu_order":0,"comment_status":"closed","ping_status":"closed","template":"","meta":{"_themeisle_gutenberg_block_has_review":false,"footnotes":""},"class_list":["post-2892","page","type-page","status-publish","hentry"],"yoast_head":"<!-- This site is optimized with the Yoast SEO plugin v22.5 - https:\/\/yoast.com\/wordpress\/plugins\/seo\/ -->\n<title>ACCOMODATION -<\/title>\n<meta name=\"robots\" content=\"index, follow, max-snippet:-1, max-image-preview:large, max-video-preview:-1\" \/>\n<link rel=\"canonical\" href=\"https:\/\/www.etran.rs\/2024\/en\/accommodation\/\" \/>\n<meta property=\"og:locale\" content=\"en_US\" \/>\n<meta property=\"og:type\" content=\"article\" \/>\n<meta property=\"og:title\" content=\"ACCOMODATION -\" \/>\n<meta property=\"og:description\" content=\"For more information about accommodation see here: NAME Address Contact Email Tami Resort Durmitorska prilaz br.1, Ni\u0161 018\/282\u2010222, 018\/505\u2010800, 062\/804\u201019\u201050 recepcija@tamiresidence.com Ni\u0161 City Centar Obrenoviceva 17, 18000 Ni\u0161 +381 (0) 60 488 92 11 \u00a0niscitycenter@gmail.com Hotel Marica Njego\u0161eva 81a, Ni\u0161 018\/3210\u2010323, 316, 317, 318 \u00a0info@hotel\u2010marica.com Hotel Sole Kralja Stefana Prvoven\u010danog 11, Ni\u0161 018\/524555 \u00a0hotel@hotelsole.rs Lira \u2026\" \/>\n<meta property=\"og:url\" content=\"https:\/\/www.etran.rs\/2024\/en\/accommodation\/\" \/>\n<meta property=\"article:modified_time\" content=\"2024-05-27T22:25:55+00:00\" \/>\n<meta name=\"twitter:card\" content=\"summary_large_image\" \/>\n<meta name=\"twitter:label1\" content=\"Est. reading time\" \/>\n\t<meta name=\"twitter:data1\" content=\"1 minute\" \/>\n<script type=\"application\/ld+json\" class=\"yoast-schema-graph\">{\"@context\":\"https:\/\/schema.org\",\"@graph\":[{\"@type\":\"WebPage\",\"@id\":\"https:\/\/www.etran.rs\/2024\/en\/accommodation\/\",\"url\":\"https:\/\/www.etran.rs\/2024\/en\/accommodation\/\",\"name\":\"ACCOMODATION -\",\"isPartOf\":{\"@id\":\"https:\/\/www.etran.rs\/2024\/#website\"},\"datePublished\":\"2022-05-26T15:10:54+00:00\",\"dateModified\":\"2024-05-27T22:25:55+00:00\",\"breadcrumb\":{\"@id\":\"https:\/\/www.etran.rs\/2024\/en\/accommodation\/#breadcrumb\"},\"inLanguage\":\"en-US\",\"potentialAction\":[{\"@type\":\"ReadAction\",\"target\":[\"https:\/\/www.etran.rs\/2024\/en\/accommodation\/\"]}]},{\"@type\":\"BreadcrumbList\",\"@id\":\"https:\/\/www.etran.rs\/2024\/en\/accommodation\/#breadcrumb\",\"itemListElement\":[{\"@type\":\"ListItem\",\"position\":1,\"name\":\"Home\",\"item\":\"https:\/\/www.etran.rs\/2024\/en\/home-english\/\"},{\"@type\":\"ListItem\",\"position\":2,\"name\":\"ACCOMODATION\"}]},{\"@type\":\"WebSite\",\"@id\":\"https:\/\/www.etran.rs\/2024\/#website\",\"url\":\"https:\/\/www.etran.rs\/2024\/\",\"name\":\"IcETRAN 2024\",\"description\":\"XI IcETRAN Conference 2024 - Ni\u0161, June 3-6, 2024.\",\"publisher\":{\"@id\":\"https:\/\/www.etran.rs\/2024\/#organization\"},\"potentialAction\":[{\"@type\":\"SearchAction\",\"target\":{\"@type\":\"EntryPoint\",\"urlTemplate\":\"https:\/\/www.etran.rs\/2024\/?s={search_term_string}\"},\"query-input\":\"required name=search_term_string\"}],\"inLanguage\":\"en-US\"},{\"@type\":\"Organization\",\"@id\":\"https:\/\/www.etran.rs\/2024\/#organization\",\"name\":\"ETRAN Society\",\"url\":\"https:\/\/www.etran.rs\/2024\/\",\"logo\":{\"@type\":\"ImageObject\",\"inLanguage\":\"en-US\",\"@id\":\"https:\/\/www.etran.rs\/2024\/#\/schema\/logo\/image\/\",\"url\":\"https:\/\/www.etran.rs\/2024\/wp-content\/uploads\/2023\/05\/cropped-etrannovilogo-removebg-preview-e1684584979855.png\",\"contentUrl\":\"https:\/\/www.etran.rs\/2024\/wp-content\/uploads\/2023\/05\/cropped-etrannovilogo-removebg-preview-e1684584979855.png\",\"width\":250,\"height\":54,\"caption\":\"ETRAN Society\"},\"image\":{\"@id\":\"https:\/\/www.etran.rs\/2024\/#\/schema\/logo\/image\/\"}}]}<\/script>\n<!-- \/ Yoast SEO plugin. -->","yoast_head_json":{"title":"ACCOMODATION -","robots":{"index":"index","follow":"follow","max-snippet":"max-snippet:-1","max-image-preview":"max-image-preview:large","max-video-preview":"max-video-preview:-1"},"canonical":"https:\/\/www.etran.rs\/2024\/en\/accommodation\/","og_locale":"en_US","og_type":"article","og_title":"ACCOMODATION -","og_description":"For more information about accommodation see here: NAME Address Contact Email Tami Resort Durmitorska prilaz br.1, Ni\u0161 018\/282\u2010222, 018\/505\u2010800, 062\/804\u201019\u201050 recepcija@tamiresidence.com Ni\u0161 City Centar Obrenoviceva 17, 18000 Ni\u0161 +381 (0) 60 488 92 11 \u00a0niscitycenter@gmail.com Hotel Marica Njego\u0161eva 81a, Ni\u0161 018\/3210\u2010323, 316, 317, 318 \u00a0info@hotel\u2010marica.com Hotel Sole Kralja Stefana Prvoven\u010danog 11, Ni\u0161 018\/524555 \u00a0hotel@hotelsole.rs Lira \u2026","og_url":"https:\/\/www.etran.rs\/2024\/en\/accommodation\/","article_modified_time":"2024-05-27T22:25:55+00:00","twitter_card":"summary_large_image","twitter_misc":{"Est. reading time":"1 minute"},"schema":{"@context":"https:\/\/schema.org","@graph":[{"@type":"WebPage","@id":"https:\/\/www.etran.rs\/2024\/en\/accommodation\/","url":"https:\/\/www.etran.rs\/2024\/en\/accommodation\/","name":"ACCOMODATION -","isPartOf":{"@id":"https:\/\/www.etran.rs\/2024\/#website"},"datePublished":"2022-05-26T15:10:54+00:00","dateModified":"2024-05-27T22:25:55+00:00","breadcrumb":{"@id":"https:\/\/www.etran.rs\/2024\/en\/accommodation\/#breadcrumb"},"inLanguage":"en-US","potentialAction":[{"@type":"ReadAction","target":["https:\/\/www.etran.rs\/2024\/en\/accommodation\/"]}]},{"@type":"BreadcrumbList","@id":"https:\/\/www.etran.rs\/2024\/en\/accommodation\/#breadcrumb","itemListElement":[{"@type":"ListItem","position":1,"name":"Home","item":"https:\/\/www.etran.rs\/2024\/en\/home-english\/"},{"@type":"ListItem","position":2,"name":"ACCOMODATION"}]},{"@type":"WebSite","@id":"https:\/\/www.etran.rs\/2024\/#website","url":"https:\/\/www.etran.rs\/2024\/","name":"IcETRAN 2024","description":"XI IcETRAN Conference 2024 - Ni\u0161, June 3-6, 2024.","publisher":{"@id":"https:\/\/www.etran.rs\/2024\/#organization"},"potentialAction":[{"@type":"SearchAction","target":{"@type":"EntryPoint","urlTemplate":"https:\/\/www.etran.rs\/2024\/?s={search_term_string}"},"query-input":"required name=search_term_string"}],"inLanguage":"en-US"},{"@type":"Organization","@id":"https:\/\/www.etran.rs\/2024\/#organization","name":"ETRAN Society","url":"https:\/\/www.etran.rs\/2024\/","logo":{"@type":"ImageObject","inLanguage":"en-US","@id":"https:\/\/www.etran.rs\/2024\/#\/schema\/logo\/image\/","url":"https:\/\/www.etran.rs\/2024\/wp-content\/uploads\/2023\/05\/cropped-etrannovilogo-removebg-preview-e1684584979855.png","contentUrl":"https:\/\/www.etran.rs\/2024\/wp-content\/uploads\/2023\/05\/cropped-etrannovilogo-removebg-preview-e1684584979855.png","width":250,"height":54,"caption":"ETRAN Society"},"image":{"@id":"https:\/\/www.etran.rs\/2024\/#\/schema\/logo\/image\/"}}]}},"_links":{"self":[{"href":"https:\/\/www.etran.rs\/2024\/wp-json\/wp\/v2\/pages\/2892","targetHints":{"allow":["GET"]}}],"collection":[{"href":"https:\/\/www.etran.rs\/2024\/wp-json\/wp\/v2\/pages"}],"about":[{"href":"https:\/\/www.etran.rs\/2024\/wp-json\/wp\/v2\/types\/page"}],"author":[{"embeddable":true,"href":"https:\/\/www.etran.rs\/2024\/wp-json\/wp\/v2\/users\/1"}],"replies":[{"embeddable":true,"href":"https:\/\/www.etran.rs\/2024\/wp-json\/wp\/v2\/comments?post=2892"}],"version-history":[{"count":9,"href":"https:\/\/www.etran.rs\/2024\/wp-json\/wp\/v2\/pages\/2892\/revisions"}],"predecessor-version":[{"id":5070,"href":"https:\/\/www.etran.rs\/2024\/wp-json\/wp\/v2\/pages\/2892\/revisions\/5070"}],"wp:attachment":[{"href":"https:\/\/www.etran.rs\/2024\/wp-json\/wp\/v2\/media?parent=2892"}],"curies":[{"name":"wp","href":"https:\/\/api.w.org\/{rel}","templated":true}]}}