{"id":2307,"date":"2021-06-14T22:23:30","date_gmt":"2021-06-14T22:23:30","guid":{"rendered":"https:\/\/www.etran.rs\/2022\/?page_id=2307"},"modified":"2024-03-11T08:44:05","modified_gmt":"2024-03-11T08:44:05","slug":"best-paper-awards","status":"publish","type":"page","link":"https:\/\/www.etran.rs\/2024\/en\/best-paper-awards\/","title":{"rendered":"Best paper Awards"},"content":{"rendered":"<p align=\"justify\">ETRAN society\u00a0<strong>awards the best paper in each section\u00a0<\/strong>for both ETRAN and IcETRAN conferences. All the papers that were accepted and presented either within oral or poster sessions are eligible for the award. The decision is drawn by the Conference Scientific Board based on the proposals from each the Sessions Chairs in each Section. Sessions chairs may decide not to submit any proposal.<\/p>\n<p align=\"justify\">All the authors of the winning papers share the award equally. The authors are solemnly awarded their ETRAN Society Diploma.<\/p>\n<p align=\"justify\">The authors of awarded papers are invited to submit a modified version of the manuscript for publishing in scientific journals that cooperate with ETRAN society. Each of these journals carries out the usual review of the submitted manuscripts.<\/p>\n<hr \/>\n<p align=\"justify\">ETRAN society awards\u00a0<strong>the best paper submitted by a young researcher<\/strong><span class=\"exponent\">1<\/span>\u00a0in each section of both ETRAN and IcETRAN conferences. The decision is drawn by the Conference Scientific Board based on the proposals by the Sessions Chairs on each Section. The young researcher awardees need to be the primary authors of the papers which they presented in person within an oral or poster session.<\/p>\n<p align=\"justify\">The awarded author is solemnly presented with his\/her ETRAN Society Diploma during the opening session of the next conference. Each of awarded young researcher also obtains one-day free accommodation at the next annual ETRAN meeting, with the purpose of assisting his\/her participation in the opening ceremony. The awarded young investigator, who presents the paper at the subsequent annual conference, does not have to pay the conference fee. This benefit is not transferable.<\/p>\n<p align=\"justify\">Each of awarded young researchers is invited to submit a modified version of the manuscript to the Serbian Journal of Electrical Engineering. The journal carries out the usual review of the submitted manuscripts.<\/p>\n<p align=\"justify\">The awarded young researchers have the option to publish for free an extended version of their conference paper in a special issue of the science journal\u00a0<em>Serbian Journal of Electrical Engineering<\/em>.<\/p>\n<p>The authors of the awarded papers are invited to submit a modified version of the manuscript for publication in International journals that cooperate with ETRAN society:<\/p>\n<ul>\n<li>Science of Sintering, <a href=\"http:\/\/ojs.itn.sanu.ac.rs\">http:\/\/ojs.itn.sanu.ac.rs<\/a>, Published by ETRAN Soc., (Web of Science, Scopus, Crossref, DOAJ; SJR rank Q2; MNTRI Srbije rank: M22),<\/li>\n<li>Facta Universitatis, Series: Electronics and Energetics, <a href=\"http:\/\/casopisi.junis.ni.ac.rs\/Index.php\/FUElectEnerg\">http:\/\/casopisi.junis.ni.ac.rs\/Index.php\/FUElectEnerg<\/a>, Published by University of Ni\u0161, (Scopus, Crossref, DOAJ; SJR rank Q4; MNTRI Srbije rank M24)<\/li>\n<li>Serbian Journal of Electrical Engineering, <a href=\"http:\/\/www.journal.ftn.kg.ac.rs\">http:\/\/www.journal.ftn.kg.ac.rs<\/a>, Published by FTN \u010ca\u010dak, (Scopus, Crossref, DOAJ, SJR rank Q4; MNTRI Srbije rank M51),<\/li>\n<li>Electronics Journal, <a href=\"http:\/\/els-journal.etf.unibl.org\">http:\/\/els-journal.etf.unibl.org<\/a>, Published by ETF Banja Luka, (Scopus, DOAJ, SJR rank Q4; MPNTR Srbije rank M53)<\/li>\n<li>Microwave Review, <a href=\"https:\/\/www.mtt-serbia.org.rs\/microwave_review\">https:\/\/www.mtt-serbia.org.rs\/microwave_review<\/a>, Published by MTTS, (Scopus, IET Inspec, EBSCO, Crossref, DOAJ; SJR rank Q4; MNTRI Srbije rank M53)<\/li>\n<\/ul>\n<h2 class=\"western\" align=\"left\"><b>YOUNG AUTHORS<\/b><b> \u2013 IcETRAN<\/b><\/h2>\n<p class=\"western\" align=\"left\"><b>API<\/b><\/p>\n<p class=\"western\" align=\"left\"><b>Branislav Ninkovi\u0107,<\/b><span lang=\"sr-Latn-RS\"> Miodrag Tasi\u0107<\/span><\/p>\n<p class=\"western\" align=\"left\"><span lang=\"sr-Latn-RS\"><i>Application of Point-in-Domain Algorithms in Near Field Calculations for Geometries with Bilinear Surface Patches <\/i><\/span><\/p>\n<p class=\"western\" align=\"left\"><b> AUI<\/b><\/p>\n<p class=\"western\" align=\"left\"><b>Natalija \u0110or\u0111evi\u0107, <\/b>Nenad D\u017eami\u0107, \u017deljko \u0110urovi\u0107<\/p>\n<p class=\"western\" align=\"left\"><span lang=\"sr-Latn-RS\"><i>Surface Crack Detection Using Image Processing and Support Vector Machine<\/i><\/span><\/p>\n<p class=\"western\" align=\"left\"><b>BTI \u2013 <\/b>Award \u201cDejan Popovi\u0107\u201d<\/p>\n<p class=\"western\" align=\"left\"><b>Tanja Boljani\u0107, <\/b>Jovana Malesevi\u0107, Sanja Vujnovi\u0107, Milica Jankovi\u0107<\/p>\n<p class=\"western\" align=\"left\"><span lang=\"sr-Latn-RS\"><i>Comparison of Time Domain Methods for Alignment of RR Signals Acquired by Different Sensor Systems<\/i><\/span><\/p>\n<p class=\"western\" align=\"left\"><b>EEI<\/b><\/p>\n<p class=\"western\" align=\"left\"><b>Milo\u0161 Milovanovi\u0107, <\/b>Jordan Radosavljevi\u0107, Bojan Perovi\u0107, Jovan Vuka\u0161inovi\u0107<\/p>\n<p class=\"western\" align=\"left\"><span lang=\"sr-Latn-RS\"><i>Probabilistic Power Flow Calculation in Asymmetric, Unbalanced and Distorted Distribution Networks<\/i><\/span><\/p>\n<p class=\"western\" align=\"left\"><b>EKI<\/b><\/p>\n<p class=\"western\" align=\"left\"><b>Filip Ne\u0161kovi\u0107, <\/b>Nikola Basta, Milka Potrebi\u0107 Ivani\u0161<\/p>\n<p class=\"western\" align=\"left\"><span lang=\"sr-Latn-RS\"><i>ADALM-PLUTO Software Defined Radio as a Tool for S-Parameter Estimation: A Comparative Study of Various System Identification Procedures<\/i><\/span><\/p>\n<p class=\"western\" align=\"left\"><b>ELI<\/b><\/p>\n<p class=\"western\" align=\"left\"><b>Marija Petrovi\u0107, <\/b>Vladimir Milovanovi\u0107<\/p>\n<p class=\"western\" align=\"left\"><span lang=\"sr-Latn-RS\"><i>On Efficient Hardware Realizations of Fixed-Point Complex Number Magnitude and its Logarithms<\/i><\/span><\/p>\n<p class=\"western\" align=\"left\"><b>MOI<\/b><\/p>\n<p class=\"western\" align=\"left\"><b>Ivan Pe\u0161i\u0107, <\/b>Milena Ra\u0161lji\u0107 Rafajilovi\u0107, Dana Vasiljevi\u0107 Radovi\u0107, Sanja Ostoji\u0107, Milo\u0161 Petrovi\u0107, Vesna Radojevi\u0107, Marija Pergal<\/p>\n<p class=\"western\" align=\"left\"><span lang=\"sr-Latn-RS\"><i>Optimization of Reaction Parameters for Preparation of MXene-based Polymer Nanocomposites<\/i><\/span><\/p>\n<p class=\"western\" align=\"left\"><b>MTI<\/b><\/p>\n<p class=\"western\" align=\"left\"><b>Ksenija Pe\u0161i\u0107, <\/b>Olivera Proni\u0107-Ran\u010di\u0107, Zoran Stankovi\u0107, Neboj\u0161a Don\u010dov<\/p>\n<p class=\"western\" align=\"left\"><a name=\"438\"><\/a> <span lang=\"sr-Latn-RS\"><i>Neural Model of The Slotted Circular Microstrip Patch Antenna<\/i><\/span><\/p>\n<p class=\"western\" align=\"left\"><b>NMI<\/b><\/p>\n<p class=\"western\" align=\"left\"><b>Neda Stanojevi\u0107, <\/b>Dragana Marku\u0161ev, Sanja Aleksic, Dragan Marku\u0161ev, Dragan Panti\u0107, Aleksandar Panti\u0107<\/p>\n<p class=\"western\" align=\"left\"><span lang=\"sr-Latn-RS\"><i>Methods for Determining and Analyzing Cut-off Frequency of Photoacoustic Signal<\/i><\/span><\/p>\n<p class=\"western\" align=\"left\"><b>ROI<\/b><\/p>\n<p class=\"western\" align=\"left\"><b>Emilija Stankovi\u0107, <\/b>Jelena Kljaji\u0107, Jovan \u0160umarac, Marija Radmilovi\u0107<\/p>\n<p class=\"western\" align=\"left\"><span lang=\"sr-Latn-RS\"><i>Human Motion Behavior Evaluation: The Possibility of Improving Human-Robot Collaboration<\/i><\/span><\/p>\n<p class=\"western\" align=\"left\"><b>RTI<\/b><\/p>\n<p class=\"western\" align=\"left\"><b>Marija Milo\u0161evi\u0107, <\/b>Milica Spasi\u0107, Vladimir Ciri\u0107<\/p>\n<p class=\"western\" align=\"left\"><i>Design and Implementation of a Lightweight Application for Network Overload Monitoring<\/i><\/p>\n<p class=\"western\" align=\"left\"><b>TEI<\/b><\/p>\n<p class=\"western\" align=\"left\"><b>Branislava \u017divkovi\u0107, <\/b>Zoran \u010ci\u010da<\/p>\n<p class=\"western\" align=\"left\"><i>Network Traffic Capturing in Open-Source 5G Core Network Platform<\/i><\/p>\n<h2 class=\"western\" align=\"left\"><b>YOUNG AUTHOR<\/b><b> \u2013 ETRAN<\/b><\/h2>\n<p class=\"western\" align=\"left\"><b>AK<\/b><\/p>\n<p class=\"western\" align=\"left\"><span lang=\"sr-Latn-RS\"><b>Marija Ratkovi\u0107, <\/b><\/span><span lang=\"sr-Latn-RS\">Matija Marijan, Tatjana Miljkovi\u0107, Milo\u0161 Bjeli\u0107<\/span><\/p>\n<p class=\"western\" align=\"left\"><span lang=\"sr-Latn-RS\"><i>Metoda za segmentaciju muzi\u010dkog signala na osnovu matrice samosli\u010dnosti<\/i><\/span><\/p>\n<p class=\"western\" align=\"left\"><b>ML<\/b><\/p>\n<p class=\"western\" align=\"left\"><span lang=\"sr-Latn-RS\"><b>Sanja Mandi\u0107, <\/b><\/span><span lang=\"sr-Latn-RS\">Marjan Urekar, \u0110or\u0111e Novakovi\u0107, Dragan Peji\u0107<\/span><\/p>\n<p class=\"western\" align=\"left\"><span lang=\"sr-Latn-RS\"><i>Sistem za merenje faznog stava zasnovan na tajmerskim metodama<\/i><\/span><\/p>\n<p class=\"western\" align=\"left\"><b>RT<\/b><\/p>\n<p class=\"western\" align=\"left\"><span lang=\"sr-Latn-RS\"><b>Lazar Smiljkovi\u0107, <\/b><\/span><span lang=\"sr-Latn-RS\">Marko Mi\u0161i\u0107, Pavle Vuleti\u0107, Slavko Gajin<\/span><\/p>\n<p class=\"western\"><span lang=\"sr-Latn-RS\"><i>Softverski alat za analizu izvornih podataka o komunikacionim aktivnostima u ra\u010dunarskim mre\u017eama<\/i><\/span><\/p>\n<h2 class=\"western\" align=\"left\"><b>BEST PAPERS AT THE SECTIONS \u2013 <\/b><b>IcETRAN<\/b><\/h2>\n<p class=\"western\" align=\"left\">MTI \u2013 Award \u201cAleksandar Marin\u010di\u0107\u201d<\/p>\n<p class=\"western\" align=\"left\"><span lang=\"sr-Latn-RS\"><b>Biljana Sto\u0161i\u0107, Marin Nedelchev<\/b><\/span><\/p>\n<p class=\"western\" align=\"left\"><span lang=\"sr-Latn-RS\"><i>N-way Gysels Modeling Using Transmission Line-based Wave Digital Framework<\/i><\/span><\/p>\n<p class=\"western\" align=\"left\">NTI<\/p>\n<p class=\"western\" align=\"left\"><span lang=\"sr-Latn-RS\"><b>Luka Rubinjoni, Srboljub Stankovi\u0107, Aco Jani\u0107ijevi\u0107<\/b><\/span><\/p>\n<p class=\"western\" align=\"left\"><span lang=\"sr-Latn-RS\"><i>Measuring Geopolymer Set Times Under Ionizing Radiation \u2013 Advances in Instruments and Procedures<\/i><\/span><\/p>\n<p class=\"western\" align=\"left\">RTI<\/p>\n<p class=\"western\" align=\"left\"><span lang=\"sr-Latn-RS\"><b>Aleksandar Veljanovski, Aleksandar Milenkovic, Marija Veljanovski, Petar Rajkovic, Dragan Jankovic<\/b><\/span><\/p>\n<p class=\"western\" align=\"left\"><span lang=\"sr-Latn-RS\"><i>Realization of Software System for Collaboration of Specialist Proposed Therapy and Physician Accepted Therapy<\/i><\/span><\/p>\n<p class=\"western\" align=\"left\">TEI<\/p>\n<p class=\"western\" align=\"left\"><span lang=\"sr-Latn-RS\"><b>Jovan Milojkovi\u0107, Predrag Ivani\u0161, Vesna Blagojevi\u0107, Sr\u0111an Brki\u0107<\/b><\/span><\/p>\n<p class=\"western\" align=\"left\"><span lang=\"sr-Latn-RS\"><i>Performance Analysis of Land Mobile Satellite-Terrestrial Systems with Selection Relaying<\/i><\/span><\/p>\n<h2 class=\"western\" align=\"left\"><b>BEST PAPERS AT THE SECTIONS<\/b><b> \u2013 <\/b><b>ETRAN<\/b><\/h2>\n<p class=\"western\" align=\"left\">AK<\/p>\n<p class=\"western\" align=\"left\"><b>Miomir Miji\u0107, Miodrag Stanojevi\u0107<\/b><\/p>\n<p class=\"western\" align=\"left\"><i>Analiza ambijentalne buke u stanovima<\/i><\/p>\n<p class=\"western\" align=\"left\">AU<\/p>\n<p class=\"western\" align=\"left\"><b>\u010cedomir Milosavljevi\u0107, Boban Veseli\u0107, Milutin Petronijevi\u0107, Branislava Perunici\u010d-Dra\u017eenovi\u0107, Senad Huseinbegovi\u0107<\/b><\/p>\n<p class=\"western\" align=\"left\"><i>Diskretna realizacija supertvisting algoritma upravljanja promenljive strukture: eksplicit ili semi-implicit pristup?<\/i><\/p>\n<p class=\"western\" align=\"left\">EE<\/p>\n<p class=\"western\" align=\"left\"><b>\u041c\u043b\u0430\u0434\u0435\u043d \u0411\u0430\u045a\u0430\u043d\u0438\u043d<\/b><span lang=\"sr-RS\"><b>, <\/b><\/span><b>\u041c\u0430\u0440\u043a\u043e \u0418\u043a\u0438\u045b<\/b><\/p>\n<p class=\"western\" align=\"left\"><i>\u0410\u043d\u0430\u043b\u0438\u0437\u0430 \u0441\u043f\u0435\u0446\u0438\u0444\u0438\u0447\u043d\u0438\u0445 \u0440\u0435\u0437\u0443\u043b\u0442\u0430\u0442\u0430 \u0440\u0435\u0433\u0438\u0441\u0442\u0440\u043e\u0432\u0430\u043d\u0438\u0445 \u043f\u0440\u0438\u043b\u0438\u043a\u043e\u043c \u043c\u0458\u0435\u0440\u0435\u045a\u0430 \u043f\u0430\u0440\u0430\u043c\u0435\u0442\u0430\u0440\u0430 \u043a\u0432\u0430\u043b\u0438\u0442\u0435\u0442\u0430 \u0435\u043b\u0435\u043a\u0442\u0440\u0438\u0447\u043d\u0435 \u0435\u043d\u0435\u0440\u0433\u0438\u0458\u0435 \u0443 \u0435\u043b\u0435\u043a\u0442\u0440\u043e\u0434\u0438\u0441\u0442\u0440\u0438\u0431\u0443\u0442\u0438\u0432\u043d\u043e\u0458 \u043c\u0440\u0435\u0436\u0438<\/i><\/p>\n<p class=\"western\" align=\"left\">EL<\/p>\n<p class=\"western\" align=\"left\"><b>Nenad Jovi\u010di\u0107, Nemanja Jankovi\u0107<\/b><\/p>\n<p class=\"western\" align=\"left\"><i>Strujni senzor kao indirektni mera\u010d aktivnosti radnog alata u proizvodnom procesu<\/i><\/p>\n<p class=\"western\" align=\"left\">ML<\/p>\n<p class=\"western\" align=\"left\"><b>Goran Miljkovi\u0107, Ivana Ran\u0111elovi\u0107, Dragan Deni\u0107<\/b><\/p>\n<p class=\"western\" align=\"left\"><i>Doprinos pobolj\u0161anju brzine rada pseudoslu\u010dajnog pozicionog enkodera<\/i><\/p>\n<p class=\"western\" align=\"left\">NM<\/p>\n<p class=\"western\" align=\"left\"><b>Vesna Paunovi\u0107, Neda Stanojevi\u0107, Zoran Priji\u0107<\/b><\/p>\n<p class=\"western\" align=\"left\"><i>Uticaj veli\u010dine zrna na elektri\u010dne karakteristike dopirane BaTiO<\/i><sub><i>3<\/i><\/sub><i> keramike<\/i><\/p>\n<p class=\"western\" align=\"left\">R<span lang=\"sr-Latn-RS\">T<\/span><\/p>\n<p class=\"western\" align=\"left\"><b>Jovana Kitanovi\u0107, Dra\u017een Dra\u0161kovi\u0107, Maja Vukasovi\u0107, Sanja Del\u010dev<\/b><\/p>\n<p class=\"western\" align=\"left\"><i>Razvoj alata za proveru i korekciju teksta zasnovan na grafovima i stablima pretra\u017eivanja<\/i><\/p>\n<hr \/>\n<p align=\"justify\">For the awarded authors to make the most of these benefits, it is necessary to get in touch with ETRAN Secretary Ms. Mirjana Jovani\u0107.<\/p>\n<p class=\"footnote\" align=\"justify\"><sup><span class=\"exponent\">1<\/span><\/sup>\u00a0<strong>Young researcher<\/strong> is a student enrolled in an academic bachelor program (younger than 25 in 2024), master program (younger than 27 in 2024), PhD program or has a PhD degree (younger than 40 years in 2024). The relevant information has to be specified while registering and submitting the manuscript.<\/p>\n","protected":false},"excerpt":{"rendered":"<p>ETRAN society\u00a0awards the best paper in each section\u00a0for both ETRAN and IcETRAN conferences. All the papers that were accepted and presented either within oral or poster sessions are eligible for the award. The decision is drawn by the Conference Scientific Board based on the proposals from each the Sessions Chairs in each Section. Sessions chairs \u2026 <\/p>\n","protected":false},"author":1,"featured_media":0,"parent":0,"menu_order":0,"comment_status":"closed","ping_status":"closed","template":"","meta":{"_themeisle_gutenberg_block_has_review":false,"footnotes":""},"class_list":["post-2307","page","type-page","status-publish","hentry"],"yoast_head":"<!-- This site is optimized with the Yoast SEO plugin v22.5 - https:\/\/yoast.com\/wordpress\/plugins\/seo\/ -->\n<title>Best paper Awards -<\/title>\n<meta name=\"robots\" content=\"index, follow, max-snippet:-1, max-image-preview:large, max-video-preview:-1\" \/>\n<link rel=\"canonical\" href=\"https:\/\/www.etran.rs\/2024\/en\/best-paper-awards\/\" \/>\n<meta property=\"og:locale\" content=\"en_US\" \/>\n<meta property=\"og:type\" content=\"article\" \/>\n<meta property=\"og:title\" content=\"Best paper Awards -\" \/>\n<meta property=\"og:description\" content=\"ETRAN society\u00a0awards the best paper in each section\u00a0for both ETRAN and IcETRAN conferences. All the papers that were accepted and presented either within oral or poster sessions are eligible for the award. The decision is drawn by the Conference Scientific Board based on the proposals from each the Sessions Chairs in each Section. Sessions chairs \u2026\" \/>\n<meta property=\"og:url\" content=\"https:\/\/www.etran.rs\/2024\/en\/best-paper-awards\/\" \/>\n<meta property=\"article:modified_time\" content=\"2024-03-11T08:44:05+00:00\" \/>\n<meta name=\"twitter:card\" content=\"summary_large_image\" \/>\n<meta name=\"twitter:label1\" content=\"Est. reading time\" \/>\n\t<meta name=\"twitter:data1\" content=\"5 minutes\" \/>\n<script type=\"application\/ld+json\" class=\"yoast-schema-graph\">{\"@context\":\"https:\/\/schema.org\",\"@graph\":[{\"@type\":\"WebPage\",\"@id\":\"https:\/\/www.etran.rs\/2024\/en\/best-paper-awards\/\",\"url\":\"https:\/\/www.etran.rs\/2024\/en\/best-paper-awards\/\",\"name\":\"Best paper Awards -\",\"isPartOf\":{\"@id\":\"https:\/\/www.etran.rs\/2024\/#website\"},\"datePublished\":\"2021-06-14T22:23:30+00:00\",\"dateModified\":\"2024-03-11T08:44:05+00:00\",\"breadcrumb\":{\"@id\":\"https:\/\/www.etran.rs\/2024\/en\/best-paper-awards\/#breadcrumb\"},\"inLanguage\":\"en-US\",\"potentialAction\":[{\"@type\":\"ReadAction\",\"target\":[\"https:\/\/www.etran.rs\/2024\/en\/best-paper-awards\/\"]}]},{\"@type\":\"BreadcrumbList\",\"@id\":\"https:\/\/www.etran.rs\/2024\/en\/best-paper-awards\/#breadcrumb\",\"itemListElement\":[{\"@type\":\"ListItem\",\"position\":1,\"name\":\"Home\",\"item\":\"https:\/\/www.etran.rs\/2024\/en\/home-english\/\"},{\"@type\":\"ListItem\",\"position\":2,\"name\":\"Best paper Awards\"}]},{\"@type\":\"WebSite\",\"@id\":\"https:\/\/www.etran.rs\/2024\/#website\",\"url\":\"https:\/\/www.etran.rs\/2024\/\",\"name\":\"IcETRAN 2024\",\"description\":\"XI IcETRAN Conference 2024 - Ni\u0161, June 3-6, 2024.\",\"publisher\":{\"@id\":\"https:\/\/www.etran.rs\/2024\/#organization\"},\"potentialAction\":[{\"@type\":\"SearchAction\",\"target\":{\"@type\":\"EntryPoint\",\"urlTemplate\":\"https:\/\/www.etran.rs\/2024\/?s={search_term_string}\"},\"query-input\":\"required name=search_term_string\"}],\"inLanguage\":\"en-US\"},{\"@type\":\"Organization\",\"@id\":\"https:\/\/www.etran.rs\/2024\/#organization\",\"name\":\"ETRAN Society\",\"url\":\"https:\/\/www.etran.rs\/2024\/\",\"logo\":{\"@type\":\"ImageObject\",\"inLanguage\":\"en-US\",\"@id\":\"https:\/\/www.etran.rs\/2024\/#\/schema\/logo\/image\/\",\"url\":\"https:\/\/www.etran.rs\/2024\/wp-content\/uploads\/2023\/05\/cropped-etrannovilogo-removebg-preview-e1684584979855.png\",\"contentUrl\":\"https:\/\/www.etran.rs\/2024\/wp-content\/uploads\/2023\/05\/cropped-etrannovilogo-removebg-preview-e1684584979855.png\",\"width\":250,\"height\":54,\"caption\":\"ETRAN Society\"},\"image\":{\"@id\":\"https:\/\/www.etran.rs\/2024\/#\/schema\/logo\/image\/\"}}]}<\/script>\n<!-- \/ Yoast SEO plugin. -->","yoast_head_json":{"title":"Best paper Awards -","robots":{"index":"index","follow":"follow","max-snippet":"max-snippet:-1","max-image-preview":"max-image-preview:large","max-video-preview":"max-video-preview:-1"},"canonical":"https:\/\/www.etran.rs\/2024\/en\/best-paper-awards\/","og_locale":"en_US","og_type":"article","og_title":"Best paper Awards -","og_description":"ETRAN society\u00a0awards the best paper in each section\u00a0for both ETRAN and IcETRAN conferences. All the papers that were accepted and presented either within oral or poster sessions are eligible for the award. The decision is drawn by the Conference Scientific Board based on the proposals from each the Sessions Chairs in each Section. Sessions chairs \u2026","og_url":"https:\/\/www.etran.rs\/2024\/en\/best-paper-awards\/","article_modified_time":"2024-03-11T08:44:05+00:00","twitter_card":"summary_large_image","twitter_misc":{"Est. reading time":"5 minutes"},"schema":{"@context":"https:\/\/schema.org","@graph":[{"@type":"WebPage","@id":"https:\/\/www.etran.rs\/2024\/en\/best-paper-awards\/","url":"https:\/\/www.etran.rs\/2024\/en\/best-paper-awards\/","name":"Best paper Awards -","isPartOf":{"@id":"https:\/\/www.etran.rs\/2024\/#website"},"datePublished":"2021-06-14T22:23:30+00:00","dateModified":"2024-03-11T08:44:05+00:00","breadcrumb":{"@id":"https:\/\/www.etran.rs\/2024\/en\/best-paper-awards\/#breadcrumb"},"inLanguage":"en-US","potentialAction":[{"@type":"ReadAction","target":["https:\/\/www.etran.rs\/2024\/en\/best-paper-awards\/"]}]},{"@type":"BreadcrumbList","@id":"https:\/\/www.etran.rs\/2024\/en\/best-paper-awards\/#breadcrumb","itemListElement":[{"@type":"ListItem","position":1,"name":"Home","item":"https:\/\/www.etran.rs\/2024\/en\/home-english\/"},{"@type":"ListItem","position":2,"name":"Best paper Awards"}]},{"@type":"WebSite","@id":"https:\/\/www.etran.rs\/2024\/#website","url":"https:\/\/www.etran.rs\/2024\/","name":"IcETRAN 2024","description":"XI IcETRAN Conference 2024 - Ni\u0161, June 3-6, 2024.","publisher":{"@id":"https:\/\/www.etran.rs\/2024\/#organization"},"potentialAction":[{"@type":"SearchAction","target":{"@type":"EntryPoint","urlTemplate":"https:\/\/www.etran.rs\/2024\/?s={search_term_string}"},"query-input":"required name=search_term_string"}],"inLanguage":"en-US"},{"@type":"Organization","@id":"https:\/\/www.etran.rs\/2024\/#organization","name":"ETRAN Society","url":"https:\/\/www.etran.rs\/2024\/","logo":{"@type":"ImageObject","inLanguage":"en-US","@id":"https:\/\/www.etran.rs\/2024\/#\/schema\/logo\/image\/","url":"https:\/\/www.etran.rs\/2024\/wp-content\/uploads\/2023\/05\/cropped-etrannovilogo-removebg-preview-e1684584979855.png","contentUrl":"https:\/\/www.etran.rs\/2024\/wp-content\/uploads\/2023\/05\/cropped-etrannovilogo-removebg-preview-e1684584979855.png","width":250,"height":54,"caption":"ETRAN Society"},"image":{"@id":"https:\/\/www.etran.rs\/2024\/#\/schema\/logo\/image\/"}}]}},"_links":{"self":[{"href":"https:\/\/www.etran.rs\/2024\/wp-json\/wp\/v2\/pages\/2307","targetHints":{"allow":["GET"]}}],"collection":[{"href":"https:\/\/www.etran.rs\/2024\/wp-json\/wp\/v2\/pages"}],"about":[{"href":"https:\/\/www.etran.rs\/2024\/wp-json\/wp\/v2\/types\/page"}],"author":[{"embeddable":true,"href":"https:\/\/www.etran.rs\/2024\/wp-json\/wp\/v2\/users\/1"}],"replies":[{"embeddable":true,"href":"https:\/\/www.etran.rs\/2024\/wp-json\/wp\/v2\/comments?post=2307"}],"version-history":[{"count":13,"href":"https:\/\/www.etran.rs\/2024\/wp-json\/wp\/v2\/pages\/2307\/revisions"}],"predecessor-version":[{"id":4487,"href":"https:\/\/www.etran.rs\/2024\/wp-json\/wp\/v2\/pages\/2307\/revisions\/4487"}],"wp:attachment":[{"href":"https:\/\/www.etran.rs\/2024\/wp-json\/wp\/v2\/media?parent=2307"}],"curies":[{"name":"wp","href":"https:\/\/api.w.org\/{rel}","templated":true}]}}