{"id":836,"date":"2018-11-26T09:29:01","date_gmt":"2018-11-26T09:29:01","guid":{"rendered":"https:\/\/www.etran.rs\/2021\/?page_id=836"},"modified":"2021-11-22T01:39:15","modified_gmt":"2021-11-22T01:39:15","slug":"an-overview-of-etan-etran-conferences","status":"publish","type":"page","link":"https:\/\/www.etran.rs\/2022\/en\/an-overview-of-etan-etran-conferences\/","title":{"rendered":"History of Conferences"},"content":{"rendered":"\r\n<h3 class=\"wp-block-heading\">An Overview of\u00a0ETAN\/ETRAN conferences<\/h3>\r\n\r\n\r\n\r\n<ol class=\"wp-block-list\">\r\n<li>Beograd, November 1955<\/li>\r\n<li>Beograd, November 1957<\/li>\r\n<li>Ljubljana, November 1958<\/li>\r\n<li>Zagreb, November 1959<\/li>\r\n<li>Beograd, November 1960<\/li>\r\n<li>Sarajevo, November 1961<\/li>\r\n<li>Novi Sad, November 1962<\/li>\r\n<li>Zagreb, November 1963<\/li>\r\n<li>Bled, November 1964<\/li>\r\n<li>Beograd, November 1965<\/li>\r\n<li>Ni\u0161, June 1967<\/li>\r\n<li>Rijeka, June 1968<\/li>\r\n<li>Subotica, June 1969<\/li>\r\n<li>Sarajevo, June 1970<\/li>\r\n<li>Split, June 1971<\/li>\r\n<li>Velenje, June 1972<\/li>\r\n<li>Novi Sad, June 1973<\/li>\r\n<li>Ulcinj, June 1974<\/li>\r\n<li>Ohrid, June 1975<\/li>\r\n<li>Opatija, June 1976<\/li>\r\n<li>Banja Luka, June 1977<\/li>\r\n<li>Zadar, June 1978<\/li>\r\n<li>Maribor, June 1979<\/li>\r\n<li>Pri\u0161tina, June 1980<\/li>\r\n<li>Mostar, June 1981<\/li>\r\n<li>Subotica, June 1982<\/li>\r\n<li>Struga, June 1983<\/li>\r\n<li>Split, June 1984<\/li>\r\n<li>Ni\u0161, June 1985<\/li>\r\n<li>Herceg Novi, June 1986<\/li>\r\n<li>Bled, June 1987<\/li>\r\n<li>Sarajevo, June 1988<\/li>\r\n<li>Novi Sad, June 1989<\/li>\r\n<li>Zagreb, June 1990<\/li>\r\n<li>Ohrid, June 1991<\/li>\r\n<li>Kopaonik, September 1992<\/li>\r\n<li>Beograd, September 1993<\/li>\r\n<li>Ni\u0161, June 1994<\/li>\r\n<li>Zlatibor, June 1995<\/li>\r\n<li>Budva, June 1996<\/li>\r\n<li>Zlatibor, June 1997<\/li>\r\n<li>Vrnja\u010dka Banja, June 1998<\/li>\r\n<li>Zlatibor, September 1999<\/li>\r\n<li>Sokobanja, June 2000<\/li>\r\n<li>Bukovi\u010dka Banja, June 2001<\/li>\r\n<li>Banja Vru\u0107ica \u2013 Tesli\u0107, June 2002<\/li>\r\n<li>Herceg Novi, June 2003<\/li>\r\n<li>\u010ca\u010dak, June 2004<\/li>\r\n<li>Budva, June 2005<\/li>\r\n<li>Beograd, June 2006<\/li>\r\n<li>Herceg Novi, June 2007<\/li>\r\n<li>Pali\u0107, June 2008<\/li>\r\n<li>Vrnja\u010dka Banja, June 2009<\/li>\r\n<li>Donji Milanovac, June 2010<\/li>\r\n<li>Banja Vru\u0107ica \u2013 Tesli\u0107, June 2011<\/li>\r\n<li>Zlatibor, June 2012<\/li>\r\n<li>Zlatibor, June 2013<\/li>\r\n<li>Vrnja\u010dka Banja, June 2014<\/li>\r\n<li>Silver Lake, June 2015<\/li>\r\n<li>Zlatibor, June 2016<\/li>\r\n<li><a href=\"https:\/\/www.etran.rs\/2017\/\">Kladovo, June 2017<\/a><\/li>\r\n<li><a href=\"https:\/\/www.etran.rs\/2018\/\">Pali\u0107, June 2018<\/a><\/li>\r\n<li><a href=\"https:\/\/www.etran.rs\/2019\/\">Srebrno Jezero, June 2019<\/a><\/li>\r\n<li><a href=\"https:\/\/www.etran.rs\/2020\/IcETRAN\/About_Conference\/\" target=\"_blank\" rel=\"noreferrer noopener\">Belgrade, Novi Sad, \u010ca\u010dak, Ni\u0161, September 2020<\/a><\/li>\r\n<li><a href=\"https:\/\/www.etran.rs\/2021\/en\/home-english\/\" target=\"_blank\" rel=\"noreferrer noopener\">Ethno village Stani\u0161i\u0107i, Republic of Srpska, September 2021<\/a><\/li>\r\n<\/ol>\r\n\r\n\r\n\r\n<p>\u00a0<\/p>\r\n","protected":false},"excerpt":{"rendered":"<p>An Overview of\u00a0ETAN\/ETRAN conferences Beograd, November 1955 Beograd, November 1957 Ljubljana, November 1958 Zagreb, November 1959 Beograd, November 1960 Sarajevo, November 1961 Novi Sad, November 1962 Zagreb, November 1963 Bled, November 1964 Beograd, November 1965 Ni\u0161, June 1967 Rijeka, June 1968 Subotica, June 1969 Sarajevo, June 1970 Split, June 1971 Velenje, June 1972 Novi Sad, \u2026 <\/p>\n","protected":false},"author":1,"featured_media":0,"parent":0,"menu_order":0,"comment_status":"closed","ping_status":"closed","template":"","meta":{"footnotes":""},"class_list":["post-836","page","type-page","status-publish","hentry"],"yoast_head":"<!-- This site is optimized with the Yoast SEO plugin v23.0 - https:\/\/yoast.com\/wordpress\/plugins\/seo\/ -->\n<title>History of Conferences -<\/title>\n<meta name=\"robots\" content=\"index, follow, max-snippet:-1, max-image-preview:large, max-video-preview:-1\" \/>\n<link rel=\"canonical\" href=\"https:\/\/www.etran.rs\/2022\/en\/an-overview-of-etan-etran-conferences\/\" \/>\n<meta property=\"og:locale\" content=\"en_US\" \/>\n<meta property=\"og:type\" content=\"article\" \/>\n<meta property=\"og:title\" content=\"History of Conferences -\" \/>\n<meta property=\"og:description\" content=\"An Overview of\u00a0ETAN\/ETRAN conferences Beograd, November 1955 Beograd, November 1957 Ljubljana, November 1958 Zagreb, November 1959 Beograd, November 1960 Sarajevo, November 1961 Novi Sad, November 1962 Zagreb, November 1963 Bled, November 1964 Beograd, November 1965 Ni\u0161, June 1967 Rijeka, June 1968 Subotica, June 1969 Sarajevo, June 1970 Split, June 1971 Velenje, June 1972 Novi Sad, \u2026\" \/>\n<meta property=\"og:url\" content=\"https:\/\/www.etran.rs\/2022\/en\/an-overview-of-etan-etran-conferences\/\" \/>\n<meta property=\"article:modified_time\" content=\"2021-11-22T01:39:15+00:00\" \/>\n<meta name=\"twitter:card\" content=\"summary_large_image\" \/>\n<meta name=\"twitter:label1\" content=\"Est. reading time\" \/>\n\t<meta name=\"twitter:data1\" content=\"1 minute\" \/>\n<script type=\"application\/ld+json\" class=\"yoast-schema-graph\">{\"@context\":\"https:\/\/schema.org\",\"@graph\":[{\"@type\":\"WebPage\",\"@id\":\"https:\/\/www.etran.rs\/2022\/en\/an-overview-of-etan-etran-conferences\/\",\"url\":\"https:\/\/www.etran.rs\/2022\/en\/an-overview-of-etan-etran-conferences\/\",\"name\":\"History of Conferences -\",\"isPartOf\":{\"@id\":\"https:\/\/www.etran.rs\/2022\/#website\"},\"datePublished\":\"2018-11-26T09:29:01+00:00\",\"dateModified\":\"2021-11-22T01:39:15+00:00\",\"breadcrumb\":{\"@id\":\"https:\/\/www.etran.rs\/2022\/en\/an-overview-of-etan-etran-conferences\/#breadcrumb\"},\"inLanguage\":\"en-US\",\"potentialAction\":[{\"@type\":\"ReadAction\",\"target\":[\"https:\/\/www.etran.rs\/2022\/en\/an-overview-of-etan-etran-conferences\/\"]}]},{\"@type\":\"BreadcrumbList\",\"@id\":\"https:\/\/www.etran.rs\/2022\/en\/an-overview-of-etan-etran-conferences\/#breadcrumb\",\"itemListElement\":[{\"@type\":\"ListItem\",\"position\":1,\"name\":\"Home\",\"item\":\"http:\/\/www.etran.rs\/2022\/en\/home-english\/\"},{\"@type\":\"ListItem\",\"position\":2,\"name\":\"History of Conferences\"}]},{\"@type\":\"WebSite\",\"@id\":\"https:\/\/www.etran.rs\/2022\/#website\",\"url\":\"https:\/\/www.etran.rs\/2022\/\",\"name\":\"\",\"description\":\"LXVI \u0415\u0422\u0420\u0410\u041d 2022 - \u041d\u043e\u0432\u0438 \u041f\u0430\u0437\u0430\u0440, \u0420\u0435\u043f\u0443\u0431\u043b\u0438\u043a\u0430 \u0421\u0440\u0431\u0438\u0458\u0430, 6-9. \u0458\u0443\u043d 2022.\",\"publisher\":{\"@id\":\"https:\/\/www.etran.rs\/2022\/#organization\"},\"potentialAction\":[{\"@type\":\"SearchAction\",\"target\":{\"@type\":\"EntryPoint\",\"urlTemplate\":\"https:\/\/www.etran.rs\/2022\/?s={search_term_string}\"},\"query-input\":\"required name=search_term_string\"}],\"inLanguage\":\"en-US\"},{\"@type\":\"Organization\",\"@id\":\"https:\/\/www.etran.rs\/2022\/#organization\",\"name\":\"ETRAN Society\",\"url\":\"https:\/\/www.etran.rs\/2022\/\",\"logo\":{\"@type\":\"ImageObject\",\"inLanguage\":\"en-US\",\"@id\":\"https:\/\/www.etran.rs\/2022\/#\/schema\/logo\/image\/\",\"url\":\"https:\/\/www.etran.rs\/2021\/wp-content\/uploads\/2021\/06\/ETRAN-logo.png\",\"contentUrl\":\"https:\/\/www.etran.rs\/2021\/wp-content\/uploads\/2021\/06\/ETRAN-logo.png\",\"width\":338,\"height\":89,\"caption\":\"ETRAN Society\"},\"image\":{\"@id\":\"https:\/\/www.etran.rs\/2022\/#\/schema\/logo\/image\/\"}}]}<\/script>\n<!-- \/ Yoast SEO plugin. -->","yoast_head_json":{"title":"History of Conferences -","robots":{"index":"index","follow":"follow","max-snippet":"max-snippet:-1","max-image-preview":"max-image-preview:large","max-video-preview":"max-video-preview:-1"},"canonical":"https:\/\/www.etran.rs\/2022\/en\/an-overview-of-etan-etran-conferences\/","og_locale":"en_US","og_type":"article","og_title":"History of Conferences -","og_description":"An Overview of\u00a0ETAN\/ETRAN conferences Beograd, November 1955 Beograd, November 1957 Ljubljana, November 1958 Zagreb, November 1959 Beograd, November 1960 Sarajevo, November 1961 Novi Sad, November 1962 Zagreb, November 1963 Bled, November 1964 Beograd, November 1965 Ni\u0161, June 1967 Rijeka, June 1968 Subotica, June 1969 Sarajevo, June 1970 Split, June 1971 Velenje, June 1972 Novi Sad, \u2026","og_url":"https:\/\/www.etran.rs\/2022\/en\/an-overview-of-etan-etran-conferences\/","article_modified_time":"2021-11-22T01:39:15+00:00","twitter_card":"summary_large_image","twitter_misc":{"Est. reading time":"1 minute"},"schema":{"@context":"https:\/\/schema.org","@graph":[{"@type":"WebPage","@id":"https:\/\/www.etran.rs\/2022\/en\/an-overview-of-etan-etran-conferences\/","url":"https:\/\/www.etran.rs\/2022\/en\/an-overview-of-etan-etran-conferences\/","name":"History of Conferences -","isPartOf":{"@id":"https:\/\/www.etran.rs\/2022\/#website"},"datePublished":"2018-11-26T09:29:01+00:00","dateModified":"2021-11-22T01:39:15+00:00","breadcrumb":{"@id":"https:\/\/www.etran.rs\/2022\/en\/an-overview-of-etan-etran-conferences\/#breadcrumb"},"inLanguage":"en-US","potentialAction":[{"@type":"ReadAction","target":["https:\/\/www.etran.rs\/2022\/en\/an-overview-of-etan-etran-conferences\/"]}]},{"@type":"BreadcrumbList","@id":"https:\/\/www.etran.rs\/2022\/en\/an-overview-of-etan-etran-conferences\/#breadcrumb","itemListElement":[{"@type":"ListItem","position":1,"name":"Home","item":"http:\/\/www.etran.rs\/2022\/en\/home-english\/"},{"@type":"ListItem","position":2,"name":"History of Conferences"}]},{"@type":"WebSite","@id":"https:\/\/www.etran.rs\/2022\/#website","url":"https:\/\/www.etran.rs\/2022\/","name":"","description":"LXVI \u0415\u0422\u0420\u0410\u041d 2022 - \u041d\u043e\u0432\u0438 \u041f\u0430\u0437\u0430\u0440, \u0420\u0435\u043f\u0443\u0431\u043b\u0438\u043a\u0430 \u0421\u0440\u0431\u0438\u0458\u0430, 6-9. \u0458\u0443\u043d 2022.","publisher":{"@id":"https:\/\/www.etran.rs\/2022\/#organization"},"potentialAction":[{"@type":"SearchAction","target":{"@type":"EntryPoint","urlTemplate":"https:\/\/www.etran.rs\/2022\/?s={search_term_string}"},"query-input":"required name=search_term_string"}],"inLanguage":"en-US"},{"@type":"Organization","@id":"https:\/\/www.etran.rs\/2022\/#organization","name":"ETRAN Society","url":"https:\/\/www.etran.rs\/2022\/","logo":{"@type":"ImageObject","inLanguage":"en-US","@id":"https:\/\/www.etran.rs\/2022\/#\/schema\/logo\/image\/","url":"https:\/\/www.etran.rs\/2021\/wp-content\/uploads\/2021\/06\/ETRAN-logo.png","contentUrl":"https:\/\/www.etran.rs\/2021\/wp-content\/uploads\/2021\/06\/ETRAN-logo.png","width":338,"height":89,"caption":"ETRAN Society"},"image":{"@id":"https:\/\/www.etran.rs\/2022\/#\/schema\/logo\/image\/"}}]}},"_links":{"self":[{"href":"https:\/\/www.etran.rs\/2022\/wp-json\/wp\/v2\/pages\/836","targetHints":{"allow":["GET"]}}],"collection":[{"href":"https:\/\/www.etran.rs\/2022\/wp-json\/wp\/v2\/pages"}],"about":[{"href":"https:\/\/www.etran.rs\/2022\/wp-json\/wp\/v2\/types\/page"}],"author":[{"embeddable":true,"href":"https:\/\/www.etran.rs\/2022\/wp-json\/wp\/v2\/users\/1"}],"replies":[{"embeddable":true,"href":"https:\/\/www.etran.rs\/2022\/wp-json\/wp\/v2\/comments?post=836"}],"version-history":[{"count":5,"href":"https:\/\/www.etran.rs\/2022\/wp-json\/wp\/v2\/pages\/836\/revisions"}],"predecessor-version":[{"id":1958,"href":"https:\/\/www.etran.rs\/2022\/wp-json\/wp\/v2\/pages\/836\/revisions\/1958"}],"wp:attachment":[{"href":"https:\/\/www.etran.rs\/2022\/wp-json\/wp\/v2\/media?parent=836"}],"curies":[{"name":"wp","href":"https:\/\/api.w.org\/{rel}","templated":true}]}}