{"id":2721,"date":"2022-05-09T18:31:22","date_gmt":"2022-05-09T18:31:22","guid":{"rendered":"https:\/\/www.etran.rs\/2022\/?page_id=2721"},"modified":"2022-05-09T18:31:41","modified_gmt":"2022-05-09T18:31:41","slug":"marjan-urekar-uloga-i-polozaj-metrologije-u-kontekstu-industrije-4-0","status":"publish","type":"page","link":"https:\/\/www.etran.rs\/2022\/marjan-urekar-uloga-i-polozaj-metrologije-u-kontekstu-industrije-4-0\/","title":{"rendered":"Marjan Urekar \u2013 Uloga i polo\u017eaj metrologije u kontekstu Industrije 4.0"},"content":{"rendered":"<p>ETRAN 2022, Sekcija ML (Metrologija) POZVANO PREDAVANJE:<\/p>\n<p>Uloga i polo\u017eaj metrologije u kontekstu Industrije 4.0<\/p>\n<p>Marjan Urekar,<\/p>\n<p>Univerzitet u Novom Sadu, Fakultet tehni\u010dkih nauka, Novi Sad, Srbija<\/p>\n<p><strong>Kratak sadr\u017eaj:<\/strong><\/p>\n<p>Veliki pomaci u industrijskom razvoju (\u201eindustrijske revolucije\u201c) i nau\u010dni napredak su nerazdvojivo povezani kroz istoriju. Inovacije u jednoj grani neizostavno podsti\u010du i drugu stranu, u stalnoj me\u0111usobnoj interakciji. Jedan od klju\u010dnih elemenata u ovom spoju je i nauka o merenjima \u2013 metrologija. Ova nauka je mo\u017eda i osnovna spona sveta fizike, hemije, medicine, mehanike, elektronike i ostalih oblasti sa prakti\u010dnim svetom industrije, jer kvantifikovanje omogu\u0107ava potvrdu rezultata i njihovu isplativost. Najnoviji digitalni koncept \u010detvrte industrijske revolucije (Industrija 4.0, I4.0) se pojavio kao \u201enova velika stvar\u201c, prvo u Nema\u010dkoj kao evropskom tehnolo\u0161kom lideru, potom i u ostatku sveta, i brzo ukazao na svet koji se su\u0161tinski menja putem digitalizacije, novih tehnologija, povezivanja putem interneta i svega \u0161to se u savremenom potro\u0161a\u010dkom dru\u0161tvu uzima kao podrazumevana stvar. Me\u0111utim, transfer industrijske proizvodnje na nove standarde digitalnog sveta je sasvim druga\u010dija stvar. Veliki izazovi, vidljivi samo iznutra, iz perspektive same industrije se doveli do novih problema. Tromost \u201eklasi\u010dne\u201c industrije, ljudski faktor, finansijske krize, nedostatak obu\u010denog i iskusnog kadra, politika-ekonomsko-socijalni faktori, globalno usporavanje privrednog rasta, su doveli do usporavanja primene I4.0, uprkos inicijalnim rezultatima i velikim o\u010dekivanjima.<\/p>\n<p>Sve vi\u0161e je pristan javni diskurs odbacivanja I4.0 koncepta kao suvi\u0161nog, neuspelog i zaglavljenog u lavirintu modernog sveta \u201evi\u0161ka informacija\u201c, gde se glasovi eksperata me\u0161aju sa bukom neupu\u0107enih i\/ili zlonamernih ali i bu\u010dnih grupa, \u0161to je dodatno izra\u017eeno u postpandemijskom svetu, gde smo se na\u0161li da je veliki deo svakodnevnog \u017eivota zaista pre\u0161ao i ostao u online re\u017eimu funkcionisanja.<\/p>\n<p>A upravo je pandemija pokazala, \u010dak i neupu\u0107enim posmatra\u010dima neke nove, do sada nevi\u0111ene momente koji su deo I4.0 \u2013 dronove koje nadziru saobra\u0107aj, ratuju, dostavljaju komercijalne pakete, robote koje smanjuju ulogu \u010doveka u proizvodnji kako, povezivanje medicinskih ustanova, laboratorija, proizvodnih jedinica sa bazama najnovijih podataka, itd. Ovo je jedan od jasnih dokaza da se I4.0 desila i de\u0161ava, ali negde dalje od naslovnih strana medija, i da je industrija u tranziciji. Ali ta promena nije usagla\u0161ena i jedinstvena, \u201enova stvarnost\u201c je dodatno poja\u010dala efekat<\/p>\n<p>\u201esvako za sebe\u201c, koji pojedine grane nauke i industrije mogu ostaviti u zape\u0107ku i bez mogu\u0107nosti da se na vreme uklju\u010de u revoluciju, pogotovo one manje komercijalne. Zato je potrebno demistifikovati I4.0, \u0161ta je i kako radi, kao je prepoznati i u \u010demu je njen zna\u010daj, \u010demu slu\u017ei, koja su ograni\u010denja i prednosti, gde je mo\u017eemo videti oko sebe i za\u0161to je potrebna savremenoj industriji. Potom moramo preispitati ulogu metrologije \u2013 \u0161ta je istorijski zna\u010dila u prethodnim industrijskim revolucijama, a potom i kako treba da se prilagodi i gde da se pozicionira u I4.0 dru\u0161tvu, kako bi o\u010duvala svoju relevantnost i zna\u010daj. Ovo nije jednostavan, pravolinijski niti kratkoro\u010dan razvojni put za metrologiju, i zato je potrebno razumeti ga i zapo\u010deti odmah.<\/p>\n<p>\u00a0<\/p>\n<h1>Kratka biografija:<\/h1>\n<p><strong>Dr Marjan Urekar <\/strong>(1975) je diplomirao, magistrirao i doktorirao na Fakultetu tehni\u010dkih nauka u Novom Sadu, gde radi kao docent na Katedri za elektri\u010dna merenja u oblasti elektri\u010dnih merenja, metrologije i biomedicine. Deo je tima Laboratorije za metrologiju, Centar za metrologiju, FTN.<\/p>\n<p>Autor je i koautor preko 160 nau\u010dnih radova i tehni\u010dkih re\u0161enja. Oblasti nau\u010dnog interesovanja i ekspertize: Industrija 4.0, Elektri\u010dna i elektronska merenja, Projektovanje elektronskih ure\u0111aja i mernih sistema za industriju, Projektovanje PCB-ova, Audio tehnika i snimanje tona, Analogna elektronika, Instrumentacija, Stohasti\u010dki procesi, Metrologija, ISO standardi, standardizacija i kvalitet, Kalibracija i etaloniranje, Biomedicina, Procesni in\u017eenjering, Pametne mre\u017ee, Merenje i regulacija u industrijskim procesima, Legacy elektronski sistemi.<\/p>\n<p><img loading=\"lazy\" decoding=\"async\" class=\"alignnone size-medium wp-image-2722\" src=\"https:\/\/www.etran.rs\/2022\/wp-content\/uploads\/2022\/05\/urekar-280x300.jpg\" alt=\"\" width=\"280\" height=\"300\" srcset=\"https:\/\/www.etran.rs\/2022\/wp-content\/uploads\/2022\/05\/urekar-280x300.jpg 280w, https:\/\/www.etran.rs\/2022\/wp-content\/uploads\/2022\/05\/urekar.jpg 294w\" sizes=\"auto, (max-width: 280px) 100vw, 280px\" \/><\/p>\n","protected":false},"excerpt":{"rendered":"<p>ETRAN 2022, Sekcija ML (Metrologija) POZVANO PREDAVANJE: Uloga i polo\u017eaj metrologije u kontekstu Industrije 4.0 Marjan Urekar, Univerzitet u Novom Sadu, Fakultet tehni\u010dkih nauka, Novi Sad, Srbija Kratak sadr\u017eaj: Veliki pomaci u industrijskom razvoju (\u201eindustrijske revolucije\u201c) i nau\u010dni napredak su nerazdvojivo povezani kroz istoriju. Inovacije u jednoj grani neizostavno podsti\u010du i drugu stranu, u stalnoj \u2026 <\/p>\n","protected":false},"author":1,"featured_media":0,"parent":0,"menu_order":0,"comment_status":"closed","ping_status":"closed","template":"","meta":{"footnotes":""},"class_list":["post-2721","page","type-page","status-publish","hentry"],"yoast_head":"<!-- This site is optimized with the Yoast SEO plugin v23.0 - https:\/\/yoast.com\/wordpress\/plugins\/seo\/ -->\n<title>Marjan Urekar - Uloga i polo\u017eaj metrologije u kontekstu Industrije 4.0 -<\/title>\n<meta name=\"robots\" content=\"index, follow, max-snippet:-1, max-image-preview:large, max-video-preview:-1\" \/>\n<link rel=\"canonical\" href=\"https:\/\/www.etran.rs\/2022\/marjan-urekar-uloga-i-polozaj-metrologije-u-kontekstu-industrije-4-0\/\" \/>\n<meta property=\"og:locale\" content=\"en_US\" \/>\n<meta property=\"og:type\" content=\"article\" \/>\n<meta property=\"og:title\" content=\"Marjan Urekar - Uloga i polo\u017eaj metrologije u kontekstu Industrije 4.0 -\" \/>\n<meta property=\"og:description\" content=\"ETRAN 2022, Sekcija ML (Metrologija) POZVANO PREDAVANJE: Uloga i polo\u017eaj metrologije u kontekstu Industrije 4.0 Marjan Urekar, Univerzitet u Novom Sadu, Fakultet tehni\u010dkih nauka, Novi Sad, Srbija Kratak sadr\u017eaj: Veliki pomaci u industrijskom razvoju (\u201eindustrijske revolucije\u201c) i nau\u010dni napredak su nerazdvojivo povezani kroz istoriju. Inovacije u jednoj grani neizostavno podsti\u010du i drugu stranu, u stalnoj \u2026\" \/>\n<meta property=\"og:url\" content=\"https:\/\/www.etran.rs\/2022\/marjan-urekar-uloga-i-polozaj-metrologije-u-kontekstu-industrije-4-0\/\" \/>\n<meta property=\"article:modified_time\" content=\"2022-05-09T18:31:41+00:00\" \/>\n<meta property=\"og:image\" content=\"https:\/\/www.etran.rs\/2022\/wp-content\/uploads\/2022\/05\/urekar-280x300.jpg\" \/>\n<meta name=\"twitter:card\" content=\"summary_large_image\" \/>\n<meta name=\"twitter:label1\" content=\"Est. reading time\" \/>\n\t<meta name=\"twitter:data1\" content=\"3 minutes\" \/>\n<script type=\"application\/ld+json\" class=\"yoast-schema-graph\">{\"@context\":\"https:\/\/schema.org\",\"@graph\":[{\"@type\":\"WebPage\",\"@id\":\"https:\/\/www.etran.rs\/2022\/marjan-urekar-uloga-i-polozaj-metrologije-u-kontekstu-industrije-4-0\/\",\"url\":\"https:\/\/www.etran.rs\/2022\/marjan-urekar-uloga-i-polozaj-metrologije-u-kontekstu-industrije-4-0\/\",\"name\":\"Marjan Urekar - Uloga i polo\u017eaj metrologije u kontekstu Industrije 4.0 -\",\"isPartOf\":{\"@id\":\"https:\/\/www.etran.rs\/2022\/#website\"},\"primaryImageOfPage\":{\"@id\":\"https:\/\/www.etran.rs\/2022\/marjan-urekar-uloga-i-polozaj-metrologije-u-kontekstu-industrije-4-0\/#primaryimage\"},\"image\":{\"@id\":\"https:\/\/www.etran.rs\/2022\/marjan-urekar-uloga-i-polozaj-metrologije-u-kontekstu-industrije-4-0\/#primaryimage\"},\"thumbnailUrl\":\"https:\/\/www.etran.rs\/2022\/wp-content\/uploads\/2022\/05\/urekar-280x300.jpg\",\"datePublished\":\"2022-05-09T18:31:22+00:00\",\"dateModified\":\"2022-05-09T18:31:41+00:00\",\"breadcrumb\":{\"@id\":\"https:\/\/www.etran.rs\/2022\/marjan-urekar-uloga-i-polozaj-metrologije-u-kontekstu-industrije-4-0\/#breadcrumb\"},\"inLanguage\":\"en-US\",\"potentialAction\":[{\"@type\":\"ReadAction\",\"target\":[\"https:\/\/www.etran.rs\/2022\/marjan-urekar-uloga-i-polozaj-metrologije-u-kontekstu-industrije-4-0\/\"]}]},{\"@type\":\"ImageObject\",\"inLanguage\":\"en-US\",\"@id\":\"https:\/\/www.etran.rs\/2022\/marjan-urekar-uloga-i-polozaj-metrologije-u-kontekstu-industrije-4-0\/#primaryimage\",\"url\":\"https:\/\/www.etran.rs\/2022\/wp-content\/uploads\/2022\/05\/urekar.jpg\",\"contentUrl\":\"https:\/\/www.etran.rs\/2022\/wp-content\/uploads\/2022\/05\/urekar.jpg\",\"width\":294,\"height\":315},{\"@type\":\"BreadcrumbList\",\"@id\":\"https:\/\/www.etran.rs\/2022\/marjan-urekar-uloga-i-polozaj-metrologije-u-kontekstu-industrije-4-0\/#breadcrumb\",\"itemListElement\":[{\"@type\":\"ListItem\",\"position\":1,\"name\":\"Home\",\"item\":\"http:\/\/www.etran.rs\/2022\/en\/home-english\/\"},{\"@type\":\"ListItem\",\"position\":2,\"name\":\"Marjan Urekar \u2013 Uloga i polo\u017eaj metrologije u kontekstu Industrije 4.0\"}]},{\"@type\":\"WebSite\",\"@id\":\"https:\/\/www.etran.rs\/2022\/#website\",\"url\":\"https:\/\/www.etran.rs\/2022\/\",\"name\":\"\",\"description\":\"LXVI \u0415\u0422\u0420\u0410\u041d 2022 - \u041d\u043e\u0432\u0438 \u041f\u0430\u0437\u0430\u0440, \u0420\u0435\u043f\u0443\u0431\u043b\u0438\u043a\u0430 \u0421\u0440\u0431\u0438\u0458\u0430, 6-9. \u0458\u0443\u043d 2022.\",\"publisher\":{\"@id\":\"https:\/\/www.etran.rs\/2022\/#organization\"},\"potentialAction\":[{\"@type\":\"SearchAction\",\"target\":{\"@type\":\"EntryPoint\",\"urlTemplate\":\"https:\/\/www.etran.rs\/2022\/?s={search_term_string}\"},\"query-input\":\"required name=search_term_string\"}],\"inLanguage\":\"en-US\"},{\"@type\":\"Organization\",\"@id\":\"https:\/\/www.etran.rs\/2022\/#organization\",\"name\":\"ETRAN Society\",\"url\":\"https:\/\/www.etran.rs\/2022\/\",\"logo\":{\"@type\":\"ImageObject\",\"inLanguage\":\"en-US\",\"@id\":\"https:\/\/www.etran.rs\/2022\/#\/schema\/logo\/image\/\",\"url\":\"https:\/\/www.etran.rs\/2021\/wp-content\/uploads\/2021\/06\/ETRAN-logo.png\",\"contentUrl\":\"https:\/\/www.etran.rs\/2021\/wp-content\/uploads\/2021\/06\/ETRAN-logo.png\",\"width\":338,\"height\":89,\"caption\":\"ETRAN Society\"},\"image\":{\"@id\":\"https:\/\/www.etran.rs\/2022\/#\/schema\/logo\/image\/\"}}]}<\/script>\n<!-- \/ Yoast SEO plugin. -->","yoast_head_json":{"title":"Marjan Urekar - Uloga i polo\u017eaj metrologije u kontekstu Industrije 4.0 -","robots":{"index":"index","follow":"follow","max-snippet":"max-snippet:-1","max-image-preview":"max-image-preview:large","max-video-preview":"max-video-preview:-1"},"canonical":"https:\/\/www.etran.rs\/2022\/marjan-urekar-uloga-i-polozaj-metrologije-u-kontekstu-industrije-4-0\/","og_locale":"en_US","og_type":"article","og_title":"Marjan Urekar - Uloga i polo\u017eaj metrologije u kontekstu Industrije 4.0 -","og_description":"ETRAN 2022, Sekcija ML (Metrologija) POZVANO PREDAVANJE: Uloga i polo\u017eaj metrologije u kontekstu Industrije 4.0 Marjan Urekar, Univerzitet u Novom Sadu, Fakultet tehni\u010dkih nauka, Novi Sad, Srbija Kratak sadr\u017eaj: Veliki pomaci u industrijskom razvoju (\u201eindustrijske revolucije\u201c) i nau\u010dni napredak su nerazdvojivo povezani kroz istoriju. Inovacije u jednoj grani neizostavno podsti\u010du i drugu stranu, u stalnoj \u2026","og_url":"https:\/\/www.etran.rs\/2022\/marjan-urekar-uloga-i-polozaj-metrologije-u-kontekstu-industrije-4-0\/","article_modified_time":"2022-05-09T18:31:41+00:00","og_image":[{"url":"https:\/\/www.etran.rs\/2022\/wp-content\/uploads\/2022\/05\/urekar-280x300.jpg"}],"twitter_card":"summary_large_image","twitter_misc":{"Est. reading time":"3 minutes"},"schema":{"@context":"https:\/\/schema.org","@graph":[{"@type":"WebPage","@id":"https:\/\/www.etran.rs\/2022\/marjan-urekar-uloga-i-polozaj-metrologije-u-kontekstu-industrije-4-0\/","url":"https:\/\/www.etran.rs\/2022\/marjan-urekar-uloga-i-polozaj-metrologije-u-kontekstu-industrije-4-0\/","name":"Marjan Urekar - Uloga i polo\u017eaj metrologije u kontekstu Industrije 4.0 -","isPartOf":{"@id":"https:\/\/www.etran.rs\/2022\/#website"},"primaryImageOfPage":{"@id":"https:\/\/www.etran.rs\/2022\/marjan-urekar-uloga-i-polozaj-metrologije-u-kontekstu-industrije-4-0\/#primaryimage"},"image":{"@id":"https:\/\/www.etran.rs\/2022\/marjan-urekar-uloga-i-polozaj-metrologije-u-kontekstu-industrije-4-0\/#primaryimage"},"thumbnailUrl":"https:\/\/www.etran.rs\/2022\/wp-content\/uploads\/2022\/05\/urekar-280x300.jpg","datePublished":"2022-05-09T18:31:22+00:00","dateModified":"2022-05-09T18:31:41+00:00","breadcrumb":{"@id":"https:\/\/www.etran.rs\/2022\/marjan-urekar-uloga-i-polozaj-metrologije-u-kontekstu-industrije-4-0\/#breadcrumb"},"inLanguage":"en-US","potentialAction":[{"@type":"ReadAction","target":["https:\/\/www.etran.rs\/2022\/marjan-urekar-uloga-i-polozaj-metrologije-u-kontekstu-industrije-4-0\/"]}]},{"@type":"ImageObject","inLanguage":"en-US","@id":"https:\/\/www.etran.rs\/2022\/marjan-urekar-uloga-i-polozaj-metrologije-u-kontekstu-industrije-4-0\/#primaryimage","url":"https:\/\/www.etran.rs\/2022\/wp-content\/uploads\/2022\/05\/urekar.jpg","contentUrl":"https:\/\/www.etran.rs\/2022\/wp-content\/uploads\/2022\/05\/urekar.jpg","width":294,"height":315},{"@type":"BreadcrumbList","@id":"https:\/\/www.etran.rs\/2022\/marjan-urekar-uloga-i-polozaj-metrologije-u-kontekstu-industrije-4-0\/#breadcrumb","itemListElement":[{"@type":"ListItem","position":1,"name":"Home","item":"http:\/\/www.etran.rs\/2022\/en\/home-english\/"},{"@type":"ListItem","position":2,"name":"Marjan Urekar \u2013 Uloga i polo\u017eaj metrologije u kontekstu Industrije 4.0"}]},{"@type":"WebSite","@id":"https:\/\/www.etran.rs\/2022\/#website","url":"https:\/\/www.etran.rs\/2022\/","name":"","description":"LXVI \u0415\u0422\u0420\u0410\u041d 2022 - \u041d\u043e\u0432\u0438 \u041f\u0430\u0437\u0430\u0440, \u0420\u0435\u043f\u0443\u0431\u043b\u0438\u043a\u0430 \u0421\u0440\u0431\u0438\u0458\u0430, 6-9. \u0458\u0443\u043d 2022.","publisher":{"@id":"https:\/\/www.etran.rs\/2022\/#organization"},"potentialAction":[{"@type":"SearchAction","target":{"@type":"EntryPoint","urlTemplate":"https:\/\/www.etran.rs\/2022\/?s={search_term_string}"},"query-input":"required name=search_term_string"}],"inLanguage":"en-US"},{"@type":"Organization","@id":"https:\/\/www.etran.rs\/2022\/#organization","name":"ETRAN Society","url":"https:\/\/www.etran.rs\/2022\/","logo":{"@type":"ImageObject","inLanguage":"en-US","@id":"https:\/\/www.etran.rs\/2022\/#\/schema\/logo\/image\/","url":"https:\/\/www.etran.rs\/2021\/wp-content\/uploads\/2021\/06\/ETRAN-logo.png","contentUrl":"https:\/\/www.etran.rs\/2021\/wp-content\/uploads\/2021\/06\/ETRAN-logo.png","width":338,"height":89,"caption":"ETRAN Society"},"image":{"@id":"https:\/\/www.etran.rs\/2022\/#\/schema\/logo\/image\/"}}]}},"_links":{"self":[{"href":"https:\/\/www.etran.rs\/2022\/wp-json\/wp\/v2\/pages\/2721","targetHints":{"allow":["GET"]}}],"collection":[{"href":"https:\/\/www.etran.rs\/2022\/wp-json\/wp\/v2\/pages"}],"about":[{"href":"https:\/\/www.etran.rs\/2022\/wp-json\/wp\/v2\/types\/page"}],"author":[{"embeddable":true,"href":"https:\/\/www.etran.rs\/2022\/wp-json\/wp\/v2\/users\/1"}],"replies":[{"embeddable":true,"href":"https:\/\/www.etran.rs\/2022\/wp-json\/wp\/v2\/comments?post=2721"}],"version-history":[{"count":1,"href":"https:\/\/www.etran.rs\/2022\/wp-json\/wp\/v2\/pages\/2721\/revisions"}],"predecessor-version":[{"id":2723,"href":"https:\/\/www.etran.rs\/2022\/wp-json\/wp\/v2\/pages\/2721\/revisions\/2723"}],"wp:attachment":[{"href":"https:\/\/www.etran.rs\/2022\/wp-json\/wp\/v2\/media?parent=2721"}],"curies":[{"name":"wp","href":"https:\/\/api.w.org\/{rel}","templated":true}]}}