{"id":2390,"date":"2022-03-25T12:56:32","date_gmt":"2022-03-25T12:56:32","guid":{"rendered":"https:\/\/www.etran.rs\/2022\/?page_id=2390"},"modified":"2022-05-09T17:48:56","modified_gmt":"2022-05-09T17:48:56","slug":"special-sessions-2","status":"publish","type":"page","link":"https:\/\/www.etran.rs\/2022\/en\/special-sessions-2\/","title":{"rendered":"SPECIAL SESSIONS"},"content":{"rendered":"<ul>\n<li><strong><span dir=\"ltr\" role=\"presentation\">\u201c<\/span><span dir=\"ltr\" role=\"presentation\">KALCEA<\/span><span dir=\"ltr\" role=\"presentation\">\u2010<\/span><span dir=\"ltr\" role=\"presentation\">Knowledge<\/span> <span dir=\"ltr\" role=\"presentation\">Triangle<\/span> <span dir=\"ltr\" role=\"presentation\">for<\/span> <span dir=\"ltr\" role=\"presentation\">Low<\/span><span dir=\"ltr\" role=\"presentation\">\u2010<\/span><span dir=\"ltr\" role=\"presentation\">carbon<\/span> <span dir=\"ltr\" role=\"presentation\">Economy<\/span><span dir=\"ltr\" role=\"presentation\">\u201c<\/span><\/strong><br role=\"presentation\" \/><span dir=\"ltr\" role=\"presentation\">Organizer,<\/span> <span dir=\"ltr\" role=\"presentation\">presenter,<\/span> <span dir=\"ltr\" role=\"presentation\">prof.<\/span> <span dir=\"ltr\" role=\"presentation\">dr<\/span> <span dir=\"ltr\" role=\"presentation\">Neboj\u0161a<\/span> <span dir=\"ltr\" role=\"presentation\">Arsi<\/span><span dir=\"ltr\" role=\"presentation\">\u0107<\/span><span dir=\"ltr\" role=\"presentation\">,<\/span> <span dir=\"ltr\" role=\"presentation\">FTN,<\/span> <span dir=\"ltr\" role=\"presentation\">Kosovska<\/span> <span dir=\"ltr\" role=\"presentation\">Mitrovica,<\/span> <span dir=\"ltr\" role=\"presentation\">Srbija<\/span><br role=\"presentation\" \/><span dir=\"ltr\" role=\"presentation\">Participants<\/span> <span dir=\"ltr\" role=\"presentation\">Authors<\/span> <span dir=\"ltr\" role=\"presentation\">\/later<\/span><\/li>\n<li>prof. dr Suzana Poli\u0107, Beograd, Srbija, \u201cHeritologija i tehnicka podrska\u201d<\/li>\n<li>prof. dr Sne\u017eana Stoji\u010di\u0107, Beograd, Srbija, \u201cForenzika \u2010 metode i tehni\u010dka podr\u0161ka\u201d<\/li>\n<\/ul>\n","protected":false},"excerpt":{"rendered":"<p>\u201cKALCEA\u2010Knowledge Triangle for Low\u2010carbon Economy\u201cOrganizer, presenter, prof. dr Neboj\u0161a Arsi\u0107, FTN, Kosovska Mitrovica, SrbijaParticipants Authors \/later prof. dr Suzana Poli\u0107, Beograd, Srbija, \u201cHeritologija i tehnicka podrska\u201d prof. dr Sne\u017eana Stoji\u010di\u0107, Beograd, Srbija, \u201cForenzika \u2010 metode i tehni\u010dka podr\u0161ka\u201d<\/p>\n","protected":false},"author":1,"featured_media":0,"parent":0,"menu_order":0,"comment_status":"closed","ping_status":"closed","template":"","meta":{"footnotes":""},"class_list":["post-2390","page","type-page","status-publish","hentry"],"yoast_head":"<!-- This site is optimized with the Yoast SEO plugin v23.0 - https:\/\/yoast.com\/wordpress\/plugins\/seo\/ -->\n<title>SPECIAL SESSIONS -<\/title>\n<meta name=\"robots\" content=\"index, follow, max-snippet:-1, max-image-preview:large, max-video-preview:-1\" \/>\n<link rel=\"canonical\" href=\"https:\/\/www.etran.rs\/2022\/en\/special-sessions-2\/\" \/>\n<meta property=\"og:locale\" content=\"en_US\" \/>\n<meta property=\"og:type\" content=\"article\" \/>\n<meta property=\"og:title\" content=\"SPECIAL SESSIONS -\" \/>\n<meta property=\"og:description\" content=\"\u201cKALCEA\u2010Knowledge Triangle for Low\u2010carbon Economy\u201cOrganizer, presenter, prof. dr Neboj\u0161a Arsi\u0107, FTN, Kosovska Mitrovica, SrbijaParticipants Authors \/later prof. dr Suzana Poli\u0107, Beograd, Srbija, \u201cHeritologija i tehnicka podrska\u201d prof. dr Sne\u017eana Stoji\u010di\u0107, Beograd, Srbija, \u201cForenzika \u2010 metode i tehni\u010dka podr\u0161ka\u201d\" \/>\n<meta property=\"og:url\" content=\"https:\/\/www.etran.rs\/2022\/en\/special-sessions-2\/\" \/>\n<meta property=\"article:modified_time\" content=\"2022-05-09T17:48:56+00:00\" \/>\n<meta name=\"twitter:card\" content=\"summary_large_image\" \/>\n<meta name=\"twitter:label1\" content=\"Est. reading time\" \/>\n\t<meta name=\"twitter:data1\" content=\"1 minute\" \/>\n<script type=\"application\/ld+json\" class=\"yoast-schema-graph\">{\"@context\":\"https:\/\/schema.org\",\"@graph\":[{\"@type\":\"WebPage\",\"@id\":\"https:\/\/www.etran.rs\/2022\/en\/special-sessions-2\/\",\"url\":\"https:\/\/www.etran.rs\/2022\/en\/special-sessions-2\/\",\"name\":\"SPECIAL SESSIONS -\",\"isPartOf\":{\"@id\":\"https:\/\/www.etran.rs\/2022\/#website\"},\"datePublished\":\"2022-03-25T12:56:32+00:00\",\"dateModified\":\"2022-05-09T17:48:56+00:00\",\"breadcrumb\":{\"@id\":\"https:\/\/www.etran.rs\/2022\/en\/special-sessions-2\/#breadcrumb\"},\"inLanguage\":\"en-US\",\"potentialAction\":[{\"@type\":\"ReadAction\",\"target\":[\"https:\/\/www.etran.rs\/2022\/en\/special-sessions-2\/\"]}]},{\"@type\":\"BreadcrumbList\",\"@id\":\"https:\/\/www.etran.rs\/2022\/en\/special-sessions-2\/#breadcrumb\",\"itemListElement\":[{\"@type\":\"ListItem\",\"position\":1,\"name\":\"Home\",\"item\":\"http:\/\/www.etran.rs\/2022\/en\/home-english\/\"},{\"@type\":\"ListItem\",\"position\":2,\"name\":\"SPECIAL SESSIONS\"}]},{\"@type\":\"WebSite\",\"@id\":\"https:\/\/www.etran.rs\/2022\/#website\",\"url\":\"https:\/\/www.etran.rs\/2022\/\",\"name\":\"\",\"description\":\"LXVI \u0415\u0422\u0420\u0410\u041d 2022 - \u041d\u043e\u0432\u0438 \u041f\u0430\u0437\u0430\u0440, \u0420\u0435\u043f\u0443\u0431\u043b\u0438\u043a\u0430 \u0421\u0440\u0431\u0438\u0458\u0430, 6-9. \u0458\u0443\u043d 2022.\",\"publisher\":{\"@id\":\"https:\/\/www.etran.rs\/2022\/#organization\"},\"potentialAction\":[{\"@type\":\"SearchAction\",\"target\":{\"@type\":\"EntryPoint\",\"urlTemplate\":\"https:\/\/www.etran.rs\/2022\/?s={search_term_string}\"},\"query-input\":\"required name=search_term_string\"}],\"inLanguage\":\"en-US\"},{\"@type\":\"Organization\",\"@id\":\"https:\/\/www.etran.rs\/2022\/#organization\",\"name\":\"ETRAN Society\",\"url\":\"https:\/\/www.etran.rs\/2022\/\",\"logo\":{\"@type\":\"ImageObject\",\"inLanguage\":\"en-US\",\"@id\":\"https:\/\/www.etran.rs\/2022\/#\/schema\/logo\/image\/\",\"url\":\"https:\/\/www.etran.rs\/2021\/wp-content\/uploads\/2021\/06\/ETRAN-logo.png\",\"contentUrl\":\"https:\/\/www.etran.rs\/2021\/wp-content\/uploads\/2021\/06\/ETRAN-logo.png\",\"width\":338,\"height\":89,\"caption\":\"ETRAN Society\"},\"image\":{\"@id\":\"https:\/\/www.etran.rs\/2022\/#\/schema\/logo\/image\/\"}}]}<\/script>\n<!-- \/ Yoast SEO plugin. -->","yoast_head_json":{"title":"SPECIAL SESSIONS -","robots":{"index":"index","follow":"follow","max-snippet":"max-snippet:-1","max-image-preview":"max-image-preview:large","max-video-preview":"max-video-preview:-1"},"canonical":"https:\/\/www.etran.rs\/2022\/en\/special-sessions-2\/","og_locale":"en_US","og_type":"article","og_title":"SPECIAL SESSIONS -","og_description":"\u201cKALCEA\u2010Knowledge Triangle for Low\u2010carbon Economy\u201cOrganizer, presenter, prof. dr Neboj\u0161a Arsi\u0107, FTN, Kosovska Mitrovica, SrbijaParticipants Authors \/later prof. dr Suzana Poli\u0107, Beograd, Srbija, \u201cHeritologija i tehnicka podrska\u201d prof. dr Sne\u017eana Stoji\u010di\u0107, Beograd, Srbija, \u201cForenzika \u2010 metode i tehni\u010dka podr\u0161ka\u201d","og_url":"https:\/\/www.etran.rs\/2022\/en\/special-sessions-2\/","article_modified_time":"2022-05-09T17:48:56+00:00","twitter_card":"summary_large_image","twitter_misc":{"Est. reading time":"1 minute"},"schema":{"@context":"https:\/\/schema.org","@graph":[{"@type":"WebPage","@id":"https:\/\/www.etran.rs\/2022\/en\/special-sessions-2\/","url":"https:\/\/www.etran.rs\/2022\/en\/special-sessions-2\/","name":"SPECIAL SESSIONS -","isPartOf":{"@id":"https:\/\/www.etran.rs\/2022\/#website"},"datePublished":"2022-03-25T12:56:32+00:00","dateModified":"2022-05-09T17:48:56+00:00","breadcrumb":{"@id":"https:\/\/www.etran.rs\/2022\/en\/special-sessions-2\/#breadcrumb"},"inLanguage":"en-US","potentialAction":[{"@type":"ReadAction","target":["https:\/\/www.etran.rs\/2022\/en\/special-sessions-2\/"]}]},{"@type":"BreadcrumbList","@id":"https:\/\/www.etran.rs\/2022\/en\/special-sessions-2\/#breadcrumb","itemListElement":[{"@type":"ListItem","position":1,"name":"Home","item":"http:\/\/www.etran.rs\/2022\/en\/home-english\/"},{"@type":"ListItem","position":2,"name":"SPECIAL SESSIONS"}]},{"@type":"WebSite","@id":"https:\/\/www.etran.rs\/2022\/#website","url":"https:\/\/www.etran.rs\/2022\/","name":"","description":"LXVI \u0415\u0422\u0420\u0410\u041d 2022 - \u041d\u043e\u0432\u0438 \u041f\u0430\u0437\u0430\u0440, \u0420\u0435\u043f\u0443\u0431\u043b\u0438\u043a\u0430 \u0421\u0440\u0431\u0438\u0458\u0430, 6-9. \u0458\u0443\u043d 2022.","publisher":{"@id":"https:\/\/www.etran.rs\/2022\/#organization"},"potentialAction":[{"@type":"SearchAction","target":{"@type":"EntryPoint","urlTemplate":"https:\/\/www.etran.rs\/2022\/?s={search_term_string}"},"query-input":"required name=search_term_string"}],"inLanguage":"en-US"},{"@type":"Organization","@id":"https:\/\/www.etran.rs\/2022\/#organization","name":"ETRAN Society","url":"https:\/\/www.etran.rs\/2022\/","logo":{"@type":"ImageObject","inLanguage":"en-US","@id":"https:\/\/www.etran.rs\/2022\/#\/schema\/logo\/image\/","url":"https:\/\/www.etran.rs\/2021\/wp-content\/uploads\/2021\/06\/ETRAN-logo.png","contentUrl":"https:\/\/www.etran.rs\/2021\/wp-content\/uploads\/2021\/06\/ETRAN-logo.png","width":338,"height":89,"caption":"ETRAN Society"},"image":{"@id":"https:\/\/www.etran.rs\/2022\/#\/schema\/logo\/image\/"}}]}},"_links":{"self":[{"href":"https:\/\/www.etran.rs\/2022\/wp-json\/wp\/v2\/pages\/2390","targetHints":{"allow":["GET"]}}],"collection":[{"href":"https:\/\/www.etran.rs\/2022\/wp-json\/wp\/v2\/pages"}],"about":[{"href":"https:\/\/www.etran.rs\/2022\/wp-json\/wp\/v2\/types\/page"}],"author":[{"embeddable":true,"href":"https:\/\/www.etran.rs\/2022\/wp-json\/wp\/v2\/users\/1"}],"replies":[{"embeddable":true,"href":"https:\/\/www.etran.rs\/2022\/wp-json\/wp\/v2\/comments?post=2390"}],"version-history":[{"count":6,"href":"https:\/\/www.etran.rs\/2022\/wp-json\/wp\/v2\/pages\/2390\/revisions"}],"predecessor-version":[{"id":2717,"href":"https:\/\/www.etran.rs\/2022\/wp-json\/wp\/v2\/pages\/2390\/revisions\/2717"}],"wp:attachment":[{"href":"https:\/\/www.etran.rs\/2022\/wp-json\/wp\/v2\/media?parent=2390"}],"curies":[{"name":"wp","href":"https:\/\/api.w.org\/{rel}","templated":true}]}}