{"id":895,"date":"2020-12-25T17:05:10","date_gmt":"2020-12-25T17:05:10","guid":{"rendered":"https:\/\/www.etran.rs\/2021\/?page_id=895"},"modified":"2021-08-31T17:44:38","modified_gmt":"2021-08-31T17:44:38","slug":"committees","status":"publish","type":"page","link":"https:\/\/www.etran.rs\/2021\/en\/committees\/","title":{"rendered":"Committees"},"content":{"rendered":"\r\n<h2 class=\"wp-block-heading\">Scientific Committee IcETRAN 2021<\/h2>\r\n\r\n\r\n\r\n<h4 class=\"wp-block-heading\">Co-Chairs<\/h4>\r\n\r\n\r\n\r\n<p><strong>Prof. Branko Doki\u0107<\/strong>, Banja Luka, Republika Srpska<\/p>\r\n\r\n\r\n\r\n<p><strong>Prof. Milo Toma\u0161evi\u0107<\/strong>, Belgrade, Serbia<\/p>\r\n\r\n\r\n\r\n<h4 class=\"wp-block-heading\">Members<\/h4>\r\n\r\n\r\n\r\n<p>Prof. Emilia Ambrozini, Milan, Italy<br \/>Prof. Karsten Berns, Keiserslautern, Germany<br \/>Prof. Vincent Bonnet, Paris, France<br \/>Prof. \u0110ura\u0111 Budimir, London, England<br \/>Prof. Sanja Vrane\u0161, Belgrade, Serbia<br \/>Corresponding member SASA Slobodan Vukosavi\u0107, Belgrade, Serbia<br \/>Prof. Pasquale Daponte, Sania, Italy<br \/>Prof. Rafael Dima, Lyon, France<br \/>Prof. Strahinja Do\u0161en, Aalborg, Denmark<br \/>Academician SASA Antonije \u0110or\u0111evi\u0107, Belgrade, Serbia<br \/>Academician MASA Igor \u0110urovi\u0107, Podgorica, Montenegro<br \/>Prof. \u017deljko \u0110urovi\u0107, Belgrade, Serbia<br \/>Prof. Dragan Man\u010di\u0107, Ni\u0161, Serbia<br \/>Principal Research Fellow Zoran Jak\u0161i\u0107, Belgrade, Serbia<br \/>Prof. \u0110or\u0111e Jana\u0107kovi\u0107, Belgrade, Serbia<br \/>Corresponding member SASA Branislav Jelenkovi\u0107, Belgrade, Serbia<br \/>Prof. Nikola Jorgovanovi\u0107, Novi Sad, Serbia<br \/>Prof. Helan Karatza, Thessaloniki, Greece<br \/>Prof. Vladimir Kati\u0107, Novi Sad, Serbia<br \/>Prof. Zora Konjovi\u0107, Novi Sad, Serbia<br \/>Prof. Miroslav Krsti\u0107, San Diego, California, USA<br \/>Prof. Jozef Lacko, Budapest, Hungary<br \/>Prof. Emil Levi, Liverpul, England<br \/>Prof. Prof. Christos Mademlis, Thessaloniki, Greece<br \/>Prof. Guido Maione, Bari, Italy<br \/>Prof. Theodore Laopoulos, Thessaloniki, Greece<br \/>Research Associate Neboj\u0161a Male\u0161evi\u0107, Lund, Sweden<br \/>Principal Research Fellow Branko Matovi\u0107, Belgrade, Serbia<br \/>Prof. Miomir Miji\u0107, Belgrade, Serbia<br \/>Prof. Bratislav Milovanovi\u0107, Ni\u0161, Serbia<br \/>Prof. Dragan Deni\u0107, Ni\u0161, Serbia<br \/>Prof. Neboj\u0161a Mitrovi\u0107, \u010ca\u010dak, Serbia<br \/>Research Associate Dragana Nikoli\u0107, Belgrade, Serbia<br \/>Prof Albena Paskaleva, Sofia, Bulgaria<br \/>Prof. Predrag Petkovi\u0107, Ni\u0161, Serbia<br \/>Academician SASA Zoran Lj. Petrovi\u0107, Belgrade, Serbia<br \/>Principal Research Fellow Predrag Petrovi\u0107, Belgrade, Serbia<br \/>Prof. Alesandro Pizano, Calgari, Italy<br \/>Academician SASA Dejan Popovi\u0107, Belgrade, Serbia<br \/>Academician SASA Zoran Popovi\u0107, Belgrade, Serbia<br \/>Prof. R.E. Precup, Timisoara, Romania<br \/>Prof. Veljko Potkonjak, Belgrade, Serbia<br \/>Corresponding member SASA Velimir Radmilovi\u0107, Belgrade, Serbia<br \/>Prof. Branimir Reljin, Belgrade<br \/>Prof. Danijela Risti\u0107-Durrant, Bremen, Germany<br \/>Prof. Romain Serizel, Vand\u0153uvre-l\u00e8s-Nancy, France<br \/>Prof. Paul Sotiriadis, Athens, Greece<br \/>Prof. Vladimir Srdi\u0107, Novi Sad, Serbia<br \/>Prof. Sr\u0111an Stankovi\u0107, Belgrade, Serbia<br \/>Prof. Srbijanka Turajli\u0107, Belgrade, Serbia<br \/>Prof. Petar Uskokovi\u0107, Belgrade, Serbia<br \/>Prof. Ovidiu Florin, Iasi, Romania<br \/>Prof. Franz Zotter, Graz, Austria<\/p>\r\n<h2 class=\"western\">Organizing Committee IcETRAN 2021<\/h2>\r\n<h4 class=\"western\">Co-Chairs of the Organizing Committee<\/h4>\r\n<p><strong>Dr. Zoran \u0110uri\u0107<\/strong>, University of Banja Luka<\/p>\r\n<p><strong>Dr. Bo\u017eidar Popovi\u0107<\/strong>, University of East Sarajevo<\/p>\r\n<p><strong>Dr. Milo Toma\u0161evi\u0107<\/strong>, Faculty of Electrical Engineering, University of Belgrade<\/p>\r\n<p>\u00a0<\/p>\r\n<h4 class=\"western\">Members of the Organizing Committee<\/h4>\r\n<p>Dr. Lazar Saranovac, Faculty of Electrical Engineering, University of Belgrade<br \/>Dr. Marko Dimitrijevi\u0107, Faculty of Electronic Engineering, University of Ni\u0161<br \/>Dr. Aleksandra Smiljani\u0107, Faculty of Electrical Engineering, University of Belgrade<br \/>Dr. Nenad Milo\u0161evi\u0107, Faculty of Electronic Engineering, University of Ni\u0161<br \/>Dr. Petar Spalevi\u0107, Faculty of Technical Sciences, University of Kosovska Mitrovica<br \/>Dr. Ivan Milentijevi\u0107, Faculty of Electronic Engineering, University of Ni\u0161<br \/>Dr. Igor Tartalja, Faculty of Electrical Engineering, University of Belgrade<br \/>Dr. Milan Rapai\u0107, Faculty of Technical Sciences, University of Novi Sad<br \/>Dr. Boban Veseli\u0107, Faculty of Electronic Engineering, University of Ni\u0161<br \/>Dr. Koviljka Stankovi\u0107, Faculty of Electrical Engineering, University of Belgrade<br \/>Dr. Dragan Brajovi\u0107, Faculty of Technical Sciences, University of Kragujevac<br \/>Dr. Dejan Ciri\u0107, Faculty of Electronic Engineering, University of Ni\u0161<br \/>Dr. Miodrag Tasi\u0107, Faculty of Electrical Engineering, University of Belgrade<br \/>Dr. Milica Jankovi\u0107, Faculty of Electrical Engineering, University of Belgrade<br \/>Dr. Milan Milosavljevi\u0107, Singidunum University, Belgrade<br \/>Dr. Marko Rosi\u0107, Faculty of Technical Sciences, University of Kragujevac<br \/>Dr. Platon Sovilj, Faculty of Technical Sciences, University of Novi Sad<br \/>Dr. Aneta Priji\u0107, Faculty of Electronic Engineering, University of Ni\u0161<br \/>Dr. Neboj\u0161a Don\u010dov, Faculty of Electronic Engineering, University of Ni\u0161<br \/>Dr. Vesna Paunovi\u0107, Faculty of Electronic Engineering, University of Ni\u0161<br \/>Dr. Aleksandar Rodi\u0107, Mihajlo Pupin Institute, Belgrade<br \/>Dr. Vladimir Risojevi\u0107, University of Banja Luka<br \/>Dr. Petar Mati\u0107, University of Banja Luka<br \/>Dr. Tatjana Pe\u0161i\u0107 Br\u0111anin, University of Banja Luka<br \/>Dr. Zoran \u0110uri\u0107, University of Banja Luka<\/p>\r\n\r\n\r\n\r\n<p>\u00a0<\/p>\r\n\r\n\r\n\r\n<h2 class=\"wp-block-heading\">Support and Tech.<\/h2>\r\n\r\n\r\n\r\n<p><strong>Support to promotion of the awarded papers<\/strong><\/p>\r\n\r\n\r\n\r\n<p>Prof. Mili\u0107 \u0110eki\u0107, Faculty of Technical Science, \u010ca\u010dak, Serbia<\/p>\r\n<p><strong>Local Organizing Committee of IcETRAN 2021<\/strong><\/p>\r\n\r\n\r\n\r\n<p>Bulovi\u0107 Jovica<\/p>\r\n\r\n\r\n\r\n<p>Kne\u017ei\u0107 Mladen<\/p>\r\n\r\n\r\n\r\n<p>Diki\u0107 B. Petar<\/p>\r\n<p><strong>Program and Technical support<\/strong><\/p>\r\n\r\n\r\n\r\n<p>Mirjana Jovani\u0107, ETRAN<\/p>\r\n\r\n\r\n\r\n<p>Zlatko Jarnevi\u0107, ETRAN<\/p>\r\n<p><strong>Socal and marketing support<\/strong><\/p>\r\n\r\n\r\n\r\n<p>Marko Vujadinovi\u0107, Akademska misao, Belgrade (Serbia)<\/p>\r\n\r\n\r\n\r\n<p>Sa\u0161a Ra\u0161kovi\u0107, Akademska misao, Belgrade (Serbia)<\/p>\r\n<p><strong>The persons responsible for the site<\/strong><\/p>\r\n\r\n\r\n\r\n<p>Du\u0161an Nikezi\u0107, Institute Vin\u010da, Belgrade (Serbia)<\/p>\r\n<p>Uzahir Ramadani, Institute Vin\u010da, Belgrade (Serbia)<\/p>\r\n","protected":false},"excerpt":{"rendered":"<p>Scientific Committee IcETRAN 2021 Co-Chairs Prof. Branko Doki\u0107, Banja Luka, Republika Srpska Prof. Milo Toma\u0161evi\u0107, Belgrade, Serbia Members Prof. Emilia Ambrozini, Milan, ItalyProf. Karsten Berns, Keiserslautern, GermanyProf. Vincent Bonnet, Paris, FranceProf. \u0110ura\u0111 Budimir, London, EnglandProf. Sanja Vrane\u0161, Belgrade, SerbiaCorresponding member SASA Slobodan Vukosavi\u0107, Belgrade, SerbiaProf. Pasquale Daponte, Sania, ItalyProf. Rafael Dima, Lyon, FranceProf. Strahinja Do\u0161en, \u2026 <\/p>\n","protected":false},"author":1,"featured_media":0,"parent":0,"menu_order":0,"comment_status":"closed","ping_status":"closed","template":"","meta":{"footnotes":""},"class_list":["post-895","page","type-page","status-publish","hentry"],"yoast_head":"<!-- This site is optimized with the Yoast SEO plugin v23.0 - https:\/\/yoast.com\/wordpress\/plugins\/seo\/ -->\n<title>Committees -<\/title>\n<meta name=\"robots\" content=\"index, follow, max-snippet:-1, max-image-preview:large, max-video-preview:-1\" \/>\n<link rel=\"canonical\" href=\"https:\/\/www.etran.rs\/2021\/en\/committees\/\" \/>\n<meta property=\"og:locale\" content=\"en_US\" \/>\n<meta property=\"og:type\" content=\"article\" \/>\n<meta property=\"og:title\" content=\"Committees -\" \/>\n<meta property=\"og:description\" content=\"Scientific Committee IcETRAN 2021 Co-Chairs Prof. Branko Doki\u0107, Banja Luka, Republika Srpska Prof. Milo Toma\u0161evi\u0107, Belgrade, Serbia Members Prof. Emilia Ambrozini, Milan, ItalyProf. Karsten Berns, Keiserslautern, GermanyProf. Vincent Bonnet, Paris, FranceProf. \u0110ura\u0111 Budimir, London, EnglandProf. Sanja Vrane\u0161, Belgrade, SerbiaCorresponding member SASA Slobodan Vukosavi\u0107, Belgrade, SerbiaProf. Pasquale Daponte, Sania, ItalyProf. Rafael Dima, Lyon, FranceProf. Strahinja Do\u0161en, \u2026\" \/>\n<meta property=\"og:url\" content=\"https:\/\/www.etran.rs\/2021\/en\/committees\/\" \/>\n<meta property=\"article:modified_time\" content=\"2021-08-31T17:44:38+00:00\" \/>\n<meta name=\"twitter:card\" content=\"summary_large_image\" \/>\n<meta name=\"twitter:label1\" content=\"Est. reading time\" \/>\n\t<meta name=\"twitter:data1\" content=\"3 minutes\" \/>\n<script type=\"application\/ld+json\" class=\"yoast-schema-graph\">{\"@context\":\"https:\/\/schema.org\",\"@graph\":[{\"@type\":\"WebPage\",\"@id\":\"https:\/\/www.etran.rs\/2021\/en\/committees\/\",\"url\":\"https:\/\/www.etran.rs\/2021\/en\/committees\/\",\"name\":\"Committees -\",\"isPartOf\":{\"@id\":\"https:\/\/www.etran.rs\/2021\/#website\"},\"datePublished\":\"2020-12-25T17:05:10+00:00\",\"dateModified\":\"2021-08-31T17:44:38+00:00\",\"breadcrumb\":{\"@id\":\"https:\/\/www.etran.rs\/2021\/en\/committees\/#breadcrumb\"},\"inLanguage\":\"en-US\",\"potentialAction\":[{\"@type\":\"ReadAction\",\"target\":[\"https:\/\/www.etran.rs\/2021\/en\/committees\/\"]}]},{\"@type\":\"BreadcrumbList\",\"@id\":\"https:\/\/www.etran.rs\/2021\/en\/committees\/#breadcrumb\",\"itemListElement\":[{\"@type\":\"ListItem\",\"position\":1,\"name\":\"Home\",\"item\":\"https:\/\/www.etran.rs\/2021\/en\/home-english\/\"},{\"@type\":\"ListItem\",\"position\":2,\"name\":\"Committees\"}]},{\"@type\":\"WebSite\",\"@id\":\"https:\/\/www.etran.rs\/2021\/#website\",\"url\":\"https:\/\/www.etran.rs\/2021\/\",\"name\":\"\",\"description\":\"\u0415\u0422\u0420\u0410\u041d 2021 - \u0415\u0442\u043d\u043e \u0441\u0435\u043b\u043e \u0421\u0442\u0430\u043d\u0438\u0448\u0438\u045b\u0438, \u0420\u0435\u043f\u0443\u0431\u043b\u0438\u043a\u0430 \u0421\u0440\u043f\u0441\u043a\u0430, 8-10. \u0441\u0435\u043f\u0442\u0435\u043c\u0431\u0430\u0440 2021 2021.\",\"publisher\":{\"@id\":\"https:\/\/www.etran.rs\/2021\/#organization\"},\"potentialAction\":[{\"@type\":\"SearchAction\",\"target\":{\"@type\":\"EntryPoint\",\"urlTemplate\":\"https:\/\/www.etran.rs\/2021\/?s={search_term_string}\"},\"query-input\":\"required name=search_term_string\"}],\"inLanguage\":\"en-US\"},{\"@type\":\"Organization\",\"@id\":\"https:\/\/www.etran.rs\/2021\/#organization\",\"name\":\"ETRAN Society\",\"url\":\"https:\/\/www.etran.rs\/2021\/\",\"logo\":{\"@type\":\"ImageObject\",\"inLanguage\":\"en-US\",\"@id\":\"https:\/\/www.etran.rs\/2021\/#\/schema\/logo\/image\/\",\"url\":\"https:\/\/www.etran.rs\/2021\/wp-content\/uploads\/2021\/06\/ETRAN-logo.png\",\"contentUrl\":\"https:\/\/www.etran.rs\/2021\/wp-content\/uploads\/2021\/06\/ETRAN-logo.png\",\"width\":338,\"height\":89,\"caption\":\"ETRAN Society\"},\"image\":{\"@id\":\"https:\/\/www.etran.rs\/2021\/#\/schema\/logo\/image\/\"}}]}<\/script>\n<!-- \/ Yoast SEO plugin. -->","yoast_head_json":{"title":"Committees -","robots":{"index":"index","follow":"follow","max-snippet":"max-snippet:-1","max-image-preview":"max-image-preview:large","max-video-preview":"max-video-preview:-1"},"canonical":"https:\/\/www.etran.rs\/2021\/en\/committees\/","og_locale":"en_US","og_type":"article","og_title":"Committees -","og_description":"Scientific Committee IcETRAN 2021 Co-Chairs Prof. Branko Doki\u0107, Banja Luka, Republika Srpska Prof. Milo Toma\u0161evi\u0107, Belgrade, Serbia Members Prof. Emilia Ambrozini, Milan, ItalyProf. Karsten Berns, Keiserslautern, GermanyProf. Vincent Bonnet, Paris, FranceProf. \u0110ura\u0111 Budimir, London, EnglandProf. Sanja Vrane\u0161, Belgrade, SerbiaCorresponding member SASA Slobodan Vukosavi\u0107, Belgrade, SerbiaProf. Pasquale Daponte, Sania, ItalyProf. Rafael Dima, Lyon, FranceProf. Strahinja Do\u0161en, \u2026","og_url":"https:\/\/www.etran.rs\/2021\/en\/committees\/","article_modified_time":"2021-08-31T17:44:38+00:00","twitter_card":"summary_large_image","twitter_misc":{"Est. reading time":"3 minutes"},"schema":{"@context":"https:\/\/schema.org","@graph":[{"@type":"WebPage","@id":"https:\/\/www.etran.rs\/2021\/en\/committees\/","url":"https:\/\/www.etran.rs\/2021\/en\/committees\/","name":"Committees -","isPartOf":{"@id":"https:\/\/www.etran.rs\/2021\/#website"},"datePublished":"2020-12-25T17:05:10+00:00","dateModified":"2021-08-31T17:44:38+00:00","breadcrumb":{"@id":"https:\/\/www.etran.rs\/2021\/en\/committees\/#breadcrumb"},"inLanguage":"en-US","potentialAction":[{"@type":"ReadAction","target":["https:\/\/www.etran.rs\/2021\/en\/committees\/"]}]},{"@type":"BreadcrumbList","@id":"https:\/\/www.etran.rs\/2021\/en\/committees\/#breadcrumb","itemListElement":[{"@type":"ListItem","position":1,"name":"Home","item":"https:\/\/www.etran.rs\/2021\/en\/home-english\/"},{"@type":"ListItem","position":2,"name":"Committees"}]},{"@type":"WebSite","@id":"https:\/\/www.etran.rs\/2021\/#website","url":"https:\/\/www.etran.rs\/2021\/","name":"","description":"\u0415\u0422\u0420\u0410\u041d 2021 - \u0415\u0442\u043d\u043e \u0441\u0435\u043b\u043e \u0421\u0442\u0430\u043d\u0438\u0448\u0438\u045b\u0438, \u0420\u0435\u043f\u0443\u0431\u043b\u0438\u043a\u0430 \u0421\u0440\u043f\u0441\u043a\u0430, 8-10. \u0441\u0435\u043f\u0442\u0435\u043c\u0431\u0430\u0440 2021 2021.","publisher":{"@id":"https:\/\/www.etran.rs\/2021\/#organization"},"potentialAction":[{"@type":"SearchAction","target":{"@type":"EntryPoint","urlTemplate":"https:\/\/www.etran.rs\/2021\/?s={search_term_string}"},"query-input":"required name=search_term_string"}],"inLanguage":"en-US"},{"@type":"Organization","@id":"https:\/\/www.etran.rs\/2021\/#organization","name":"ETRAN Society","url":"https:\/\/www.etran.rs\/2021\/","logo":{"@type":"ImageObject","inLanguage":"en-US","@id":"https:\/\/www.etran.rs\/2021\/#\/schema\/logo\/image\/","url":"https:\/\/www.etran.rs\/2021\/wp-content\/uploads\/2021\/06\/ETRAN-logo.png","contentUrl":"https:\/\/www.etran.rs\/2021\/wp-content\/uploads\/2021\/06\/ETRAN-logo.png","width":338,"height":89,"caption":"ETRAN Society"},"image":{"@id":"https:\/\/www.etran.rs\/2021\/#\/schema\/logo\/image\/"}}]}},"_links":{"self":[{"href":"https:\/\/www.etran.rs\/2021\/wp-json\/wp\/v2\/pages\/895","targetHints":{"allow":["GET"]}}],"collection":[{"href":"https:\/\/www.etran.rs\/2021\/wp-json\/wp\/v2\/pages"}],"about":[{"href":"https:\/\/www.etran.rs\/2021\/wp-json\/wp\/v2\/types\/page"}],"author":[{"embeddable":true,"href":"https:\/\/www.etran.rs\/2021\/wp-json\/wp\/v2\/users\/1"}],"replies":[{"embeddable":true,"href":"https:\/\/www.etran.rs\/2021\/wp-json\/wp\/v2\/comments?post=895"}],"version-history":[{"count":10,"href":"https:\/\/www.etran.rs\/2021\/wp-json\/wp\/v2\/pages\/895\/revisions"}],"predecessor-version":[{"id":1805,"href":"https:\/\/www.etran.rs\/2021\/wp-json\/wp\/v2\/pages\/895\/revisions\/1805"}],"wp:attachment":[{"href":"https:\/\/www.etran.rs\/2021\/wp-json\/wp\/v2\/media?parent=895"}],"curies":[{"name":"wp","href":"https:\/\/api.w.org\/{rel}","templated":true}]}}